{"version":"1.0","provider_name":"Ale","provider_url":"https:\/\/wp.kristdemokraterna.se\/ale","title":"Solidaritet och gemenskap i Coronatider - Ale","type":"rich","width":600,"height":338,"html":"<blockquote class=\"wp-embedded-content\" data-secret=\"qUhRVzEAfK\"><a href=\"https:\/\/wp.kristdemokraterna.se\/ale\/solidaritet-och-gemenskap-i-coronatider\/\">Solidaritet och gemenskap i Coronatider<\/a><\/blockquote><iframe sandbox=\"allow-scripts\" security=\"restricted\" src=\"https:\/\/wp.kristdemokraterna.se\/ale\/solidaritet-och-gemenskap-i-coronatider\/embed\/#?secret=qUhRVzEAfK\" width=\"600\" height=\"338\" title=\"\u201dSolidaritet och gemenskap i Coronatider\u201d &ndash; Ale\" data-secret=\"qUhRVzEAfK\" frameborder=\"0\" marginwidth=\"0\" marginheight=\"0\" scrolling=\"no\" class=\"wp-embedded-content\"><\/iframe><script type=\"text\/javascript\">\n\/* <![CDATA[ *\/\n\/*! This file is auto-generated *\/\n!function(d,l){\"use strict\";l.querySelector&&d.addEventListener&&\"undefined\"!=typeof URL&&(d.wp=d.wp||{},d.wp.receiveEmbedMessage||(d.wp.receiveEmbedMessage=function(e){var t=e.data;if((t||t.secret||t.message||t.value)&&!\/[^a-zA-Z0-9]\/.test(t.secret)){for(var s,r,n,a=l.querySelectorAll('iframe[data-secret=\"'+t.secret+'\"]'),o=l.querySelectorAll('blockquote[data-secret=\"'+t.secret+'\"]'),c=new RegExp(\"^https?:$\",\"i\"),i=0;i<o.length;i++)o[i].style.display=\"none\";for(i=0;i<a.length;i++)s=a[i],e.source===s.contentWindow&&(s.removeAttribute(\"style\"),\"height\"===t.message?(1e3<(r=parseInt(t.value,10))?r=1e3:~~r<200&&(r=200),s.height=r):\"link\"===t.message&&(r=new URL(s.getAttribute(\"src\")),n=new URL(t.value),c.test(n.protocol))&&n.host===r.host&&l.activeElement===s&&(d.top.location.href=t.value))}},d.addEventListener(\"message\",d.wp.receiveEmbedMessage,!1),l.addEventListener(\"DOMContentLoaded\",function(){for(var e,t,s=l.querySelectorAll(\"iframe.wp-embedded-content\"),r=0;r<s.length;r++)(t=(e=s[r]).getAttribute(\"data-secret\"))||(t=Math.random().toString(36).substring(2,12),e.src+=\"#?secret=\"+t,e.setAttribute(\"data-secret\",t)),e.contentWindow.postMessage({message:\"ready\",secret:t},\"*\")},!1)))}(window,document);\n\/\/# sourceURL=https:\/\/wp.kristdemokraterna.se\/ale\/wp-includes\/js\/wp-embed.min.js\n\/* ]]> *\/\n<\/script>\n","description":"Socialn\u00e4mndens ordf\u00f6rande Tyrone Hansson hade i veckan en intressant och informativ ins\u00e4ndare om n\u00e4mndens arbete och inriktning. Kristdemokraterna inst\u00e4mmer med Tyrone om att vi m\u00e5ste v\u00e4rna de svaga n\u00e4r samh\u00e4llet krymper. Det h\u00e4r kallar vi f\u00f6r den kristdemokratiska solidaritetsprincipen. M\u00e4nniskan \u00e4r en gemenskaps varelse som utvecklas och m\u00e5r b\u00e4st av att leva i en gemenskap Read More"}

Socialnämndens ordförande Tyrone Hansson hade i veckan en intressant och informativ insändare om nämndens arbete och inriktning. Kristdemokraterna instämmer med Tyrone om att vi måste värna de svaga när samhället krymper. Det här kallar vi för den kristdemokratiska solidaritetsprincipen. Människan är en gemenskaps varelse som utvecklas och mår bäst av att leva i en gemenskap Read More
