{"id":15,"date":"2012-08-08T11:45:16","date_gmt":"2012-08-08T09:45:16","guid":{"rendered":"http:\/\/wp.kristdemokraterna.se\/ale\/?page_id=15"},"modified":"2021-02-25T09:07:04","modified_gmt":"2021-02-25T08:07:04","slug":"vitsippspriset","status":"publish","type":"page","link":"https:\/\/wp.kristdemokraterna.se\/ale\/vitsippspriset\/","title":{"rendered":"Vitsippspriset"},"content":{"rendered":"<div align=\"left\">Kristdemokraterna i Ale har beslutat instifta en s\u00e4rskild utm\u00e4rkelse kallad Vitsippspriset. Utm\u00e4rkelsen skall tilldelas den person, de personer eller organisation i Ale Kommun som p\u00e5 ett f\u00f6rtj\u00e4nstfullt s\u00e4tt gjort en osj\u00e4lvisk insats f\u00f6r andra m\u00e4nniskor. Priset delas ut \u00e5rligen med b\u00f6rjan 1997. Styrelsen f\u00f6r Kristdemokraterna i Ale har tillsatt en kommitt\u00e9 som utser den \u00e5rliga pristagaren.<\/div>\n","protected":false},"excerpt":{"rendered":"<p>Kristdemokraterna i Ale har beslutat instifta en s\u00e4rskild utm\u00e4rkelse kallad Vitsippspriset. Utm\u00e4rkelsen skall tilldelas den person, de personer eller organisation i Ale Kommun som p\u00e5 ett f\u00f6rtj\u00e4nstfullt s\u00e4tt gjort en osj\u00e4lvisk insats f\u00f6r andra m\u00e4nniskor. Priset delas ut \u00e5rligen med b\u00f6rjan 1997. Styrelsen f\u00f6r Kristdemokraterna i Ale har tillsatt en kommitt\u00e9 som utser den \u00e5rliga <a class=\"read-more-link\" href=\"https:\/\/wp.kristdemokraterna.se\/ale\/vitsippspriset\/\">Read More<\/a><\/p>\n","protected":false},"author":23,"featured_media":0,"parent":0,"menu_order":0,"comment_status":"closed","ping_status":"closed","template":"","meta":{"_acf_changed":false,"footnotes":""},"class_list":["post-15","page","type-page","status-publish","hentry"],"acf":[],"yoast_head":"<!-- This site is optimized with the Yoast SEO plugin v27.3 - https:\/\/yoast.com\/product\/yoast-seo-wordpress\/ -->\n<title>Vitsippspriset - Ale<\/title>\n<meta name=\"robots\" content=\"index, follow, max-snippet:-1, max-image-preview:large, max-video-preview:-1\" \/>\n<link rel=\"canonical\" href=\"https:\/\/wp.kristdemokraterna.se\/ale\/vitsippspriset\/\" \/>\n<meta property=\"og:locale\" content=\"sv_SE\" \/>\n<meta property=\"og:type\" content=\"article\" \/>\n<meta property=\"og:title\" content=\"Vitsippspriset - Ale\" \/>\n<meta property=\"og:description\" content=\"Kristdemokraterna i Ale har beslutat instifta en s\u00e4rskild utm\u00e4rkelse kallad Vitsippspriset. Utm\u00e4rkelsen skall tilldelas den person, de personer eller organisation i Ale Kommun som p\u00e5 ett f\u00f6rtj\u00e4nstfullt s\u00e4tt gjort en osj\u00e4lvisk insats f\u00f6r andra m\u00e4nniskor. Priset delas ut \u00e5rligen med b\u00f6rjan 1997. Styrelsen f\u00f6r Kristdemokraterna i Ale har tillsatt en kommitt\u00e9 som utser den \u00e5rliga Read More\" \/>\n<meta property=\"og:url\" content=\"https:\/\/wp.kristdemokraterna.se\/ale\/vitsippspriset\/\" \/>\n<meta property=\"og:site_name\" content=\"Ale\" \/>\n<meta property=\"article:modified_time\" content=\"2021-02-25T08:07:04+00:00\" \/>\n<meta name=\"twitter:card\" content=\"summary_large_image\" \/>\n<script type=\"application\/ld+json\" class=\"yoast-schema-graph\">{\"@context\":\"https:\\\/\\\/schema.org\",\"@graph\":[{\"@type\":\"WebPage\",\"@id\":\"https:\\\/\\\/wp.kristdemokraterna.se\\\/ale\\\/vitsippspriset\\\/\",\"url\":\"https:\\\/\\\/wp.kristdemokraterna.se\\\/ale\\\/vitsippspriset\\\/\",\"name\":\"Vitsippspriset - Ale\",\"isPartOf\":{\"@id\":\"https:\\\/\\\/wp.kristdemokraterna.se\\\/ale\\\/#website\"},\"datePublished\":\"2012-08-08T09:45:16+00:00\",\"dateModified\":\"2021-02-25T08:07:04+00:00\",\"breadcrumb\":{\"@id\":\"https:\\\/\\\/wp.kristdemokraterna.se\\\/ale\\\/vitsippspriset\\\/#breadcrumb\"},\"inLanguage\":\"sv-SE\",\"potentialAction\":[{\"@type\":\"ReadAction\",\"target\":[\"https:\\\/\\\/wp.kristdemokraterna.se\\\/ale\\\/vitsippspriset\\\/\"]}]},{\"@type\":\"BreadcrumbList\",\"@id\":\"https:\\\/\\\/wp.kristdemokraterna.se\\\/ale\\\/vitsippspriset\\\/#breadcrumb\",\"itemListElement\":[{\"@type\":\"ListItem\",\"position\":1,\"name\":\"Hem\",\"item\":\"https:\\\/\\\/wp.kristdemokraterna.se\\\/ale\\\/\"},{\"@type\":\"ListItem\",\"position\":2,\"name\":\"Vitsippspriset\"}]},{\"@type\":\"WebSite\",\"@id\":\"https:\\\/\\\/wp.kristdemokraterna.se\\\/ale\\\/#website\",\"url\":\"https:\\\/\\\/wp.kristdemokraterna.se\\\/ale\\\/\",\"name\":\"Ale\",\"description\":\"Ale\",\"inLanguage\":\"sv-SE\"}]}<\/script>\n<!-- \/ Yoast SEO plugin. -->","yoast_head_json":{"title":"Vitsippspriset - Ale","robots":{"index":"index","follow":"follow","max-snippet":"max-snippet:-1","max-image-preview":"max-image-preview:large","max-video-preview":"max-video-preview:-1"},"canonical":"https:\/\/wp.kristdemokraterna.se\/ale\/vitsippspriset\/","og_locale":"sv_SE","og_type":"article","og_title":"Vitsippspriset - Ale","og_description":"Kristdemokraterna i Ale har beslutat instifta en s\u00e4rskild utm\u00e4rkelse kallad Vitsippspriset. Utm\u00e4rkelsen skall tilldelas den person, de personer eller organisation i Ale Kommun som p\u00e5 ett f\u00f6rtj\u00e4nstfullt s\u00e4tt gjort en osj\u00e4lvisk insats f\u00f6r andra m\u00e4nniskor. Priset delas ut \u00e5rligen med b\u00f6rjan 1997. Styrelsen f\u00f6r Kristdemokraterna i Ale har tillsatt en kommitt\u00e9 som utser den \u00e5rliga Read More","og_url":"https:\/\/wp.kristdemokraterna.se\/ale\/vitsippspriset\/","og_site_name":"Ale","article_modified_time":"2021-02-25T08:07:04+00:00","twitter_card":"summary_large_image","schema":{"@context":"https:\/\/schema.org","@graph":[{"@type":"WebPage","@id":"https:\/\/wp.kristdemokraterna.se\/ale\/vitsippspriset\/","url":"https:\/\/wp.kristdemokraterna.se\/ale\/vitsippspriset\/","name":"Vitsippspriset - Ale","isPartOf":{"@id":"https:\/\/wp.kristdemokraterna.se\/ale\/#website"},"datePublished":"2012-08-08T09:45:16+00:00","dateModified":"2021-02-25T08:07:04+00:00","breadcrumb":{"@id":"https:\/\/wp.kristdemokraterna.se\/ale\/vitsippspriset\/#breadcrumb"},"inLanguage":"sv-SE","potentialAction":[{"@type":"ReadAction","target":["https:\/\/wp.kristdemokraterna.se\/ale\/vitsippspriset\/"]}]},{"@type":"BreadcrumbList","@id":"https:\/\/wp.kristdemokraterna.se\/ale\/vitsippspriset\/#breadcrumb","itemListElement":[{"@type":"ListItem","position":1,"name":"Hem","item":"https:\/\/wp.kristdemokraterna.se\/ale\/"},{"@type":"ListItem","position":2,"name":"Vitsippspriset"}]},{"@type":"WebSite","@id":"https:\/\/wp.kristdemokraterna.se\/ale\/#website","url":"https:\/\/wp.kristdemokraterna.se\/ale\/","name":"Ale","description":"Ale","inLanguage":"sv-SE"}]}},"_links":{"self":[{"href":"https:\/\/wp.kristdemokraterna.se\/ale\/wp-json\/wp\/v2\/pages\/15","targetHints":{"allow":["GET"]}}],"collection":[{"href":"https:\/\/wp.kristdemokraterna.se\/ale\/wp-json\/wp\/v2\/pages"}],"about":[{"href":"https:\/\/wp.kristdemokraterna.se\/ale\/wp-json\/wp\/v2\/types\/page"}],"author":[{"embeddable":true,"href":"https:\/\/wp.kristdemokraterna.se\/ale\/wp-json\/wp\/v2\/users\/23"}],"replies":[{"embeddable":true,"href":"https:\/\/wp.kristdemokraterna.se\/ale\/wp-json\/wp\/v2\/comments?post=15"}],"version-history":[{"count":2,"href":"https:\/\/wp.kristdemokraterna.se\/ale\/wp-json\/wp\/v2\/pages\/15\/revisions"}],"predecessor-version":[{"id":17,"href":"https:\/\/wp.kristdemokraterna.se\/ale\/wp-json\/wp\/v2\/pages\/15\/revisions\/17"}],"wp:attachment":[{"href":"https:\/\/wp.kristdemokraterna.se\/ale\/wp-json\/wp\/v2\/media?parent=15"}],"curies":[{"name":"wp","href":"https:\/\/api.w.org\/{rel}","templated":true}]}}