{"id":26,"date":"2012-08-08T11:53:08","date_gmt":"2012-08-08T09:53:08","guid":{"rendered":"http:\/\/wp.kristdemokraterna.se\/ale\/?page_id=26"},"modified":"2021-02-25T08:59:48","modified_gmt":"2021-02-25T07:59:48","slug":"vitsippspriset-1999","status":"publish","type":"page","link":"https:\/\/wp.kristdemokraterna.se\/ale\/vitsippspriset\/vitsippspriset-1999\/","title":{"rendered":"Vitsippspriset 1999"},"content":{"rendered":"<div align=\"left\"><strong>Priset gick till personalen vid ambulansstationen i \u00c4lv\u00e4ngen med f\u00f6ljande motivering:<\/strong><\/div>\n<div align=\"left\">\n<blockquote>\n<div align=\"left\">&#8221;Trots att stationen inte \u00e4r jourstation mer \u00e4n dagtid har personalen st\u00e4llt upp ideellt f\u00f6r att ge samma service dygnet runt. Detta har gett en \u00f6kad trygghet f\u00f6r aleborna och trafikanterna p\u00e5 Rv 45. Vid olyckor och akuta sjukdomstillst\u00e5nd har man d\u00e4rmed snabbt kommit till unds\u00e4ttning och kunnat lindra skador och gjort livsr\u00e4ddande insatser.&#8221;<\/div>\n<\/blockquote>\n<\/div>\n","protected":false},"excerpt":{"rendered":"<p>Priset gick till personalen vid ambulansstationen i \u00c4lv\u00e4ngen med f\u00f6ljande motivering: &#8221;Trots att stationen inte \u00e4r jourstation mer \u00e4n dagtid har personalen st\u00e4llt upp ideellt f\u00f6r att ge samma service dygnet runt. Detta har gett en \u00f6kad trygghet f\u00f6r aleborna och trafikanterna p\u00e5 Rv 45. Vid olyckor och akuta sjukdomstillst\u00e5nd har man d\u00e4rmed snabbt kommit <a class=\"read-more-link\" href=\"https:\/\/wp.kristdemokraterna.se\/ale\/vitsippspriset\/vitsippspriset-1999\/\">Read More<\/a><\/p>\n","protected":false},"author":23,"featured_media":0,"parent":15,"menu_order":3,"comment_status":"closed","ping_status":"closed","template":"","meta":{"_acf_changed":false,"footnotes":""},"class_list":["post-26","page","type-page","status-publish","hentry"],"acf":[],"yoast_head":"<!-- This site is optimized with the Yoast SEO plugin v27.4 - https:\/\/yoast.com\/product\/yoast-seo-wordpress\/ -->\n<title>Vitsippspriset 1999 - Ale<\/title>\n<meta name=\"robots\" content=\"index, follow, max-snippet:-1, max-image-preview:large, max-video-preview:-1\" \/>\n<link rel=\"canonical\" href=\"https:\/\/wp.kristdemokraterna.se\/ale\/vitsippspriset\/vitsippspriset-1999\/\" \/>\n<meta property=\"og:locale\" content=\"sv_SE\" \/>\n<meta property=\"og:type\" content=\"article\" \/>\n<meta property=\"og:title\" content=\"Vitsippspriset 1999 - Ale\" \/>\n<meta property=\"og:description\" content=\"Priset gick till personalen vid ambulansstationen i \u00c4lv\u00e4ngen med f\u00f6ljande motivering: &#8221;Trots att stationen inte \u00e4r jourstation mer \u00e4n dagtid har personalen st\u00e4llt upp ideellt f\u00f6r att ge samma service dygnet runt. Detta har gett en \u00f6kad trygghet f\u00f6r aleborna och trafikanterna p\u00e5 Rv 45. Vid olyckor och akuta sjukdomstillst\u00e5nd har man d\u00e4rmed snabbt kommit Read More\" \/>\n<meta property=\"og:url\" content=\"https:\/\/wp.kristdemokraterna.se\/ale\/vitsippspriset\/vitsippspriset-1999\/\" \/>\n<meta property=\"og:site_name\" content=\"Ale\" \/>\n<meta property=\"article:modified_time\" content=\"2021-02-25T07:59:48+00:00\" \/>\n<meta name=\"twitter:card\" content=\"summary_large_image\" \/>\n<script type=\"application\/ld+json\" class=\"yoast-schema-graph\">{\"@context\":\"https:\\\/\\\/schema.org\",\"@graph\":[{\"@type\":\"WebPage\",\"@id\":\"https:\\\/\\\/wp.kristdemokraterna.se\\\/ale\\\/vitsippspriset\\\/vitsippspriset-1999\\\/\",\"url\":\"https:\\\/\\\/wp.kristdemokraterna.se\\\/ale\\\/vitsippspriset\\\/vitsippspriset-1999\\\/\",\"name\":\"Vitsippspriset 1999 - Ale\",\"isPartOf\":{\"@id\":\"https:\\\/\\\/wp.kristdemokraterna.se\\\/ale\\\/#website\"},\"datePublished\":\"2012-08-08T09:53:08+00:00\",\"dateModified\":\"2021-02-25T07:59:48+00:00\",\"breadcrumb\":{\"@id\":\"https:\\\/\\\/wp.kristdemokraterna.se\\\/ale\\\/vitsippspriset\\\/vitsippspriset-1999\\\/#breadcrumb\"},\"inLanguage\":\"sv-SE\",\"potentialAction\":[{\"@type\":\"ReadAction\",\"target\":[\"https:\\\/\\\/wp.kristdemokraterna.se\\\/ale\\\/vitsippspriset\\\/vitsippspriset-1999\\\/\"]}]},{\"@type\":\"BreadcrumbList\",\"@id\":\"https:\\\/\\\/wp.kristdemokraterna.se\\\/ale\\\/vitsippspriset\\\/vitsippspriset-1999\\\/#breadcrumb\",\"itemListElement\":[{\"@type\":\"ListItem\",\"position\":1,\"name\":\"Hem\",\"item\":\"https:\\\/\\\/wp.kristdemokraterna.se\\\/ale\\\/\"},{\"@type\":\"ListItem\",\"position\":2,\"name\":\"Vitsippspriset\",\"item\":\"https:\\\/\\\/wp.kristdemokraterna.se\\\/ale\\\/vitsippspriset\\\/\"},{\"@type\":\"ListItem\",\"position\":3,\"name\":\"Vitsippspriset 1999\"}]},{\"@type\":\"WebSite\",\"@id\":\"https:\\\/\\\/wp.kristdemokraterna.se\\\/ale\\\/#website\",\"url\":\"https:\\\/\\\/wp.kristdemokraterna.se\\\/ale\\\/\",\"name\":\"Ale\",\"description\":\"Ale\",\"inLanguage\":\"sv-SE\"}]}<\/script>\n<!-- \/ Yoast SEO plugin. -->","yoast_head_json":{"title":"Vitsippspriset 1999 - Ale","robots":{"index":"index","follow":"follow","max-snippet":"max-snippet:-1","max-image-preview":"max-image-preview:large","max-video-preview":"max-video-preview:-1"},"canonical":"https:\/\/wp.kristdemokraterna.se\/ale\/vitsippspriset\/vitsippspriset-1999\/","og_locale":"sv_SE","og_type":"article","og_title":"Vitsippspriset 1999 - Ale","og_description":"Priset gick till personalen vid ambulansstationen i \u00c4lv\u00e4ngen med f\u00f6ljande motivering: &#8221;Trots att stationen inte \u00e4r jourstation mer \u00e4n dagtid har personalen st\u00e4llt upp ideellt f\u00f6r att ge samma service dygnet runt. Detta har gett en \u00f6kad trygghet f\u00f6r aleborna och trafikanterna p\u00e5 Rv 45. Vid olyckor och akuta sjukdomstillst\u00e5nd har man d\u00e4rmed snabbt kommit Read More","og_url":"https:\/\/wp.kristdemokraterna.se\/ale\/vitsippspriset\/vitsippspriset-1999\/","og_site_name":"Ale","article_modified_time":"2021-02-25T07:59:48+00:00","twitter_card":"summary_large_image","schema":{"@context":"https:\/\/schema.org","@graph":[{"@type":"WebPage","@id":"https:\/\/wp.kristdemokraterna.se\/ale\/vitsippspriset\/vitsippspriset-1999\/","url":"https:\/\/wp.kristdemokraterna.se\/ale\/vitsippspriset\/vitsippspriset-1999\/","name":"Vitsippspriset 1999 - Ale","isPartOf":{"@id":"https:\/\/wp.kristdemokraterna.se\/ale\/#website"},"datePublished":"2012-08-08T09:53:08+00:00","dateModified":"2021-02-25T07:59:48+00:00","breadcrumb":{"@id":"https:\/\/wp.kristdemokraterna.se\/ale\/vitsippspriset\/vitsippspriset-1999\/#breadcrumb"},"inLanguage":"sv-SE","potentialAction":[{"@type":"ReadAction","target":["https:\/\/wp.kristdemokraterna.se\/ale\/vitsippspriset\/vitsippspriset-1999\/"]}]},{"@type":"BreadcrumbList","@id":"https:\/\/wp.kristdemokraterna.se\/ale\/vitsippspriset\/vitsippspriset-1999\/#breadcrumb","itemListElement":[{"@type":"ListItem","position":1,"name":"Hem","item":"https:\/\/wp.kristdemokraterna.se\/ale\/"},{"@type":"ListItem","position":2,"name":"Vitsippspriset","item":"https:\/\/wp.kristdemokraterna.se\/ale\/vitsippspriset\/"},{"@type":"ListItem","position":3,"name":"Vitsippspriset 1999"}]},{"@type":"WebSite","@id":"https:\/\/wp.kristdemokraterna.se\/ale\/#website","url":"https:\/\/wp.kristdemokraterna.se\/ale\/","name":"Ale","description":"Ale","inLanguage":"sv-SE"}]}},"_links":{"self":[{"href":"https:\/\/wp.kristdemokraterna.se\/ale\/wp-json\/wp\/v2\/pages\/26","targetHints":{"allow":["GET"]}}],"collection":[{"href":"https:\/\/wp.kristdemokraterna.se\/ale\/wp-json\/wp\/v2\/pages"}],"about":[{"href":"https:\/\/wp.kristdemokraterna.se\/ale\/wp-json\/wp\/v2\/types\/page"}],"author":[{"embeddable":true,"href":"https:\/\/wp.kristdemokraterna.se\/ale\/wp-json\/wp\/v2\/users\/23"}],"replies":[{"embeddable":true,"href":"https:\/\/wp.kristdemokraterna.se\/ale\/wp-json\/wp\/v2\/comments?post=26"}],"version-history":[{"count":2,"href":"https:\/\/wp.kristdemokraterna.se\/ale\/wp-json\/wp\/v2\/pages\/26\/revisions"}],"predecessor-version":[{"id":34,"href":"https:\/\/wp.kristdemokraterna.se\/ale\/wp-json\/wp\/v2\/pages\/26\/revisions\/34"}],"up":[{"embeddable":true,"href":"https:\/\/wp.kristdemokraterna.se\/ale\/wp-json\/wp\/v2\/pages\/15"}],"wp:attachment":[{"href":"https:\/\/wp.kristdemokraterna.se\/ale\/wp-json\/wp\/v2\/media?parent=26"}],"curies":[{"name":"wp","href":"https:\/\/api.w.org\/{rel}","templated":true}]}}

<div align="left"><strong>Priset gick till personalen vid ambulansstationen i Älvängen med följande motivering:</strong></div>
<div align="left">
<blockquote>
<div align="left">&#8221;Trots att stationen inte är jourstation mer än dagtid har personalen ställt upp ideellt för att ge samma service dygnet runt. Detta har gett en ökad trygghet för aleborna och trafikanterna på Rv 45. Vid olyckor och akuta sjukdomstillstånd har man därmed snabbt kommit till undsättning och kunnat lindra skador och gjort livsräddande insatser.&#8221;</div>
</blockquote>
</div>

<p>Priset gick till personalen vid ambulansstationen i Älvängen med följande motivering: &#8221;Trots att stationen inte är jourstation mer än dagtid har personalen ställt upp ideellt för att ge samma service dygnet runt. Detta har gett en ökad trygghet för aleborna och trafikanterna på Rv 45. Vid olyckor och akuta sjukdomstillstånd har man därmed snabbt kommit <a class="read-more-link" href="https://wp.kristdemokraterna.se/ale/vitsippspriset/vitsippspriset-1999/">Read More</a></p>

<!-- This site is optimized with the Yoast SEO plugin v27.4 - https://yoast.com/product/yoast-seo-wordpress/ -->
<title>Vitsippspriset 1999 - Ale</title>
<meta name="robots" content="index, follow, max-snippet:-1, max-image-preview:large, max-video-preview:-1" />
<link rel="canonical" href="https://wp.kristdemokraterna.se/ale/vitsippspriset/vitsippspriset-1999/" />
<meta property="og:locale" content="sv_SE" />
<meta property="og:type" content="article" />
<meta property="og:title" content="Vitsippspriset 1999 - Ale" />
<meta property="og:description" content="Priset gick till personalen vid ambulansstationen i Älvängen med följande motivering: &#8221;Trots att stationen inte är jourstation mer än dagtid har personalen ställt upp ideellt för att ge samma service dygnet runt. Detta har gett en ökad trygghet för aleborna och trafikanterna på Rv 45. Vid olyckor och akuta sjukdomstillstånd har man därmed snabbt kommit Read More" />
<meta property="og:url" content="https://wp.kristdemokraterna.se/ale/vitsippspriset/vitsippspriset-1999/" />
<meta property="og:site_name" content="Ale" />
<meta property="article:modified_time" content="2021-02-25T07:59:48+00:00" />
<meta name="twitter:card" content="summary_large_image" />
<script type="application/ld+json" class="yoast-schema-graph">{"@context":"https:\/\/schema.org","@graph":[{"@type":"WebPage","@id":"https:\/\/wp.kristdemokraterna.se\/ale\/vitsippspriset\/vitsippspriset-1999\/","url":"https:\/\/wp.kristdemokraterna.se\/ale\/vitsippspriset\/vitsippspriset-1999\/","name":"Vitsippspriset 1999 - Ale","isPartOf":{"@id":"https:\/\/wp.kristdemokraterna.se\/ale\/#website"},"datePublished":"2012-08-08T09:53:08+00:00","dateModified":"2021-02-25T07:59:48+00:00","breadcrumb":{"@id":"https:\/\/wp.kristdemokraterna.se\/ale\/vitsippspriset\/vitsippspriset-1999\/#breadcrumb"},"inLanguage":"sv-SE","potentialAction":[{"@type":"ReadAction","target":["https:\/\/wp.kristdemokraterna.se\/ale\/vitsippspriset\/vitsippspriset-1999\/"]}]},{"@type":"BreadcrumbList","@id":"https:\/\/wp.kristdemokraterna.se\/ale\/vitsippspriset\/vitsippspriset-1999\/#breadcrumb","itemListElement":[{"@type":"ListItem","position":1,"name":"Hem","item":"https:\/\/wp.kristdemokraterna.se\/ale\/"},{"@type":"ListItem","position":2,"name":"Vitsippspriset","item":"https:\/\/wp.kristdemokraterna.se\/ale\/vitsippspriset\/"},{"@type":"ListItem","position":3,"name":"Vitsippspriset 1999"}]},{"@type":"WebSite","@id":"https:\/\/wp.kristdemokraterna.se\/ale\/#website","url":"https:\/\/wp.kristdemokraterna.se\/ale\/","name":"Ale","description":"Ale","inLanguage":"sv-SE"}]}</script>
<!-- / Yoast SEO plugin. -->

Priset gick till personalen vid ambulansstationen i Älvängen med följande motivering: &#8221;Trots att stationen inte är jourstation mer än dagtid har personalen ställt upp ideellt för att ge samma service dygnet runt. Detta har gett en ökad trygghet för aleborna och trafikanterna på Rv 45. Vid olyckor och akuta sjukdomstillstånd har man därmed snabbt kommit Read More
