{"id":28,"date":"2012-08-08T11:56:49","date_gmt":"2012-08-08T09:56:49","guid":{"rendered":"http:\/\/wp.kristdemokraterna.se\/ale\/?page_id=28"},"modified":"2021-02-25T09:00:03","modified_gmt":"2021-02-25T08:00:03","slug":"vitsippspriset-2000","status":"publish","type":"page","link":"https:\/\/wp.kristdemokraterna.se\/ale\/vitsippspriset\/vitsippspriset-2000\/","title":{"rendered":"Vitsippspriset 2000"},"content":{"rendered":"<div align=\"left\"><strong>Priset gick till Ingvar Hansson, Trekl\u00f6vern i N\u00f6dinge med f\u00f6ljande motivering:<\/strong><\/div>\n<blockquote>\n<div align=\"left\">&#8221;Ingvar Hansson har under snart tio \u00e5r utf\u00f6rt ett betydelsefullt frivilligarbete p\u00e5 Trekl\u00f6vern. Under alla \u00e5rets dagar som verksamheten varit \u00f6ppen har han med glatt hj\u00e4rta lagat mat, st\u00e4dat och sk\u00f6tt om v\u00e4xter mm, allt f\u00f6r bes\u00f6karnas trivsel. Denna insats har bidragit till god st\u00e4mning och fin gemenskap f\u00f6r bes\u00f6karna p\u00e5 Trekl\u00f6vern. Vi vill uppm\u00e4rksamma denna f\u00f6red\u00f6mliga och osj\u00e4lviska insats genom att tilldela Ingvar Hansson \u00e5rets Vitsippspris.&#8221;<\/div>\n<\/blockquote>\n","protected":false},"excerpt":{"rendered":"<p>Priset gick till Ingvar Hansson, Trekl\u00f6vern i N\u00f6dinge med f\u00f6ljande motivering: &#8221;Ingvar Hansson har under snart tio \u00e5r utf\u00f6rt ett betydelsefullt frivilligarbete p\u00e5 Trekl\u00f6vern. Under alla \u00e5rets dagar som verksamheten varit \u00f6ppen har han med glatt hj\u00e4rta lagat mat, st\u00e4dat och sk\u00f6tt om v\u00e4xter mm, allt f\u00f6r bes\u00f6karnas trivsel. Denna insats har bidragit till god <a class=\"read-more-link\" href=\"https:\/\/wp.kristdemokraterna.se\/ale\/vitsippspriset\/vitsippspriset-2000\/\">Read More<\/a><\/p>\n","protected":false},"author":23,"featured_media":0,"parent":15,"menu_order":4,"comment_status":"closed","ping_status":"closed","template":"","meta":{"_acf_changed":false,"footnotes":""},"class_list":["post-28","page","type-page","status-publish","hentry"],"acf":[],"yoast_head":"<!-- This site is optimized with the Yoast SEO plugin v27.3 - https:\/\/yoast.com\/product\/yoast-seo-wordpress\/ -->\n<title>Vitsippspriset 2000 - Ale<\/title>\n<meta name=\"robots\" content=\"index, follow, max-snippet:-1, max-image-preview:large, max-video-preview:-1\" \/>\n<link rel=\"canonical\" href=\"https:\/\/wp.kristdemokraterna.se\/ale\/vitsippspriset\/vitsippspriset-2000\/\" \/>\n<meta property=\"og:locale\" content=\"sv_SE\" \/>\n<meta property=\"og:type\" content=\"article\" \/>\n<meta property=\"og:title\" content=\"Vitsippspriset 2000 - Ale\" \/>\n<meta property=\"og:description\" content=\"Priset gick till Ingvar Hansson, Trekl\u00f6vern i N\u00f6dinge med f\u00f6ljande motivering: &#8221;Ingvar Hansson har under snart tio \u00e5r utf\u00f6rt ett betydelsefullt frivilligarbete p\u00e5 Trekl\u00f6vern. Under alla \u00e5rets dagar som verksamheten varit \u00f6ppen har han med glatt hj\u00e4rta lagat mat, st\u00e4dat och sk\u00f6tt om v\u00e4xter mm, allt f\u00f6r bes\u00f6karnas trivsel. Denna insats har bidragit till god Read More\" \/>\n<meta property=\"og:url\" content=\"https:\/\/wp.kristdemokraterna.se\/ale\/vitsippspriset\/vitsippspriset-2000\/\" \/>\n<meta property=\"og:site_name\" content=\"Ale\" \/>\n<meta property=\"article:modified_time\" content=\"2021-02-25T08:00:03+00:00\" \/>\n<meta name=\"twitter:card\" content=\"summary_large_image\" \/>\n<script type=\"application\/ld+json\" class=\"yoast-schema-graph\">{\"@context\":\"https:\\\/\\\/schema.org\",\"@graph\":[{\"@type\":\"WebPage\",\"@id\":\"https:\\\/\\\/wp.kristdemokraterna.se\\\/ale\\\/vitsippspriset\\\/vitsippspriset-2000\\\/\",\"url\":\"https:\\\/\\\/wp.kristdemokraterna.se\\\/ale\\\/vitsippspriset\\\/vitsippspriset-2000\\\/\",\"name\":\"Vitsippspriset 2000 - Ale\",\"isPartOf\":{\"@id\":\"https:\\\/\\\/wp.kristdemokraterna.se\\\/ale\\\/#website\"},\"datePublished\":\"2012-08-08T09:56:49+00:00\",\"dateModified\":\"2021-02-25T08:00:03+00:00\",\"breadcrumb\":{\"@id\":\"https:\\\/\\\/wp.kristdemokraterna.se\\\/ale\\\/vitsippspriset\\\/vitsippspriset-2000\\\/#breadcrumb\"},\"inLanguage\":\"sv-SE\",\"potentialAction\":[{\"@type\":\"ReadAction\",\"target\":[\"https:\\\/\\\/wp.kristdemokraterna.se\\\/ale\\\/vitsippspriset\\\/vitsippspriset-2000\\\/\"]}]},{\"@type\":\"BreadcrumbList\",\"@id\":\"https:\\\/\\\/wp.kristdemokraterna.se\\\/ale\\\/vitsippspriset\\\/vitsippspriset-2000\\\/#breadcrumb\",\"itemListElement\":[{\"@type\":\"ListItem\",\"position\":1,\"name\":\"Hem\",\"item\":\"https:\\\/\\\/wp.kristdemokraterna.se\\\/ale\\\/\"},{\"@type\":\"ListItem\",\"position\":2,\"name\":\"Vitsippspriset\",\"item\":\"https:\\\/\\\/wp.kristdemokraterna.se\\\/ale\\\/vitsippspriset\\\/\"},{\"@type\":\"ListItem\",\"position\":3,\"name\":\"Vitsippspriset 2000\"}]},{\"@type\":\"WebSite\",\"@id\":\"https:\\\/\\\/wp.kristdemokraterna.se\\\/ale\\\/#website\",\"url\":\"https:\\\/\\\/wp.kristdemokraterna.se\\\/ale\\\/\",\"name\":\"Ale\",\"description\":\"Ale\",\"inLanguage\":\"sv-SE\"}]}<\/script>\n<!-- \/ Yoast SEO plugin. -->","yoast_head_json":{"title":"Vitsippspriset 2000 - Ale","robots":{"index":"index","follow":"follow","max-snippet":"max-snippet:-1","max-image-preview":"max-image-preview:large","max-video-preview":"max-video-preview:-1"},"canonical":"https:\/\/wp.kristdemokraterna.se\/ale\/vitsippspriset\/vitsippspriset-2000\/","og_locale":"sv_SE","og_type":"article","og_title":"Vitsippspriset 2000 - Ale","og_description":"Priset gick till Ingvar Hansson, Trekl\u00f6vern i N\u00f6dinge med f\u00f6ljande motivering: &#8221;Ingvar Hansson har under snart tio \u00e5r utf\u00f6rt ett betydelsefullt frivilligarbete p\u00e5 Trekl\u00f6vern. Under alla \u00e5rets dagar som verksamheten varit \u00f6ppen har han med glatt hj\u00e4rta lagat mat, st\u00e4dat och sk\u00f6tt om v\u00e4xter mm, allt f\u00f6r bes\u00f6karnas trivsel. Denna insats har bidragit till god Read More","og_url":"https:\/\/wp.kristdemokraterna.se\/ale\/vitsippspriset\/vitsippspriset-2000\/","og_site_name":"Ale","article_modified_time":"2021-02-25T08:00:03+00:00","twitter_card":"summary_large_image","schema":{"@context":"https:\/\/schema.org","@graph":[{"@type":"WebPage","@id":"https:\/\/wp.kristdemokraterna.se\/ale\/vitsippspriset\/vitsippspriset-2000\/","url":"https:\/\/wp.kristdemokraterna.se\/ale\/vitsippspriset\/vitsippspriset-2000\/","name":"Vitsippspriset 2000 - Ale","isPartOf":{"@id":"https:\/\/wp.kristdemokraterna.se\/ale\/#website"},"datePublished":"2012-08-08T09:56:49+00:00","dateModified":"2021-02-25T08:00:03+00:00","breadcrumb":{"@id":"https:\/\/wp.kristdemokraterna.se\/ale\/vitsippspriset\/vitsippspriset-2000\/#breadcrumb"},"inLanguage":"sv-SE","potentialAction":[{"@type":"ReadAction","target":["https:\/\/wp.kristdemokraterna.se\/ale\/vitsippspriset\/vitsippspriset-2000\/"]}]},{"@type":"BreadcrumbList","@id":"https:\/\/wp.kristdemokraterna.se\/ale\/vitsippspriset\/vitsippspriset-2000\/#breadcrumb","itemListElement":[{"@type":"ListItem","position":1,"name":"Hem","item":"https:\/\/wp.kristdemokraterna.se\/ale\/"},{"@type":"ListItem","position":2,"name":"Vitsippspriset","item":"https:\/\/wp.kristdemokraterna.se\/ale\/vitsippspriset\/"},{"@type":"ListItem","position":3,"name":"Vitsippspriset 2000"}]},{"@type":"WebSite","@id":"https:\/\/wp.kristdemokraterna.se\/ale\/#website","url":"https:\/\/wp.kristdemokraterna.se\/ale\/","name":"Ale","description":"Ale","inLanguage":"sv-SE"}]}},"_links":{"self":[{"href":"https:\/\/wp.kristdemokraterna.se\/ale\/wp-json\/wp\/v2\/pages\/28","targetHints":{"allow":["GET"]}}],"collection":[{"href":"https:\/\/wp.kristdemokraterna.se\/ale\/wp-json\/wp\/v2\/pages"}],"about":[{"href":"https:\/\/wp.kristdemokraterna.se\/ale\/wp-json\/wp\/v2\/types\/page"}],"author":[{"embeddable":true,"href":"https:\/\/wp.kristdemokraterna.se\/ale\/wp-json\/wp\/v2\/users\/23"}],"replies":[{"embeddable":true,"href":"https:\/\/wp.kristdemokraterna.se\/ale\/wp-json\/wp\/v2\/comments?post=28"}],"version-history":[{"count":1,"href":"https:\/\/wp.kristdemokraterna.se\/ale\/wp-json\/wp\/v2\/pages\/28\/revisions"}],"predecessor-version":[{"id":29,"href":"https:\/\/wp.kristdemokraterna.se\/ale\/wp-json\/wp\/v2\/pages\/28\/revisions\/29"}],"up":[{"embeddable":true,"href":"https:\/\/wp.kristdemokraterna.se\/ale\/wp-json\/wp\/v2\/pages\/15"}],"wp:attachment":[{"href":"https:\/\/wp.kristdemokraterna.se\/ale\/wp-json\/wp\/v2\/media?parent=28"}],"curies":[{"name":"wp","href":"https:\/\/api.w.org\/{rel}","templated":true}]}}