{"id":39,"date":"2012-08-08T12:09:20","date_gmt":"2012-08-08T10:09:20","guid":{"rendered":"http:\/\/wp.kristdemokraterna.se\/ale\/?page_id=39"},"modified":"2021-02-25T09:00:56","modified_gmt":"2021-02-25T08:00:56","slug":"vitsippspriset-2004","status":"publish","type":"page","link":"https:\/\/wp.kristdemokraterna.se\/ale\/vitsippspriset\/vitsippspriset-2004\/","title":{"rendered":"Vitsippspriset 2004"},"content":{"rendered":"<div align=\"left\"><strong>Priset gick till Egil Midtb\u00f6, Alafors, med f\u00f6ljande motivering:<\/strong><\/div>\n<blockquote>\n<div align=\"left\">&#8221;Egil har med stort engagemang utf\u00f6rt en g\u00e4rning som g\u00e5r l\u00e5ngt utanf\u00f6r hans yrkesroll. Detta handlar om enskilda m\u00e4nniskors livs\u00f6den. Han har lagt ned mycket frivillig tid f\u00f6r att en utsatt flyktingfamilj skall f\u00e5 stanna i Sverige. Med en medm\u00e4nsklig v\u00e4rme och en envishet som kr\u00e4ver mycket mod har han k\u00e4mpat f\u00f6r sina medm\u00e4nniskor och deras r\u00e4tt. \u00c4rendet har p\u00e5g\u00e5tt f\u00f6r Egils del i 3,5 \u00e5r och under den tiden har han h\u00e5llit kontakt med olika samh\u00e4llsinstanser. Vi vill uppm\u00e4rksamma denna ideella och f\u00f6red\u00f6mliga insats genom att tilldela Egil Midtb\u00f6 \u00e5rets Vitsippspris.&#8221;<\/div>\n<\/blockquote>\n","protected":false},"excerpt":{"rendered":"<p>Priset gick till Egil Midtb\u00f6, Alafors, med f\u00f6ljande motivering: &#8221;Egil har med stort engagemang utf\u00f6rt en g\u00e4rning som g\u00e5r l\u00e5ngt utanf\u00f6r hans yrkesroll. Detta handlar om enskilda m\u00e4nniskors livs\u00f6den. Han har lagt ned mycket frivillig tid f\u00f6r att en utsatt flyktingfamilj skall f\u00e5 stanna i Sverige. Med en medm\u00e4nsklig v\u00e4rme och en envishet som kr\u00e4ver <a class=\"read-more-link\" href=\"https:\/\/wp.kristdemokraterna.se\/ale\/vitsippspriset\/vitsippspriset-2004\/\">Read More<\/a><\/p>\n","protected":false},"author":23,"featured_media":0,"parent":15,"menu_order":8,"comment_status":"closed","ping_status":"closed","template":"","meta":{"_acf_changed":false,"footnotes":""},"class_list":["post-39","page","type-page","status-publish","hentry"],"acf":[],"yoast_head":"<!-- This site is optimized with the Yoast SEO plugin v27.4 - https:\/\/yoast.com\/product\/yoast-seo-wordpress\/ -->\n<title>Vitsippspriset 2004 - Ale<\/title>\n<meta name=\"robots\" content=\"index, follow, max-snippet:-1, max-image-preview:large, max-video-preview:-1\" \/>\n<link rel=\"canonical\" href=\"https:\/\/wp.kristdemokraterna.se\/ale\/vitsippspriset\/vitsippspriset-2004\/\" \/>\n<meta property=\"og:locale\" content=\"sv_SE\" \/>\n<meta property=\"og:type\" content=\"article\" \/>\n<meta property=\"og:title\" content=\"Vitsippspriset 2004 - Ale\" \/>\n<meta property=\"og:description\" content=\"Priset gick till Egil Midtb\u00f6, Alafors, med f\u00f6ljande motivering: &#8221;Egil har med stort engagemang utf\u00f6rt en g\u00e4rning som g\u00e5r l\u00e5ngt utanf\u00f6r hans yrkesroll. Detta handlar om enskilda m\u00e4nniskors livs\u00f6den. Han har lagt ned mycket frivillig tid f\u00f6r att en utsatt flyktingfamilj skall f\u00e5 stanna i Sverige. Med en medm\u00e4nsklig v\u00e4rme och en envishet som kr\u00e4ver Read More\" \/>\n<meta property=\"og:url\" content=\"https:\/\/wp.kristdemokraterna.se\/ale\/vitsippspriset\/vitsippspriset-2004\/\" \/>\n<meta property=\"og:site_name\" content=\"Ale\" \/>\n<meta property=\"article:modified_time\" content=\"2021-02-25T08:00:56+00:00\" \/>\n<meta name=\"twitter:card\" content=\"summary_large_image\" \/>\n<meta name=\"twitter:label1\" content=\"Ber\u00e4knad l\u00e4stid\" \/>\n\t<meta name=\"twitter:data1\" content=\"1 minut\" \/>\n<script type=\"application\/ld+json\" class=\"yoast-schema-graph\">{\"@context\":\"https:\\\/\\\/schema.org\",\"@graph\":[{\"@type\":\"WebPage\",\"@id\":\"https:\\\/\\\/wp.kristdemokraterna.se\\\/ale\\\/vitsippspriset\\\/vitsippspriset-2004\\\/\",\"url\":\"https:\\\/\\\/wp.kristdemokraterna.se\\\/ale\\\/vitsippspriset\\\/vitsippspriset-2004\\\/\",\"name\":\"Vitsippspriset 2004 - Ale\",\"isPartOf\":{\"@id\":\"https:\\\/\\\/wp.kristdemokraterna.se\\\/ale\\\/#website\"},\"datePublished\":\"2012-08-08T10:09:20+00:00\",\"dateModified\":\"2021-02-25T08:00:56+00:00\",\"breadcrumb\":{\"@id\":\"https:\\\/\\\/wp.kristdemokraterna.se\\\/ale\\\/vitsippspriset\\\/vitsippspriset-2004\\\/#breadcrumb\"},\"inLanguage\":\"sv-SE\",\"potentialAction\":[{\"@type\":\"ReadAction\",\"target\":[\"https:\\\/\\\/wp.kristdemokraterna.se\\\/ale\\\/vitsippspriset\\\/vitsippspriset-2004\\\/\"]}]},{\"@type\":\"BreadcrumbList\",\"@id\":\"https:\\\/\\\/wp.kristdemokraterna.se\\\/ale\\\/vitsippspriset\\\/vitsippspriset-2004\\\/#breadcrumb\",\"itemListElement\":[{\"@type\":\"ListItem\",\"position\":1,\"name\":\"Hem\",\"item\":\"https:\\\/\\\/wp.kristdemokraterna.se\\\/ale\\\/\"},{\"@type\":\"ListItem\",\"position\":2,\"name\":\"Vitsippspriset\",\"item\":\"https:\\\/\\\/wp.kristdemokraterna.se\\\/ale\\\/vitsippspriset\\\/\"},{\"@type\":\"ListItem\",\"position\":3,\"name\":\"Vitsippspriset 2004\"}]},{\"@type\":\"WebSite\",\"@id\":\"https:\\\/\\\/wp.kristdemokraterna.se\\\/ale\\\/#website\",\"url\":\"https:\\\/\\\/wp.kristdemokraterna.se\\\/ale\\\/\",\"name\":\"Ale\",\"description\":\"Ale\",\"inLanguage\":\"sv-SE\"}]}<\/script>\n<!-- \/ Yoast SEO plugin. -->","yoast_head_json":{"title":"Vitsippspriset 2004 - Ale","robots":{"index":"index","follow":"follow","max-snippet":"max-snippet:-1","max-image-preview":"max-image-preview:large","max-video-preview":"max-video-preview:-1"},"canonical":"https:\/\/wp.kristdemokraterna.se\/ale\/vitsippspriset\/vitsippspriset-2004\/","og_locale":"sv_SE","og_type":"article","og_title":"Vitsippspriset 2004 - Ale","og_description":"Priset gick till Egil Midtb\u00f6, Alafors, med f\u00f6ljande motivering: &#8221;Egil har med stort engagemang utf\u00f6rt en g\u00e4rning som g\u00e5r l\u00e5ngt utanf\u00f6r hans yrkesroll. Detta handlar om enskilda m\u00e4nniskors livs\u00f6den. Han har lagt ned mycket frivillig tid f\u00f6r att en utsatt flyktingfamilj skall f\u00e5 stanna i Sverige. Med en medm\u00e4nsklig v\u00e4rme och en envishet som kr\u00e4ver Read More","og_url":"https:\/\/wp.kristdemokraterna.se\/ale\/vitsippspriset\/vitsippspriset-2004\/","og_site_name":"Ale","article_modified_time":"2021-02-25T08:00:56+00:00","twitter_card":"summary_large_image","twitter_misc":{"Ber\u00e4knad l\u00e4stid":"1 minut"},"schema":{"@context":"https:\/\/schema.org","@graph":[{"@type":"WebPage","@id":"https:\/\/wp.kristdemokraterna.se\/ale\/vitsippspriset\/vitsippspriset-2004\/","url":"https:\/\/wp.kristdemokraterna.se\/ale\/vitsippspriset\/vitsippspriset-2004\/","name":"Vitsippspriset 2004 - Ale","isPartOf":{"@id":"https:\/\/wp.kristdemokraterna.se\/ale\/#website"},"datePublished":"2012-08-08T10:09:20+00:00","dateModified":"2021-02-25T08:00:56+00:00","breadcrumb":{"@id":"https:\/\/wp.kristdemokraterna.se\/ale\/vitsippspriset\/vitsippspriset-2004\/#breadcrumb"},"inLanguage":"sv-SE","potentialAction":[{"@type":"ReadAction","target":["https:\/\/wp.kristdemokraterna.se\/ale\/vitsippspriset\/vitsippspriset-2004\/"]}]},{"@type":"BreadcrumbList","@id":"https:\/\/wp.kristdemokraterna.se\/ale\/vitsippspriset\/vitsippspriset-2004\/#breadcrumb","itemListElement":[{"@type":"ListItem","position":1,"name":"Hem","item":"https:\/\/wp.kristdemokraterna.se\/ale\/"},{"@type":"ListItem","position":2,"name":"Vitsippspriset","item":"https:\/\/wp.kristdemokraterna.se\/ale\/vitsippspriset\/"},{"@type":"ListItem","position":3,"name":"Vitsippspriset 2004"}]},{"@type":"WebSite","@id":"https:\/\/wp.kristdemokraterna.se\/ale\/#website","url":"https:\/\/wp.kristdemokraterna.se\/ale\/","name":"Ale","description":"Ale","inLanguage":"sv-SE"}]}},"_links":{"self":[{"href":"https:\/\/wp.kristdemokraterna.se\/ale\/wp-json\/wp\/v2\/pages\/39","targetHints":{"allow":["GET"]}}],"collection":[{"href":"https:\/\/wp.kristdemokraterna.se\/ale\/wp-json\/wp\/v2\/pages"}],"about":[{"href":"https:\/\/wp.kristdemokraterna.se\/ale\/wp-json\/wp\/v2\/types\/page"}],"author":[{"embeddable":true,"href":"https:\/\/wp.kristdemokraterna.se\/ale\/wp-json\/wp\/v2\/users\/23"}],"replies":[{"embeddable":true,"href":"https:\/\/wp.kristdemokraterna.se\/ale\/wp-json\/wp\/v2\/comments?post=39"}],"version-history":[{"count":2,"href":"https:\/\/wp.kristdemokraterna.se\/ale\/wp-json\/wp\/v2\/pages\/39\/revisions"}],"predecessor-version":[{"id":596,"href":"https:\/\/wp.kristdemokraterna.se\/ale\/wp-json\/wp\/v2\/pages\/39\/revisions\/596"}],"up":[{"embeddable":true,"href":"https:\/\/wp.kristdemokraterna.se\/ale\/wp-json\/wp\/v2\/pages\/15"}],"wp:attachment":[{"href":"https:\/\/wp.kristdemokraterna.se\/ale\/wp-json\/wp\/v2\/media?parent=39"}],"curies":[{"name":"wp","href":"https:\/\/api.w.org\/{rel}","templated":true}]}}

<div align="left"><strong>Priset gick till Egil Midtbö, Alafors, med följande motivering:</strong></div>
<blockquote>
<div align="left">&#8221;Egil har med stort engagemang utfört en gärning som går långt utanför hans yrkesroll. Detta handlar om enskilda människors livsöden. Han har lagt ned mycket frivillig tid för att en utsatt flyktingfamilj skall få stanna i Sverige. Med en medmänsklig värme och en envishet som kräver mycket mod har han kämpat för sina medmänniskor och deras rätt. Ärendet har pågått för Egils del i 3,5 år och under den tiden har han hållit kontakt med olika samhällsinstanser. Vi vill uppmärksamma denna ideella och föredömliga insats genom att tilldela Egil Midtbö årets Vitsippspris.&#8221;</div>
</blockquote>

<p>Priset gick till Egil Midtbö, Alafors, med följande motivering: &#8221;Egil har med stort engagemang utfört en gärning som går långt utanför hans yrkesroll. Detta handlar om enskilda människors livsöden. Han har lagt ned mycket frivillig tid för att en utsatt flyktingfamilj skall få stanna i Sverige. Med en medmänsklig värme och en envishet som kräver <a class="read-more-link" href="https://wp.kristdemokraterna.se/ale/vitsippspriset/vitsippspriset-2004/">Read More</a></p>

<!-- This site is optimized with the Yoast SEO plugin v27.4 - https://yoast.com/product/yoast-seo-wordpress/ -->
<title>Vitsippspriset 2004 - Ale</title>
<meta name="robots" content="index, follow, max-snippet:-1, max-image-preview:large, max-video-preview:-1" />
<link rel="canonical" href="https://wp.kristdemokraterna.se/ale/vitsippspriset/vitsippspriset-2004/" />
<meta property="og:locale" content="sv_SE" />
<meta property="og:type" content="article" />
<meta property="og:title" content="Vitsippspriset 2004 - Ale" />
<meta property="og:description" content="Priset gick till Egil Midtbö, Alafors, med följande motivering: &#8221;Egil har med stort engagemang utfört en gärning som går långt utanför hans yrkesroll. Detta handlar om enskilda människors livsöden. Han har lagt ned mycket frivillig tid för att en utsatt flyktingfamilj skall få stanna i Sverige. Med en medmänsklig värme och en envishet som kräver Read More" />
<meta property="og:url" content="https://wp.kristdemokraterna.se/ale/vitsippspriset/vitsippspriset-2004/" />
<meta property="og:site_name" content="Ale" />
<meta property="article:modified_time" content="2021-02-25T08:00:56+00:00" />
<meta name="twitter:card" content="summary_large_image" />
<meta name="twitter:label1" content="Beräknad lästid" />
	<meta name="twitter:data1" content="1 minut" />
<script type="application/ld+json" class="yoast-schema-graph">{"@context":"https:\/\/schema.org","@graph":[{"@type":"WebPage","@id":"https:\/\/wp.kristdemokraterna.se\/ale\/vitsippspriset\/vitsippspriset-2004\/","url":"https:\/\/wp.kristdemokraterna.se\/ale\/vitsippspriset\/vitsippspriset-2004\/","name":"Vitsippspriset 2004 - Ale","isPartOf":{"@id":"https:\/\/wp.kristdemokraterna.se\/ale\/#website"},"datePublished":"2012-08-08T10:09:20+00:00","dateModified":"2021-02-25T08:00:56+00:00","breadcrumb":{"@id":"https:\/\/wp.kristdemokraterna.se\/ale\/vitsippspriset\/vitsippspriset-2004\/#breadcrumb"},"inLanguage":"sv-SE","potentialAction":[{"@type":"ReadAction","target":["https:\/\/wp.kristdemokraterna.se\/ale\/vitsippspriset\/vitsippspriset-2004\/"]}]},{"@type":"BreadcrumbList","@id":"https:\/\/wp.kristdemokraterna.se\/ale\/vitsippspriset\/vitsippspriset-2004\/#breadcrumb","itemListElement":[{"@type":"ListItem","position":1,"name":"Hem","item":"https:\/\/wp.kristdemokraterna.se\/ale\/"},{"@type":"ListItem","position":2,"name":"Vitsippspriset","item":"https:\/\/wp.kristdemokraterna.se\/ale\/vitsippspriset\/"},{"@type":"ListItem","position":3,"name":"Vitsippspriset 2004"}]},{"@type":"WebSite","@id":"https:\/\/wp.kristdemokraterna.se\/ale\/#website","url":"https:\/\/wp.kristdemokraterna.se\/ale\/","name":"Ale","description":"Ale","inLanguage":"sv-SE"}]}</script>
<!-- / Yoast SEO plugin. -->

Priset gick till Egil Midtbö, Alafors, med följande motivering: &#8221;Egil har med stort engagemang utfört en gärning som går långt utanför hans yrkesroll. Detta handlar om enskilda människors livsöden. Han har lagt ned mycket frivillig tid för att en utsatt flyktingfamilj skall få stanna i Sverige. Med en medmänsklig värme och en envishet som kräver Read More
