{"id":503,"date":"2018-06-05T14:56:49","date_gmt":"2018-06-05T12:56:49","guid":{"rendered":"http:\/\/wp.kristdemokraterna.se\/ale\/?page_id=503"},"modified":"2021-02-25T09:04:37","modified_gmt":"2021-02-25T08:04:37","slug":"vitsippspriset-2018","status":"publish","type":"page","link":"https:\/\/wp.kristdemokraterna.se\/ale\/vitsippspriset\/vitsippspriset-2018\/","title":{"rendered":"Vitsippspriset 2018"},"content":{"rendered":"<p><img loading=\"lazy\" decoding=\"async\" class=\"alignnone size-full wp-image-501\" src=\"http:\/\/wp.kristdemokraterna.se\/ale\/files\/2018\/06\/vitsippspriset-18.jpg\" alt=\"\" width=\"698\" height=\"465\" srcset=\"https:\/\/wp.kristdemokraterna.se\/ale\/files\/2018\/06\/vitsippspriset-18.jpg 698w, https:\/\/wp.kristdemokraterna.se\/ale\/files\/2018\/06\/vitsippspriset-18-600x400.jpg 600w, https:\/\/wp.kristdemokraterna.se\/ale\/files\/2018\/06\/vitsippspriset-18-300x200.jpg 300w, https:\/\/wp.kristdemokraterna.se\/ale\/files\/2018\/06\/vitsippspriset-18-370x246.jpg 370w, https:\/\/wp.kristdemokraterna.se\/ale\/files\/2018\/06\/vitsippspriset-18-450x300.jpg 450w, https:\/\/wp.kristdemokraterna.se\/ale\/files\/2018\/06\/vitsippspriset-18-280x187.jpg 280w, https:\/\/wp.kristdemokraterna.se\/ale\/files\/2018\/06\/vitsippspriset-18-340x227.jpg 340w, https:\/\/wp.kristdemokraterna.se\/ale\/files\/2018\/06\/vitsippspriset-18-200x133.jpg 200w, https:\/\/wp.kristdemokraterna.se\/ale\/files\/2018\/06\/vitsippspriset-18-84x56.jpg 84w\" sizes=\"auto, (max-width: 698px) 100vw, 698px\" \/><\/p>\n<p><strong>Priset har Kristdemokraterna i Ale beslutat att tilldela Marie Jaanson och Thomas Olsson med f\u00f6ljande motivering:<\/strong><\/p>\n<blockquote><p><em>&#8221;Marie och Thomas har senaste \u00e5ren varit med och\u00a0<\/em><em>startat tv\u00e5 fotbollslag. Ett lag med deltagare som har en\u00a0<\/em><em>funktionsneds\u00e4ttning och ett lag d\u00e4r man har lyckats f\u00e5\u00a0<\/em><em>killar som slutat med fotbollen att \u00e5terkomma och d\u00e4r\u00a0<\/em><em>man ocks\u00e5 f\u00e5tt flera ensamkommande ungdomar att\u00a0<\/em><em>delta. F\u00f6r detta stora engagemang och osj\u00e4lviska arbete\u00a0<\/em><em>f\u00f6r att ge andra en guldkant p\u00e5 tillvaron vill vi tilldela er<br \/>\n<\/em><em>2018 \u00e5rs vitsippspris.&#8221;<\/em><\/p><\/blockquote>\n<p><a href=\"http:\/\/www.alekuriren.se\/allmant\/vitsippspriset-till-sbtks-eldsjalar\/\">Artikel i Alekuriren<\/a><\/p>\n","protected":false},"excerpt":{"rendered":"<p>Priset har Kristdemokraterna i Ale beslutat att tilldela Marie Jaanson och Thomas Olsson med f\u00f6ljande motivering: &#8221;Marie och Thomas har senaste \u00e5ren varit med och\u00a0startat tv\u00e5 fotbollslag. Ett lag med deltagare som har en\u00a0funktionsneds\u00e4ttning och ett lag d\u00e4r man har lyckats f\u00e5\u00a0killar som slutat med fotbollen att \u00e5terkomma och d\u00e4r\u00a0man ocks\u00e5 f\u00e5tt flera ensamkommande ungdomar <a class=\"read-more-link\" href=\"https:\/\/wp.kristdemokraterna.se\/ale\/vitsippspriset\/vitsippspriset-2018\/\">Read More<\/a><\/p>\n","protected":false},"author":23,"featured_media":0,"parent":15,"menu_order":19,"comment_status":"closed","ping_status":"closed","template":"","meta":{"_acf_changed":false,"footnotes":""},"class_list":["post-503","page","type-page","status-publish","hentry"],"acf":[],"yoast_head":"<!-- This site is optimized with the Yoast SEO plugin v27.4 - https:\/\/yoast.com\/product\/yoast-seo-wordpress\/ -->\n<title>Vitsippspriset 2018 - Ale<\/title>\n<meta name=\"robots\" content=\"index, follow, max-snippet:-1, max-image-preview:large, max-video-preview:-1\" \/>\n<link rel=\"canonical\" href=\"https:\/\/wp.kristdemokraterna.se\/ale\/vitsippspriset\/vitsippspriset-2018\/\" \/>\n<meta property=\"og:locale\" content=\"sv_SE\" \/>\n<meta property=\"og:type\" content=\"article\" \/>\n<meta property=\"og:title\" content=\"Vitsippspriset 2018 - Ale\" \/>\n<meta property=\"og:description\" content=\"Priset har Kristdemokraterna i Ale beslutat att tilldela Marie Jaanson och Thomas Olsson med f\u00f6ljande motivering: &#8221;Marie och Thomas har senaste \u00e5ren varit med och\u00a0startat tv\u00e5 fotbollslag. Ett lag med deltagare som har en\u00a0funktionsneds\u00e4ttning och ett lag d\u00e4r man har lyckats f\u00e5\u00a0killar som slutat med fotbollen att \u00e5terkomma och d\u00e4r\u00a0man ocks\u00e5 f\u00e5tt flera ensamkommande ungdomar Read More\" \/>\n<meta property=\"og:url\" content=\"https:\/\/wp.kristdemokraterna.se\/ale\/vitsippspriset\/vitsippspriset-2018\/\" \/>\n<meta property=\"og:site_name\" content=\"Ale\" \/>\n<meta property=\"article:modified_time\" content=\"2021-02-25T08:04:37+00:00\" \/>\n<meta property=\"og:image\" content=\"http:\/\/wp.kristdemokraterna.se\/ale\/files\/2018\/06\/vitsippspriset-18.jpg\" \/>\n<meta name=\"twitter:card\" content=\"summary_large_image\" \/>\n<script type=\"application\/ld+json\" class=\"yoast-schema-graph\">{\"@context\":\"https:\\\/\\\/schema.org\",\"@graph\":[{\"@type\":\"WebPage\",\"@id\":\"https:\\\/\\\/wp.kristdemokraterna.se\\\/ale\\\/vitsippspriset\\\/vitsippspriset-2018\\\/\",\"url\":\"https:\\\/\\\/wp.kristdemokraterna.se\\\/ale\\\/vitsippspriset\\\/vitsippspriset-2018\\\/\",\"name\":\"Vitsippspriset 2018 - Ale\",\"isPartOf\":{\"@id\":\"https:\\\/\\\/wp.kristdemokraterna.se\\\/ale\\\/#website\"},\"primaryImageOfPage\":{\"@id\":\"https:\\\/\\\/wp.kristdemokraterna.se\\\/ale\\\/vitsippspriset\\\/vitsippspriset-2018\\\/#primaryimage\"},\"image\":{\"@id\":\"https:\\\/\\\/wp.kristdemokraterna.se\\\/ale\\\/vitsippspriset\\\/vitsippspriset-2018\\\/#primaryimage\"},\"thumbnailUrl\":\"http:\\\/\\\/wp.kristdemokraterna.se\\\/ale\\\/files\\\/2018\\\/06\\\/vitsippspriset-18.jpg\",\"datePublished\":\"2018-06-05T12:56:49+00:00\",\"dateModified\":\"2021-02-25T08:04:37+00:00\",\"breadcrumb\":{\"@id\":\"https:\\\/\\\/wp.kristdemokraterna.se\\\/ale\\\/vitsippspriset\\\/vitsippspriset-2018\\\/#breadcrumb\"},\"inLanguage\":\"sv-SE\",\"potentialAction\":[{\"@type\":\"ReadAction\",\"target\":[\"https:\\\/\\\/wp.kristdemokraterna.se\\\/ale\\\/vitsippspriset\\\/vitsippspriset-2018\\\/\"]}]},{\"@type\":\"ImageObject\",\"inLanguage\":\"sv-SE\",\"@id\":\"https:\\\/\\\/wp.kristdemokraterna.se\\\/ale\\\/vitsippspriset\\\/vitsippspriset-2018\\\/#primaryimage\",\"url\":\"http:\\\/\\\/wp.kristdemokraterna.se\\\/ale\\\/files\\\/2018\\\/06\\\/vitsippspriset-18.jpg\",\"contentUrl\":\"http:\\\/\\\/wp.kristdemokraterna.se\\\/ale\\\/files\\\/2018\\\/06\\\/vitsippspriset-18.jpg\"},{\"@type\":\"BreadcrumbList\",\"@id\":\"https:\\\/\\\/wp.kristdemokraterna.se\\\/ale\\\/vitsippspriset\\\/vitsippspriset-2018\\\/#breadcrumb\",\"itemListElement\":[{\"@type\":\"ListItem\",\"position\":1,\"name\":\"Hem\",\"item\":\"https:\\\/\\\/wp.kristdemokraterna.se\\\/ale\\\/\"},{\"@type\":\"ListItem\",\"position\":2,\"name\":\"Vitsippspriset\",\"item\":\"https:\\\/\\\/wp.kristdemokraterna.se\\\/ale\\\/vitsippspriset\\\/\"},{\"@type\":\"ListItem\",\"position\":3,\"name\":\"Vitsippspriset 2018\"}]},{\"@type\":\"WebSite\",\"@id\":\"https:\\\/\\\/wp.kristdemokraterna.se\\\/ale\\\/#website\",\"url\":\"https:\\\/\\\/wp.kristdemokraterna.se\\\/ale\\\/\",\"name\":\"Ale\",\"description\":\"Ale\",\"inLanguage\":\"sv-SE\"}]}<\/script>\n<!-- \/ Yoast SEO plugin. -->","yoast_head_json":{"title":"Vitsippspriset 2018 - Ale","robots":{"index":"index","follow":"follow","max-snippet":"max-snippet:-1","max-image-preview":"max-image-preview:large","max-video-preview":"max-video-preview:-1"},"canonical":"https:\/\/wp.kristdemokraterna.se\/ale\/vitsippspriset\/vitsippspriset-2018\/","og_locale":"sv_SE","og_type":"article","og_title":"Vitsippspriset 2018 - Ale","og_description":"Priset har Kristdemokraterna i Ale beslutat att tilldela Marie Jaanson och Thomas Olsson med f\u00f6ljande motivering: &#8221;Marie och Thomas har senaste \u00e5ren varit med och\u00a0startat tv\u00e5 fotbollslag. Ett lag med deltagare som har en\u00a0funktionsneds\u00e4ttning och ett lag d\u00e4r man har lyckats f\u00e5\u00a0killar som slutat med fotbollen att \u00e5terkomma och d\u00e4r\u00a0man ocks\u00e5 f\u00e5tt flera ensamkommande ungdomar Read More","og_url":"https:\/\/wp.kristdemokraterna.se\/ale\/vitsippspriset\/vitsippspriset-2018\/","og_site_name":"Ale","article_modified_time":"2021-02-25T08:04:37+00:00","og_image":[{"url":"http:\/\/wp.kristdemokraterna.se\/ale\/files\/2018\/06\/vitsippspriset-18.jpg","type":"","width":"","height":""}],"twitter_card":"summary_large_image","schema":{"@context":"https:\/\/schema.org","@graph":[{"@type":"WebPage","@id":"https:\/\/wp.kristdemokraterna.se\/ale\/vitsippspriset\/vitsippspriset-2018\/","url":"https:\/\/wp.kristdemokraterna.se\/ale\/vitsippspriset\/vitsippspriset-2018\/","name":"Vitsippspriset 2018 - Ale","isPartOf":{"@id":"https:\/\/wp.kristdemokraterna.se\/ale\/#website"},"primaryImageOfPage":{"@id":"https:\/\/wp.kristdemokraterna.se\/ale\/vitsippspriset\/vitsippspriset-2018\/#primaryimage"},"image":{"@id":"https:\/\/wp.kristdemokraterna.se\/ale\/vitsippspriset\/vitsippspriset-2018\/#primaryimage"},"thumbnailUrl":"http:\/\/wp.kristdemokraterna.se\/ale\/files\/2018\/06\/vitsippspriset-18.jpg","datePublished":"2018-06-05T12:56:49+00:00","dateModified":"2021-02-25T08:04:37+00:00","breadcrumb":{"@id":"https:\/\/wp.kristdemokraterna.se\/ale\/vitsippspriset\/vitsippspriset-2018\/#breadcrumb"},"inLanguage":"sv-SE","potentialAction":[{"@type":"ReadAction","target":["https:\/\/wp.kristdemokraterna.se\/ale\/vitsippspriset\/vitsippspriset-2018\/"]}]},{"@type":"ImageObject","inLanguage":"sv-SE","@id":"https:\/\/wp.kristdemokraterna.se\/ale\/vitsippspriset\/vitsippspriset-2018\/#primaryimage","url":"http:\/\/wp.kristdemokraterna.se\/ale\/files\/2018\/06\/vitsippspriset-18.jpg","contentUrl":"http:\/\/wp.kristdemokraterna.se\/ale\/files\/2018\/06\/vitsippspriset-18.jpg"},{"@type":"BreadcrumbList","@id":"https:\/\/wp.kristdemokraterna.se\/ale\/vitsippspriset\/vitsippspriset-2018\/#breadcrumb","itemListElement":[{"@type":"ListItem","position":1,"name":"Hem","item":"https:\/\/wp.kristdemokraterna.se\/ale\/"},{"@type":"ListItem","position":2,"name":"Vitsippspriset","item":"https:\/\/wp.kristdemokraterna.se\/ale\/vitsippspriset\/"},{"@type":"ListItem","position":3,"name":"Vitsippspriset 2018"}]},{"@type":"WebSite","@id":"https:\/\/wp.kristdemokraterna.se\/ale\/#website","url":"https:\/\/wp.kristdemokraterna.se\/ale\/","name":"Ale","description":"Ale","inLanguage":"sv-SE"}]}},"_links":{"self":[{"href":"https:\/\/wp.kristdemokraterna.se\/ale\/wp-json\/wp\/v2\/pages\/503","targetHints":{"allow":["GET"]}}],"collection":[{"href":"https:\/\/wp.kristdemokraterna.se\/ale\/wp-json\/wp\/v2\/pages"}],"about":[{"href":"https:\/\/wp.kristdemokraterna.se\/ale\/wp-json\/wp\/v2\/types\/page"}],"author":[{"embeddable":true,"href":"https:\/\/wp.kristdemokraterna.se\/ale\/wp-json\/wp\/v2\/users\/23"}],"replies":[{"embeddable":true,"href":"https:\/\/wp.kristdemokraterna.se\/ale\/wp-json\/wp\/v2\/comments?post=503"}],"version-history":[{"count":1,"href":"https:\/\/wp.kristdemokraterna.se\/ale\/wp-json\/wp\/v2\/pages\/503\/revisions"}],"predecessor-version":[{"id":505,"href":"https:\/\/wp.kristdemokraterna.se\/ale\/wp-json\/wp\/v2\/pages\/503\/revisions\/505"}],"up":[{"embeddable":true,"href":"https:\/\/wp.kristdemokraterna.se\/ale\/wp-json\/wp\/v2\/pages\/15"}],"wp:attachment":[{"href":"https:\/\/wp.kristdemokraterna.se\/ale\/wp-json\/wp\/v2\/media?parent=503"}],"curies":[{"name":"wp","href":"https:\/\/api.w.org\/{rel}","templated":true}]}}

<p><img loading="lazy" decoding="async" class="alignnone size-full wp-image-501" src="http://wp.kristdemokraterna.se/ale/files/2018/06/vitsippspriset-18.jpg" alt="" width="698" height="465" srcset="https://wp.kristdemokraterna.se/ale/files/2018/06/vitsippspriset-18.jpg 698w, https://wp.kristdemokraterna.se/ale/files/2018/06/vitsippspriset-18-600x400.jpg 600w, https://wp.kristdemokraterna.se/ale/files/2018/06/vitsippspriset-18-300x200.jpg 300w, https://wp.kristdemokraterna.se/ale/files/2018/06/vitsippspriset-18-370x246.jpg 370w, https://wp.kristdemokraterna.se/ale/files/2018/06/vitsippspriset-18-450x300.jpg 450w, https://wp.kristdemokraterna.se/ale/files/2018/06/vitsippspriset-18-280x187.jpg 280w, https://wp.kristdemokraterna.se/ale/files/2018/06/vitsippspriset-18-340x227.jpg 340w, https://wp.kristdemokraterna.se/ale/files/2018/06/vitsippspriset-18-200x133.jpg 200w, https://wp.kristdemokraterna.se/ale/files/2018/06/vitsippspriset-18-84x56.jpg 84w" sizes="auto, (max-width: 698px) 100vw, 698px" /></p>
<p><strong>Priset har Kristdemokraterna i Ale beslutat att tilldela Marie Jaanson och Thomas Olsson med följande motivering:</strong></p>
<blockquote><p><em>&#8221;Marie och Thomas har senaste åren varit med och </em><em>startat två fotbollslag. Ett lag med deltagare som har en </em><em>funktionsnedsättning och ett lag där man har lyckats få </em><em>killar som slutat med fotbollen att återkomma och där </em><em>man också fått flera ensamkommande ungdomar att </em><em>delta. För detta stora engagemang och osjälviska arbete </em><em>för att ge andra en guldkant på tillvaron vill vi tilldela er<br />
</em><em>2018 års vitsippspris.&#8221;</em></p></blockquote>
<p><a href="http://www.alekuriren.se/allmant/vitsippspriset-till-sbtks-eldsjalar/">Artikel i Alekuriren</a></p>

<p>Priset har Kristdemokraterna i Ale beslutat att tilldela Marie Jaanson och Thomas Olsson med följande motivering: &#8221;Marie och Thomas har senaste åren varit med och startat två fotbollslag. Ett lag med deltagare som har en funktionsnedsättning och ett lag där man har lyckats få killar som slutat med fotbollen att återkomma och där man också fått flera ensamkommande ungdomar <a class="read-more-link" href="https://wp.kristdemokraterna.se/ale/vitsippspriset/vitsippspriset-2018/">Read More</a></p>

<!-- This site is optimized with the Yoast SEO plugin v27.4 - https://yoast.com/product/yoast-seo-wordpress/ -->
<title>Vitsippspriset 2018 - Ale</title>
<meta name="robots" content="index, follow, max-snippet:-1, max-image-preview:large, max-video-preview:-1" />
<link rel="canonical" href="https://wp.kristdemokraterna.se/ale/vitsippspriset/vitsippspriset-2018/" />
<meta property="og:locale" content="sv_SE" />
<meta property="og:type" content="article" />
<meta property="og:title" content="Vitsippspriset 2018 - Ale" />
<meta property="og:description" content="Priset har Kristdemokraterna i Ale beslutat att tilldela Marie Jaanson och Thomas Olsson med följande motivering: &#8221;Marie och Thomas har senaste åren varit med och startat två fotbollslag. Ett lag med deltagare som har en funktionsnedsättning och ett lag där man har lyckats få killar som slutat med fotbollen att återkomma och där man också fått flera ensamkommande ungdomar Read More" />
<meta property="og:url" content="https://wp.kristdemokraterna.se/ale/vitsippspriset/vitsippspriset-2018/" />
<meta property="og:site_name" content="Ale" />
<meta property="article:modified_time" content="2021-02-25T08:04:37+00:00" />
<meta property="og:image" content="http://wp.kristdemokraterna.se/ale/files/2018/06/vitsippspriset-18.jpg" />
<meta name="twitter:card" content="summary_large_image" />
<script type="application/ld+json" class="yoast-schema-graph">{"@context":"https:\/\/schema.org","@graph":[{"@type":"WebPage","@id":"https:\/\/wp.kristdemokraterna.se\/ale\/vitsippspriset\/vitsippspriset-2018\/","url":"https:\/\/wp.kristdemokraterna.se\/ale\/vitsippspriset\/vitsippspriset-2018\/","name":"Vitsippspriset 2018 - Ale","isPartOf":{"@id":"https:\/\/wp.kristdemokraterna.se\/ale\/#website"},"primaryImageOfPage":{"@id":"https:\/\/wp.kristdemokraterna.se\/ale\/vitsippspriset\/vitsippspriset-2018\/#primaryimage"},"image":{"@id":"https:\/\/wp.kristdemokraterna.se\/ale\/vitsippspriset\/vitsippspriset-2018\/#primaryimage"},"thumbnailUrl":"http:\/\/wp.kristdemokraterna.se\/ale\/files\/2018\/06\/vitsippspriset-18.jpg","datePublished":"2018-06-05T12:56:49+00:00","dateModified":"2021-02-25T08:04:37+00:00","breadcrumb":{"@id":"https:\/\/wp.kristdemokraterna.se\/ale\/vitsippspriset\/vitsippspriset-2018\/#breadcrumb"},"inLanguage":"sv-SE","potentialAction":[{"@type":"ReadAction","target":["https:\/\/wp.kristdemokraterna.se\/ale\/vitsippspriset\/vitsippspriset-2018\/"]}]},{"@type":"ImageObject","inLanguage":"sv-SE","@id":"https:\/\/wp.kristdemokraterna.se\/ale\/vitsippspriset\/vitsippspriset-2018\/#primaryimage","url":"http:\/\/wp.kristdemokraterna.se\/ale\/files\/2018\/06\/vitsippspriset-18.jpg","contentUrl":"http:\/\/wp.kristdemokraterna.se\/ale\/files\/2018\/06\/vitsippspriset-18.jpg"},{"@type":"BreadcrumbList","@id":"https:\/\/wp.kristdemokraterna.se\/ale\/vitsippspriset\/vitsippspriset-2018\/#breadcrumb","itemListElement":[{"@type":"ListItem","position":1,"name":"Hem","item":"https:\/\/wp.kristdemokraterna.se\/ale\/"},{"@type":"ListItem","position":2,"name":"Vitsippspriset","item":"https:\/\/wp.kristdemokraterna.se\/ale\/vitsippspriset\/"},{"@type":"ListItem","position":3,"name":"Vitsippspriset 2018"}]},{"@type":"WebSite","@id":"https:\/\/wp.kristdemokraterna.se\/ale\/#website","url":"https:\/\/wp.kristdemokraterna.se\/ale\/","name":"Ale","description":"Ale","inLanguage":"sv-SE"}]}</script>
<!-- / Yoast SEO plugin. -->

Priset har Kristdemokraterna i Ale beslutat att tilldela Marie Jaanson och Thomas Olsson med följande motivering: &#8221;Marie och Thomas har senaste åren varit med och startat två fotbollslag. Ett lag med deltagare som har en funktionsnedsättning och ett lag där man har lyckats få killar som slutat med fotbollen att återkomma och där man också fått flera ensamkommande ungdomar Read More
