{"id":58,"date":"2012-08-08T15:35:48","date_gmt":"2012-08-08T13:35:48","guid":{"rendered":"http:\/\/wp.kristdemokraterna.se\/ale\/?page_id=58"},"modified":"2021-02-25T09:01:39","modified_gmt":"2021-02-25T08:01:39","slug":"vitsippspriset-2007","status":"publish","type":"page","link":"https:\/\/wp.kristdemokraterna.se\/ale\/vitsippspriset\/vitsippspriset-2007\/","title":{"rendered":"Vitsippspriset 2007"},"content":{"rendered":"<div align=\"left\">\n<div id=\"attachment_59\" style=\"width: 371px\" class=\"wp-caption aligncenter\"><a href=\"http:\/\/wp.kristdemokraterna.se\/ale\/files\/2012\/08\/Vitsippspriset2007.jpg\"><img loading=\"lazy\" decoding=\"async\" aria-describedby=\"caption-attachment-59\" class=\"size-full wp-image-59\" title=\"Vitsippspriset2007\" src=\"http:\/\/wp.kristdemokraterna.se\/ale\/files\/2012\/08\/Vitsippspriset2007.jpg\" alt=\"\" width=\"361\" height=\"248\" \/><\/a><p id=\"caption-attachment-59\" class=\"wp-caption-text\">Foto: Alekuriren<\/p><\/div>\n<p><em><strong>Priset gick till Michael Svensson, Teaterl\u00e4rare, med f\u00f6ljande motivering:<\/strong><\/em><\/p>\n<\/div>\n<blockquote>\n<div align=\"left\">&#8221;Michael Svensson har under l\u00e5ng tid arbetat med ungdomar. Teater och musik har varit medel f\u00f6r att f\u00e5 ungdomar att finna sig sj\u00e4lva och se sina styrkor och svagheter. Michael ledde Ledetprojektet, senare startades Pelarteatern d\u00e4r han lade ner mycket ideellt arbete och d\u00e4r man lyckades f\u00e5 struliga ungdomar att f\u00e5 ordning p\u00e5 sina liv. I Ale Gymnasium har han fortsatt musik- och teaterverksamheten. Ut\u00f6ver de formella lektionerna har han lagt ner mycket tid och kraft f\u00f6r att f\u00e5 eleverna att st\u00e4lla upp och prestera maximalt. F\u00f6r dessa ideella insatser vill vi tilldela Michael Svensson \u00e5rets Vitsippspris.&#8221;<\/div>\n<\/blockquote>\n<p>&nbsp;<\/p>\n<div align=\"left\"><\/div>\n<div align=\"left\">L\u00e4s artikel fr\u00e5n Alekuriren h\u00e4r:<\/div>\n<div align=\"left\"><a href=\"http:\/\/wp.kristdemokraterna.se\/ale\/files\/2012\/08\/Vitsippspriset2007.pdf\">Vitsippspriset 2007<\/a><\/div>\n","protected":false},"excerpt":{"rendered":"<p>Priset gick till Michael Svensson, Teaterl\u00e4rare, med f\u00f6ljande motivering: &#8221;Michael Svensson har under l\u00e5ng tid arbetat med ungdomar. Teater och musik har varit medel f\u00f6r att f\u00e5 ungdomar att finna sig sj\u00e4lva och se sina styrkor och svagheter. Michael ledde Ledetprojektet, senare startades Pelarteatern d\u00e4r han lade ner mycket ideellt arbete och d\u00e4r man lyckades <a class=\"read-more-link\" href=\"https:\/\/wp.kristdemokraterna.se\/ale\/vitsippspriset\/vitsippspriset-2007\/\">Read More<\/a><\/p>\n","protected":false},"author":23,"featured_media":0,"parent":15,"menu_order":11,"comment_status":"closed","ping_status":"closed","template":"","meta":{"_acf_changed":false,"footnotes":""},"class_list":["post-58","page","type-page","status-publish","hentry"],"acf":[],"yoast_head":"<!-- This site is optimized with the Yoast SEO plugin v27.4 - https:\/\/yoast.com\/product\/yoast-seo-wordpress\/ -->\n<title>Vitsippspriset 2007 - Ale<\/title>\n<meta name=\"robots\" content=\"index, follow, max-snippet:-1, max-image-preview:large, max-video-preview:-1\" \/>\n<link rel=\"canonical\" href=\"https:\/\/wp.kristdemokraterna.se\/ale\/vitsippspriset\/vitsippspriset-2007\/\" \/>\n<meta property=\"og:locale\" content=\"sv_SE\" \/>\n<meta property=\"og:type\" content=\"article\" \/>\n<meta property=\"og:title\" content=\"Vitsippspriset 2007 - Ale\" \/>\n<meta property=\"og:description\" content=\"Priset gick till Michael Svensson, Teaterl\u00e4rare, med f\u00f6ljande motivering: &#8221;Michael Svensson har under l\u00e5ng tid arbetat med ungdomar. Teater och musik har varit medel f\u00f6r att f\u00e5 ungdomar att finna sig sj\u00e4lva och se sina styrkor och svagheter. Michael ledde Ledetprojektet, senare startades Pelarteatern d\u00e4r han lade ner mycket ideellt arbete och d\u00e4r man lyckades Read More\" \/>\n<meta property=\"og:url\" content=\"https:\/\/wp.kristdemokraterna.se\/ale\/vitsippspriset\/vitsippspriset-2007\/\" \/>\n<meta property=\"og:site_name\" content=\"Ale\" \/>\n<meta property=\"article:modified_time\" content=\"2021-02-25T08:01:39+00:00\" \/>\n<meta property=\"og:image\" content=\"http:\/\/wp.kristdemokraterna.se\/ale\/files\/2012\/08\/Vitsippspriset2007.jpg\" \/>\n<meta name=\"twitter:card\" content=\"summary_large_image\" \/>\n<meta name=\"twitter:label1\" content=\"Ber\u00e4knad l\u00e4stid\" \/>\n\t<meta name=\"twitter:data1\" content=\"1 minut\" \/>\n<script type=\"application\/ld+json\" class=\"yoast-schema-graph\">{\"@context\":\"https:\\\/\\\/schema.org\",\"@graph\":[{\"@type\":\"WebPage\",\"@id\":\"https:\\\/\\\/wp.kristdemokraterna.se\\\/ale\\\/vitsippspriset\\\/vitsippspriset-2007\\\/\",\"url\":\"https:\\\/\\\/wp.kristdemokraterna.se\\\/ale\\\/vitsippspriset\\\/vitsippspriset-2007\\\/\",\"name\":\"Vitsippspriset 2007 - Ale\",\"isPartOf\":{\"@id\":\"https:\\\/\\\/wp.kristdemokraterna.se\\\/ale\\\/#website\"},\"primaryImageOfPage\":{\"@id\":\"https:\\\/\\\/wp.kristdemokraterna.se\\\/ale\\\/vitsippspriset\\\/vitsippspriset-2007\\\/#primaryimage\"},\"image\":{\"@id\":\"https:\\\/\\\/wp.kristdemokraterna.se\\\/ale\\\/vitsippspriset\\\/vitsippspriset-2007\\\/#primaryimage\"},\"thumbnailUrl\":\"http:\\\/\\\/wp.kristdemokraterna.se\\\/ale\\\/files\\\/2012\\\/08\\\/Vitsippspriset2007.jpg\",\"datePublished\":\"2012-08-08T13:35:48+00:00\",\"dateModified\":\"2021-02-25T08:01:39+00:00\",\"breadcrumb\":{\"@id\":\"https:\\\/\\\/wp.kristdemokraterna.se\\\/ale\\\/vitsippspriset\\\/vitsippspriset-2007\\\/#breadcrumb\"},\"inLanguage\":\"sv-SE\",\"potentialAction\":[{\"@type\":\"ReadAction\",\"target\":[\"https:\\\/\\\/wp.kristdemokraterna.se\\\/ale\\\/vitsippspriset\\\/vitsippspriset-2007\\\/\"]}]},{\"@type\":\"ImageObject\",\"inLanguage\":\"sv-SE\",\"@id\":\"https:\\\/\\\/wp.kristdemokraterna.se\\\/ale\\\/vitsippspriset\\\/vitsippspriset-2007\\\/#primaryimage\",\"url\":\"http:\\\/\\\/wp.kristdemokraterna.se\\\/ale\\\/files\\\/2012\\\/08\\\/Vitsippspriset2007.jpg\",\"contentUrl\":\"http:\\\/\\\/wp.kristdemokraterna.se\\\/ale\\\/files\\\/2012\\\/08\\\/Vitsippspriset2007.jpg\"},{\"@type\":\"BreadcrumbList\",\"@id\":\"https:\\\/\\\/wp.kristdemokraterna.se\\\/ale\\\/vitsippspriset\\\/vitsippspriset-2007\\\/#breadcrumb\",\"itemListElement\":[{\"@type\":\"ListItem\",\"position\":1,\"name\":\"Hem\",\"item\":\"https:\\\/\\\/wp.kristdemokraterna.se\\\/ale\\\/\"},{\"@type\":\"ListItem\",\"position\":2,\"name\":\"Vitsippspriset\",\"item\":\"https:\\\/\\\/wp.kristdemokraterna.se\\\/ale\\\/vitsippspriset\\\/\"},{\"@type\":\"ListItem\",\"position\":3,\"name\":\"Vitsippspriset 2007\"}]},{\"@type\":\"WebSite\",\"@id\":\"https:\\\/\\\/wp.kristdemokraterna.se\\\/ale\\\/#website\",\"url\":\"https:\\\/\\\/wp.kristdemokraterna.se\\\/ale\\\/\",\"name\":\"Ale\",\"description\":\"Ale\",\"inLanguage\":\"sv-SE\"}]}<\/script>\n<!-- \/ Yoast SEO plugin. -->","yoast_head_json":{"title":"Vitsippspriset 2007 - Ale","robots":{"index":"index","follow":"follow","max-snippet":"max-snippet:-1","max-image-preview":"max-image-preview:large","max-video-preview":"max-video-preview:-1"},"canonical":"https:\/\/wp.kristdemokraterna.se\/ale\/vitsippspriset\/vitsippspriset-2007\/","og_locale":"sv_SE","og_type":"article","og_title":"Vitsippspriset 2007 - Ale","og_description":"Priset gick till Michael Svensson, Teaterl\u00e4rare, med f\u00f6ljande motivering: &#8221;Michael Svensson har under l\u00e5ng tid arbetat med ungdomar. Teater och musik har varit medel f\u00f6r att f\u00e5 ungdomar att finna sig sj\u00e4lva och se sina styrkor och svagheter. Michael ledde Ledetprojektet, senare startades Pelarteatern d\u00e4r han lade ner mycket ideellt arbete och d\u00e4r man lyckades Read More","og_url":"https:\/\/wp.kristdemokraterna.se\/ale\/vitsippspriset\/vitsippspriset-2007\/","og_site_name":"Ale","article_modified_time":"2021-02-25T08:01:39+00:00","og_image":[{"url":"http:\/\/wp.kristdemokraterna.se\/ale\/files\/2012\/08\/Vitsippspriset2007.jpg","type":"","width":"","height":""}],"twitter_card":"summary_large_image","twitter_misc":{"Ber\u00e4knad l\u00e4stid":"1 minut"},"schema":{"@context":"https:\/\/schema.org","@graph":[{"@type":"WebPage","@id":"https:\/\/wp.kristdemokraterna.se\/ale\/vitsippspriset\/vitsippspriset-2007\/","url":"https:\/\/wp.kristdemokraterna.se\/ale\/vitsippspriset\/vitsippspriset-2007\/","name":"Vitsippspriset 2007 - Ale","isPartOf":{"@id":"https:\/\/wp.kristdemokraterna.se\/ale\/#website"},"primaryImageOfPage":{"@id":"https:\/\/wp.kristdemokraterna.se\/ale\/vitsippspriset\/vitsippspriset-2007\/#primaryimage"},"image":{"@id":"https:\/\/wp.kristdemokraterna.se\/ale\/vitsippspriset\/vitsippspriset-2007\/#primaryimage"},"thumbnailUrl":"http:\/\/wp.kristdemokraterna.se\/ale\/files\/2012\/08\/Vitsippspriset2007.jpg","datePublished":"2012-08-08T13:35:48+00:00","dateModified":"2021-02-25T08:01:39+00:00","breadcrumb":{"@id":"https:\/\/wp.kristdemokraterna.se\/ale\/vitsippspriset\/vitsippspriset-2007\/#breadcrumb"},"inLanguage":"sv-SE","potentialAction":[{"@type":"ReadAction","target":["https:\/\/wp.kristdemokraterna.se\/ale\/vitsippspriset\/vitsippspriset-2007\/"]}]},{"@type":"ImageObject","inLanguage":"sv-SE","@id":"https:\/\/wp.kristdemokraterna.se\/ale\/vitsippspriset\/vitsippspriset-2007\/#primaryimage","url":"http:\/\/wp.kristdemokraterna.se\/ale\/files\/2012\/08\/Vitsippspriset2007.jpg","contentUrl":"http:\/\/wp.kristdemokraterna.se\/ale\/files\/2012\/08\/Vitsippspriset2007.jpg"},{"@type":"BreadcrumbList","@id":"https:\/\/wp.kristdemokraterna.se\/ale\/vitsippspriset\/vitsippspriset-2007\/#breadcrumb","itemListElement":[{"@type":"ListItem","position":1,"name":"Hem","item":"https:\/\/wp.kristdemokraterna.se\/ale\/"},{"@type":"ListItem","position":2,"name":"Vitsippspriset","item":"https:\/\/wp.kristdemokraterna.se\/ale\/vitsippspriset\/"},{"@type":"ListItem","position":3,"name":"Vitsippspriset 2007"}]},{"@type":"WebSite","@id":"https:\/\/wp.kristdemokraterna.se\/ale\/#website","url":"https:\/\/wp.kristdemokraterna.se\/ale\/","name":"Ale","description":"Ale","inLanguage":"sv-SE"}]}},"_links":{"self":[{"href":"https:\/\/wp.kristdemokraterna.se\/ale\/wp-json\/wp\/v2\/pages\/58","targetHints":{"allow":["GET"]}}],"collection":[{"href":"https:\/\/wp.kristdemokraterna.se\/ale\/wp-json\/wp\/v2\/pages"}],"about":[{"href":"https:\/\/wp.kristdemokraterna.se\/ale\/wp-json\/wp\/v2\/types\/page"}],"author":[{"embeddable":true,"href":"https:\/\/wp.kristdemokraterna.se\/ale\/wp-json\/wp\/v2\/users\/23"}],"replies":[{"embeddable":true,"href":"https:\/\/wp.kristdemokraterna.se\/ale\/wp-json\/wp\/v2\/comments?post=58"}],"version-history":[{"count":5,"href":"https:\/\/wp.kristdemokraterna.se\/ale\/wp-json\/wp\/v2\/pages\/58\/revisions"}],"predecessor-version":[{"id":602,"href":"https:\/\/wp.kristdemokraterna.se\/ale\/wp-json\/wp\/v2\/pages\/58\/revisions\/602"}],"up":[{"embeddable":true,"href":"https:\/\/wp.kristdemokraterna.se\/ale\/wp-json\/wp\/v2\/pages\/15"}],"wp:attachment":[{"href":"https:\/\/wp.kristdemokraterna.se\/ale\/wp-json\/wp\/v2\/media?parent=58"}],"curies":[{"name":"wp","href":"https:\/\/api.w.org\/{rel}","templated":true}]}}

<div align="left">
<div id="attachment_59" style="width: 371px" class="wp-caption aligncenter"><a href="http://wp.kristdemokraterna.se/ale/files/2012/08/Vitsippspriset2007.jpg"><img loading="lazy" decoding="async" aria-describedby="caption-attachment-59" class="size-full wp-image-59" title="Vitsippspriset2007" src="http://wp.kristdemokraterna.se/ale/files/2012/08/Vitsippspriset2007.jpg" alt="" width="361" height="248" /></a><p id="caption-attachment-59" class="wp-caption-text">Foto: Alekuriren</p></div>
<p><em><strong>Priset gick till Michael Svensson, Teaterlärare, med följande motivering:</strong></em></p>
</div>
<blockquote>
<div align="left">&#8221;Michael Svensson har under lång tid arbetat med ungdomar. Teater och musik har varit medel för att få ungdomar att finna sig själva och se sina styrkor och svagheter. Michael ledde Ledetprojektet, senare startades Pelarteatern där han lade ner mycket ideellt arbete och där man lyckades få struliga ungdomar att få ordning på sina liv. I Ale Gymnasium har han fortsatt musik- och teaterverksamheten. Utöver de formella lektionerna har han lagt ner mycket tid och kraft för att få eleverna att ställa upp och prestera maximalt. För dessa ideella insatser vill vi tilldela Michael Svensson årets Vitsippspris.&#8221;</div>
</blockquote>
<p>&nbsp;</p>
<div align="left"></div>
<div align="left">Läs artikel från Alekuriren här:</div>
<div align="left"><a href="http://wp.kristdemokraterna.se/ale/files/2012/08/Vitsippspriset2007.pdf">Vitsippspriset 2007</a></div>

<p>Priset gick till Michael Svensson, Teaterlärare, med följande motivering: &#8221;Michael Svensson har under lång tid arbetat med ungdomar. Teater och musik har varit medel för att få ungdomar att finna sig själva och se sina styrkor och svagheter. Michael ledde Ledetprojektet, senare startades Pelarteatern där han lade ner mycket ideellt arbete och där man lyckades <a class="read-more-link" href="https://wp.kristdemokraterna.se/ale/vitsippspriset/vitsippspriset-2007/">Read More</a></p>

<!-- This site is optimized with the Yoast SEO plugin v27.4 - https://yoast.com/product/yoast-seo-wordpress/ -->
<title>Vitsippspriset 2007 - Ale</title>
<meta name="robots" content="index, follow, max-snippet:-1, max-image-preview:large, max-video-preview:-1" />
<link rel="canonical" href="https://wp.kristdemokraterna.se/ale/vitsippspriset/vitsippspriset-2007/" />
<meta property="og:locale" content="sv_SE" />
<meta property="og:type" content="article" />
<meta property="og:title" content="Vitsippspriset 2007 - Ale" />
<meta property="og:description" content="Priset gick till Michael Svensson, Teaterlärare, med följande motivering: &#8221;Michael Svensson har under lång tid arbetat med ungdomar. Teater och musik har varit medel för att få ungdomar att finna sig själva och se sina styrkor och svagheter. Michael ledde Ledetprojektet, senare startades Pelarteatern där han lade ner mycket ideellt arbete och där man lyckades Read More" />
<meta property="og:url" content="https://wp.kristdemokraterna.se/ale/vitsippspriset/vitsippspriset-2007/" />
<meta property="og:site_name" content="Ale" />
<meta property="article:modified_time" content="2021-02-25T08:01:39+00:00" />
<meta property="og:image" content="http://wp.kristdemokraterna.se/ale/files/2012/08/Vitsippspriset2007.jpg" />
<meta name="twitter:card" content="summary_large_image" />
<meta name="twitter:label1" content="Beräknad lästid" />
	<meta name="twitter:data1" content="1 minut" />
<script type="application/ld+json" class="yoast-schema-graph">{"@context":"https:\/\/schema.org","@graph":[{"@type":"WebPage","@id":"https:\/\/wp.kristdemokraterna.se\/ale\/vitsippspriset\/vitsippspriset-2007\/","url":"https:\/\/wp.kristdemokraterna.se\/ale\/vitsippspriset\/vitsippspriset-2007\/","name":"Vitsippspriset 2007 - Ale","isPartOf":{"@id":"https:\/\/wp.kristdemokraterna.se\/ale\/#website"},"primaryImageOfPage":{"@id":"https:\/\/wp.kristdemokraterna.se\/ale\/vitsippspriset\/vitsippspriset-2007\/#primaryimage"},"image":{"@id":"https:\/\/wp.kristdemokraterna.se\/ale\/vitsippspriset\/vitsippspriset-2007\/#primaryimage"},"thumbnailUrl":"http:\/\/wp.kristdemokraterna.se\/ale\/files\/2012\/08\/Vitsippspriset2007.jpg","datePublished":"2012-08-08T13:35:48+00:00","dateModified":"2021-02-25T08:01:39+00:00","breadcrumb":{"@id":"https:\/\/wp.kristdemokraterna.se\/ale\/vitsippspriset\/vitsippspriset-2007\/#breadcrumb"},"inLanguage":"sv-SE","potentialAction":[{"@type":"ReadAction","target":["https:\/\/wp.kristdemokraterna.se\/ale\/vitsippspriset\/vitsippspriset-2007\/"]}]},{"@type":"ImageObject","inLanguage":"sv-SE","@id":"https:\/\/wp.kristdemokraterna.se\/ale\/vitsippspriset\/vitsippspriset-2007\/#primaryimage","url":"http:\/\/wp.kristdemokraterna.se\/ale\/files\/2012\/08\/Vitsippspriset2007.jpg","contentUrl":"http:\/\/wp.kristdemokraterna.se\/ale\/files\/2012\/08\/Vitsippspriset2007.jpg"},{"@type":"BreadcrumbList","@id":"https:\/\/wp.kristdemokraterna.se\/ale\/vitsippspriset\/vitsippspriset-2007\/#breadcrumb","itemListElement":[{"@type":"ListItem","position":1,"name":"Hem","item":"https:\/\/wp.kristdemokraterna.se\/ale\/"},{"@type":"ListItem","position":2,"name":"Vitsippspriset","item":"https:\/\/wp.kristdemokraterna.se\/ale\/vitsippspriset\/"},{"@type":"ListItem","position":3,"name":"Vitsippspriset 2007"}]},{"@type":"WebSite","@id":"https:\/\/wp.kristdemokraterna.se\/ale\/#website","url":"https:\/\/wp.kristdemokraterna.se\/ale\/","name":"Ale","description":"Ale","inLanguage":"sv-SE"}]}</script>
<!-- / Yoast SEO plugin. -->

Priset gick till Michael Svensson, Teaterlärare, med följande motivering: &#8221;Michael Svensson har under lång tid arbetat med ungdomar. Teater och musik har varit medel för att få ungdomar att finna sig själva och se sina styrkor och svagheter. Michael ledde Ledetprojektet, senare startades Pelarteatern där han lade ner mycket ideellt arbete och där man lyckades Read More
