{"id":9,"date":"2012-08-08T07:35:44","date_gmt":"2012-08-08T05:35:44","guid":{"rendered":"http:\/\/wp.kristdemokraterna.se\/ale\/?page_id=9"},"modified":"2021-02-25T09:15:43","modified_gmt":"2021-02-25T08:15:43","slug":"styrelse","status":"publish","type":"page","link":"https:\/\/wp.kristdemokraterna.se\/ale\/om-oss\/styrelse\/","title":{"rendered":"Styrelse"},"content":{"rendered":"<p><strong>Ordf\u00f6rande<\/strong><br \/>\nSune Ryd\u00e9n<br \/>\n<a title=\"sune.ryden@ale.se\" href=\"mailto:sune.ryden@ale.se\">sune.ryden@ale.se<\/a><\/p>\n<p><strong>Vice ordf\u00f6rande och sekreterare<\/strong><br \/>\nClaes-Anders Bengtsson<br \/>\n<a href=\"mailto:c-a.bengtsson@outlook.com\">c-a.bengtsson@outlook.com<\/a><\/p>\n<p><strong>Kass\u00f6r<\/strong><br \/>\nG\u00f6ran Svensson<em id=\"__mceDel\"><br \/>\n<\/em><a href=\"mailto:alaforsarna@home.se\">alaforsarna@home.se<\/a><\/p>\n<p>Birgit Andersson<br \/>\n<a href=\"mailto:mabi@tele2.se\">mabi@tele2.se<\/a><\/p>\n<p>David Ryd\u00e9n<br \/>\n<a href=\"mailto:david.ryden@ale .se\">david.ryden@ale.se<\/a><\/p>\n<p>Christer M\u00f6rlin<br \/>\n<a href=\"mailto:christerrune.morlin@gmail.com\">christerrune.morlin@gmail.com<\/a><\/p>\n<p>Maria-Bianca Andersson<br \/>\n<a href=\"mailto:bianca.arielle.andersson@gmail.com\">bianca.arielle.andersson@gmail.com<\/a><\/p>\n<p>Tage Lindstr\u00f6m<br \/>\n<a href=\"mailto:lindstrom.tage@gmail.com\">lindstrom.tage@gmail.com<\/a><\/p>\n<p>Birgit Hansson<br \/>\n<a href=\"mailto:birgithansson@telia.com\">birgithansson@telia.com<\/a><\/p>\n<p>Lennart Borgvall<br \/>\n<a href=\"mailto:lennart.borgvall@sandoel.se\">lennart.borgvall@sandoel.se<\/a><\/p>\n<p>Jens Karlsson<br \/>\n<a href=\"mailto:gbgkille86@live.se\">gbgkille86@live.se<\/a><\/p>\n","protected":false},"excerpt":{"rendered":"<p>Ordf\u00f6rande Sune Ryd\u00e9n sune.ryden@ale.se Vice ordf\u00f6rande och sekreterare Claes-Anders Bengtsson c-a.bengtsson@outlook.com Kass\u00f6r G\u00f6ran Svensson alaforsarna@home.se Birgit Andersson mabi@tele2.se David Ryd\u00e9n david.ryden@ale.se Christer M\u00f6rlin christerrune.morlin@gmail.com Maria-Bianca Andersson bianca.arielle.andersson@gmail.com Tage Lindstr\u00f6m lindstrom.tage@gmail.com Birgit Hansson birgithansson@telia.com Lennart Borgvall lennart.borgvall@sandoel.se Jens Karlsson gbgkille86@live.se<\/p>\n","protected":false},"author":23,"featured_media":0,"parent":466,"menu_order":0,"comment_status":"closed","ping_status":"closed","template":"","meta":{"_acf_changed":false,"footnotes":""},"class_list":["post-9","page","type-page","status-publish","hentry"],"acf":[],"yoast_head":"<!-- This site is optimized with the Yoast SEO plugin v27.4 - https:\/\/yoast.com\/product\/yoast-seo-wordpress\/ -->\n<title>Styrelse - Ale<\/title>\n<meta name=\"robots\" content=\"index, follow, max-snippet:-1, max-image-preview:large, max-video-preview:-1\" \/>\n<link rel=\"canonical\" href=\"https:\/\/wp.kristdemokraterna.se\/ale\/om-oss\/styrelse\/\" \/>\n<meta property=\"og:locale\" content=\"sv_SE\" \/>\n<meta property=\"og:type\" content=\"article\" \/>\n<meta property=\"og:title\" content=\"Styrelse - Ale\" \/>\n<meta property=\"og:description\" content=\"Ordf\u00f6rande Sune Ryd\u00e9n sune.ryden@ale.se Vice ordf\u00f6rande och sekreterare Claes-Anders Bengtsson c-a.bengtsson@outlook.com Kass\u00f6r G\u00f6ran Svensson alaforsarna@home.se Birgit Andersson mabi@tele2.se David Ryd\u00e9n david.ryden@ale.se Christer M\u00f6rlin christerrune.morlin@gmail.com Maria-Bianca Andersson bianca.arielle.andersson@gmail.com Tage Lindstr\u00f6m lindstrom.tage@gmail.com Birgit Hansson birgithansson@telia.com Lennart Borgvall lennart.borgvall@sandoel.se Jens Karlsson gbgkille86@live.se\" \/>\n<meta property=\"og:url\" content=\"https:\/\/wp.kristdemokraterna.se\/ale\/om-oss\/styrelse\/\" \/>\n<meta property=\"og:site_name\" content=\"Ale\" \/>\n<meta property=\"article:modified_time\" content=\"2021-02-25T08:15:43+00:00\" \/>\n<meta name=\"twitter:card\" content=\"summary_large_image\" \/>\n<meta name=\"twitter:label1\" content=\"Ber\u00e4knad l\u00e4stid\" \/>\n\t<meta name=\"twitter:data1\" content=\"1 minut\" \/>\n<script type=\"application\/ld+json\" class=\"yoast-schema-graph\">{\"@context\":\"https:\\\/\\\/schema.org\",\"@graph\":[{\"@type\":\"WebPage\",\"@id\":\"https:\\\/\\\/wp.kristdemokraterna.se\\\/ale\\\/om-oss\\\/styrelse\\\/\",\"url\":\"https:\\\/\\\/wp.kristdemokraterna.se\\\/ale\\\/om-oss\\\/styrelse\\\/\",\"name\":\"Styrelse - Ale\",\"isPartOf\":{\"@id\":\"https:\\\/\\\/wp.kristdemokraterna.se\\\/ale\\\/#website\"},\"datePublished\":\"2012-08-08T05:35:44+00:00\",\"dateModified\":\"2021-02-25T08:15:43+00:00\",\"breadcrumb\":{\"@id\":\"https:\\\/\\\/wp.kristdemokraterna.se\\\/ale\\\/om-oss\\\/styrelse\\\/#breadcrumb\"},\"inLanguage\":\"sv-SE\",\"potentialAction\":[{\"@type\":\"ReadAction\",\"target\":[\"https:\\\/\\\/wp.kristdemokraterna.se\\\/ale\\\/om-oss\\\/styrelse\\\/\"]}]},{\"@type\":\"BreadcrumbList\",\"@id\":\"https:\\\/\\\/wp.kristdemokraterna.se\\\/ale\\\/om-oss\\\/styrelse\\\/#breadcrumb\",\"itemListElement\":[{\"@type\":\"ListItem\",\"position\":1,\"name\":\"Hem\",\"item\":\"https:\\\/\\\/wp.kristdemokraterna.se\\\/ale\\\/\"},{\"@type\":\"ListItem\",\"position\":2,\"name\":\"Om oss\",\"item\":\"https:\\\/\\\/wp.kristdemokraterna.se\\\/ale\\\/om-oss\\\/\"},{\"@type\":\"ListItem\",\"position\":3,\"name\":\"Styrelse\"}]},{\"@type\":\"WebSite\",\"@id\":\"https:\\\/\\\/wp.kristdemokraterna.se\\\/ale\\\/#website\",\"url\":\"https:\\\/\\\/wp.kristdemokraterna.se\\\/ale\\\/\",\"name\":\"Ale\",\"description\":\"Ale\",\"inLanguage\":\"sv-SE\"}]}<\/script>\n<!-- \/ Yoast SEO plugin. -->","yoast_head_json":{"title":"Styrelse - Ale","robots":{"index":"index","follow":"follow","max-snippet":"max-snippet:-1","max-image-preview":"max-image-preview:large","max-video-preview":"max-video-preview:-1"},"canonical":"https:\/\/wp.kristdemokraterna.se\/ale\/om-oss\/styrelse\/","og_locale":"sv_SE","og_type":"article","og_title":"Styrelse - Ale","og_description":"Ordf\u00f6rande Sune Ryd\u00e9n sune.ryden@ale.se Vice ordf\u00f6rande och sekreterare Claes-Anders Bengtsson c-a.bengtsson@outlook.com Kass\u00f6r G\u00f6ran Svensson alaforsarna@home.se Birgit Andersson mabi@tele2.se David Ryd\u00e9n david.ryden@ale.se Christer M\u00f6rlin christerrune.morlin@gmail.com Maria-Bianca Andersson bianca.arielle.andersson@gmail.com Tage Lindstr\u00f6m lindstrom.tage@gmail.com Birgit Hansson birgithansson@telia.com Lennart Borgvall lennart.borgvall@sandoel.se Jens Karlsson gbgkille86@live.se","og_url":"https:\/\/wp.kristdemokraterna.se\/ale\/om-oss\/styrelse\/","og_site_name":"Ale","article_modified_time":"2021-02-25T08:15:43+00:00","twitter_card":"summary_large_image","twitter_misc":{"Ber\u00e4knad l\u00e4stid":"1 minut"},"schema":{"@context":"https:\/\/schema.org","@graph":[{"@type":"WebPage","@id":"https:\/\/wp.kristdemokraterna.se\/ale\/om-oss\/styrelse\/","url":"https:\/\/wp.kristdemokraterna.se\/ale\/om-oss\/styrelse\/","name":"Styrelse - Ale","isPartOf":{"@id":"https:\/\/wp.kristdemokraterna.se\/ale\/#website"},"datePublished":"2012-08-08T05:35:44+00:00","dateModified":"2021-02-25T08:15:43+00:00","breadcrumb":{"@id":"https:\/\/wp.kristdemokraterna.se\/ale\/om-oss\/styrelse\/#breadcrumb"},"inLanguage":"sv-SE","potentialAction":[{"@type":"ReadAction","target":["https:\/\/wp.kristdemokraterna.se\/ale\/om-oss\/styrelse\/"]}]},{"@type":"BreadcrumbList","@id":"https:\/\/wp.kristdemokraterna.se\/ale\/om-oss\/styrelse\/#breadcrumb","itemListElement":[{"@type":"ListItem","position":1,"name":"Hem","item":"https:\/\/wp.kristdemokraterna.se\/ale\/"},{"@type":"ListItem","position":2,"name":"Om oss","item":"https:\/\/wp.kristdemokraterna.se\/ale\/om-oss\/"},{"@type":"ListItem","position":3,"name":"Styrelse"}]},{"@type":"WebSite","@id":"https:\/\/wp.kristdemokraterna.se\/ale\/#website","url":"https:\/\/wp.kristdemokraterna.se\/ale\/","name":"Ale","description":"Ale","inLanguage":"sv-SE"}]}},"_links":{"self":[{"href":"https:\/\/wp.kristdemokraterna.se\/ale\/wp-json\/wp\/v2\/pages\/9","targetHints":{"allow":["GET"]}}],"collection":[{"href":"https:\/\/wp.kristdemokraterna.se\/ale\/wp-json\/wp\/v2\/pages"}],"about":[{"href":"https:\/\/wp.kristdemokraterna.se\/ale\/wp-json\/wp\/v2\/types\/page"}],"author":[{"embeddable":true,"href":"https:\/\/wp.kristdemokraterna.se\/ale\/wp-json\/wp\/v2\/users\/23"}],"replies":[{"embeddable":true,"href":"https:\/\/wp.kristdemokraterna.se\/ale\/wp-json\/wp\/v2\/comments?post=9"}],"version-history":[{"count":19,"href":"https:\/\/wp.kristdemokraterna.se\/ale\/wp-json\/wp\/v2\/pages\/9\/revisions"}],"predecessor-version":[{"id":611,"href":"https:\/\/wp.kristdemokraterna.se\/ale\/wp-json\/wp\/v2\/pages\/9\/revisions\/611"}],"up":[{"embeddable":true,"href":"https:\/\/wp.kristdemokraterna.se\/ale\/wp-json\/wp\/v2\/pages\/466"}],"wp:attachment":[{"href":"https:\/\/wp.kristdemokraterna.se\/ale\/wp-json\/wp\/v2\/media?parent=9"}],"curies":[{"name":"wp","href":"https:\/\/api.w.org\/{rel}","templated":true}]}}