{"id":8,"date":"2012-11-19T15:56:50","date_gmt":"2012-11-19T14:56:50","guid":{"rendered":"http:\/\/wp.kristdemokraterna.se\/alvkarleby\/?page_id=8"},"modified":"2024-09-30T14:54:08","modified_gmt":"2024-09-30T12:54:08","slug":"kontakta-oss","status":"publish","type":"page","link":"https:\/\/wp.kristdemokraterna.se\/alvkarleby\/kontakta-oss\/","title":{"rendered":"Kontakta oss"},"content":{"rendered":"<h2><\/h2>\n<p>Mattias Nygren, KD \u00c4lvkarleby<\/p>\n<p>Gruppledare,<\/p>\n<p>Ordinarie ledamot i Kommunstyrelsen och ordf\u00f6rande i KD Norduppland<\/p>\n<p>070-999 69 57<\/p>\n<p>Georges Al-Sawiri<\/p>\n<p>Ordinarie ledamot i Kommunfullm\u00e4ktige, ers\u00e4ttare i Kommunstyrelsen<\/p>\n<p>073-753 45 34<\/p>\n<p>Linda L\u00e5ngs<\/p>\n<p>Ers\u00e4ttare i Kommunfullm\u00e4ktige<\/p>\n<p>076-272 50 55<\/p>\n<p>Staffan Nygren<\/p>\n<p>Ers\u00e4ttare i Kommunfullm\u00e4ktige<\/p>\n<p>070-345 88 66<\/p>\n<p>&nbsp;<\/p>\n<p>&nbsp;<\/p>\n<p>&nbsp;<\/p>\n","protected":false},"excerpt":{"rendered":"<p>Mattias Nygren, KD \u00c4lvkarleby Gruppledare, Ordinarie ledamot i Kommunstyrelsen och ordf\u00f6rande i KD Norduppland 070-999 69 57 Georges Al-Sawiri Ordinarie ledamot i Kommunfullm\u00e4ktige, ers\u00e4ttare i Kommunstyrelsen 073-753 45 34 Linda L\u00e5ngs Ers\u00e4ttare i Kommunfullm\u00e4ktige 076-272 50 55 Staffan Nygren Ers\u00e4ttare i Kommunfullm\u00e4ktige 070-345 88 66 &nbsp; &nbsp; &nbsp;<\/p>\n","protected":false},"author":569,"featured_media":0,"parent":0,"menu_order":0,"comment_status":"closed","ping_status":"closed","template":"","meta":{"_acf_changed":false,"footnotes":""},"class_list":["post-8","page","type-page","status-publish","hentry"],"acf":[],"yoast_head":"<!-- This site is optimized with the Yoast SEO plugin v27.4 - https:\/\/yoast.com\/product\/yoast-seo-wordpress\/ -->\n<title>Kontakta oss - \u00c4lvkarleby-Tierp<\/title>\n<meta name=\"robots\" content=\"index, follow, max-snippet:-1, max-image-preview:large, max-video-preview:-1\" \/>\n<link rel=\"canonical\" href=\"https:\/\/wp.kristdemokraterna.se\/alvkarleby\/kontakta-oss\/\" \/>\n<meta property=\"og:locale\" content=\"sv_SE\" \/>\n<meta property=\"og:type\" content=\"article\" \/>\n<meta property=\"og:title\" content=\"Kontakta oss - \u00c4lvkarleby-Tierp\" \/>\n<meta property=\"og:description\" content=\"Mattias Nygren, KD \u00c4lvkarleby Gruppledare, Ordinarie ledamot i Kommunstyrelsen och ordf\u00f6rande i KD Norduppland 070-999 69 57 Georges Al-Sawiri Ordinarie ledamot i Kommunfullm\u00e4ktige, ers\u00e4ttare i Kommunstyrelsen 073-753 45 34 Linda L\u00e5ngs Ers\u00e4ttare i Kommunfullm\u00e4ktige 076-272 50 55 Staffan Nygren Ers\u00e4ttare i Kommunfullm\u00e4ktige 070-345 88 66 &nbsp; &nbsp; &nbsp;\" \/>\n<meta property=\"og:url\" content=\"https:\/\/wp.kristdemokraterna.se\/alvkarleby\/kontakta-oss\/\" \/>\n<meta property=\"og:site_name\" content=\"\u00c4lvkarleby-Tierp\" \/>\n<meta property=\"article:modified_time\" content=\"2024-09-30T12:54:08+00:00\" \/>\n<meta name=\"twitter:card\" content=\"summary_large_image\" \/>\n<meta name=\"twitter:label1\" content=\"Ber\u00e4knad l\u00e4stid\" \/>\n\t<meta name=\"twitter:data1\" content=\"1 minut\" \/>\n<script type=\"application\/ld+json\" class=\"yoast-schema-graph\">{\"@context\":\"https:\\\/\\\/schema.org\",\"@graph\":[{\"@type\":\"WebPage\",\"@id\":\"https:\\\/\\\/wp.kristdemokraterna.se\\\/alvkarleby\\\/kontakta-oss\\\/\",\"url\":\"https:\\\/\\\/wp.kristdemokraterna.se\\\/alvkarleby\\\/kontakta-oss\\\/\",\"name\":\"Kontakta oss - \u00c4lvkarleby-Tierp\",\"isPartOf\":{\"@id\":\"https:\\\/\\\/wp.kristdemokraterna.se\\\/alvkarleby\\\/#website\"},\"datePublished\":\"2012-11-19T14:56:50+00:00\",\"dateModified\":\"2024-09-30T12:54:08+00:00\",\"breadcrumb\":{\"@id\":\"https:\\\/\\\/wp.kristdemokraterna.se\\\/alvkarleby\\\/kontakta-oss\\\/#breadcrumb\"},\"inLanguage\":\"sv-SE\",\"potentialAction\":[{\"@type\":\"ReadAction\",\"target\":[\"https:\\\/\\\/wp.kristdemokraterna.se\\\/alvkarleby\\\/kontakta-oss\\\/\"]}]},{\"@type\":\"BreadcrumbList\",\"@id\":\"https:\\\/\\\/wp.kristdemokraterna.se\\\/alvkarleby\\\/kontakta-oss\\\/#breadcrumb\",\"itemListElement\":[{\"@type\":\"ListItem\",\"position\":1,\"name\":\"Hem\",\"item\":\"https:\\\/\\\/wp.kristdemokraterna.se\\\/alvkarleby\\\/\"},{\"@type\":\"ListItem\",\"position\":2,\"name\":\"Kontakta oss\"}]},{\"@type\":\"WebSite\",\"@id\":\"https:\\\/\\\/wp.kristdemokraterna.se\\\/alvkarleby\\\/#website\",\"url\":\"https:\\\/\\\/wp.kristdemokraterna.se\\\/alvkarleby\\\/\",\"name\":\"\u00c4lvkarleby-Tierp\",\"description\":\"Familjens r\u00f6st i samh\u00e4llet!\",\"inLanguage\":\"sv-SE\"}]}<\/script>\n<!-- \/ Yoast SEO plugin. -->","yoast_head_json":{"title":"Kontakta oss - \u00c4lvkarleby-Tierp","robots":{"index":"index","follow":"follow","max-snippet":"max-snippet:-1","max-image-preview":"max-image-preview:large","max-video-preview":"max-video-preview:-1"},"canonical":"https:\/\/wp.kristdemokraterna.se\/alvkarleby\/kontakta-oss\/","og_locale":"sv_SE","og_type":"article","og_title":"Kontakta oss - \u00c4lvkarleby-Tierp","og_description":"Mattias Nygren, KD \u00c4lvkarleby Gruppledare, Ordinarie ledamot i Kommunstyrelsen och ordf\u00f6rande i KD Norduppland 070-999 69 57 Georges Al-Sawiri Ordinarie ledamot i Kommunfullm\u00e4ktige, ers\u00e4ttare i Kommunstyrelsen 073-753 45 34 Linda L\u00e5ngs Ers\u00e4ttare i Kommunfullm\u00e4ktige 076-272 50 55 Staffan Nygren Ers\u00e4ttare i Kommunfullm\u00e4ktige 070-345 88 66 &nbsp; &nbsp; &nbsp;","og_url":"https:\/\/wp.kristdemokraterna.se\/alvkarleby\/kontakta-oss\/","og_site_name":"\u00c4lvkarleby-Tierp","article_modified_time":"2024-09-30T12:54:08+00:00","twitter_card":"summary_large_image","twitter_misc":{"Ber\u00e4knad l\u00e4stid":"1 minut"},"schema":{"@context":"https:\/\/schema.org","@graph":[{"@type":"WebPage","@id":"https:\/\/wp.kristdemokraterna.se\/alvkarleby\/kontakta-oss\/","url":"https:\/\/wp.kristdemokraterna.se\/alvkarleby\/kontakta-oss\/","name":"Kontakta oss - \u00c4lvkarleby-Tierp","isPartOf":{"@id":"https:\/\/wp.kristdemokraterna.se\/alvkarleby\/#website"},"datePublished":"2012-11-19T14:56:50+00:00","dateModified":"2024-09-30T12:54:08+00:00","breadcrumb":{"@id":"https:\/\/wp.kristdemokraterna.se\/alvkarleby\/kontakta-oss\/#breadcrumb"},"inLanguage":"sv-SE","potentialAction":[{"@type":"ReadAction","target":["https:\/\/wp.kristdemokraterna.se\/alvkarleby\/kontakta-oss\/"]}]},{"@type":"BreadcrumbList","@id":"https:\/\/wp.kristdemokraterna.se\/alvkarleby\/kontakta-oss\/#breadcrumb","itemListElement":[{"@type":"ListItem","position":1,"name":"Hem","item":"https:\/\/wp.kristdemokraterna.se\/alvkarleby\/"},{"@type":"ListItem","position":2,"name":"Kontakta oss"}]},{"@type":"WebSite","@id":"https:\/\/wp.kristdemokraterna.se\/alvkarleby\/#website","url":"https:\/\/wp.kristdemokraterna.se\/alvkarleby\/","name":"\u00c4lvkarleby-Tierp","description":"Familjens r\u00f6st i samh\u00e4llet!","inLanguage":"sv-SE"}]}},"_links":{"self":[{"href":"https:\/\/wp.kristdemokraterna.se\/alvkarleby\/wp-json\/wp\/v2\/pages\/8","targetHints":{"allow":["GET"]}}],"collection":[{"href":"https:\/\/wp.kristdemokraterna.se\/alvkarleby\/wp-json\/wp\/v2\/pages"}],"about":[{"href":"https:\/\/wp.kristdemokraterna.se\/alvkarleby\/wp-json\/wp\/v2\/types\/page"}],"author":[{"embeddable":true,"href":"https:\/\/wp.kristdemokraterna.se\/alvkarleby\/wp-json\/wp\/v2\/users\/569"}],"replies":[{"embeddable":true,"href":"https:\/\/wp.kristdemokraterna.se\/alvkarleby\/wp-json\/wp\/v2\/comments?post=8"}],"version-history":[{"count":24,"href":"https:\/\/wp.kristdemokraterna.se\/alvkarleby\/wp-json\/wp\/v2\/pages\/8\/revisions"}],"predecessor-version":[{"id":182,"href":"https:\/\/wp.kristdemokraterna.se\/alvkarleby\/wp-json\/wp\/v2\/pages\/8\/revisions\/182"}],"wp:attachment":[{"href":"https:\/\/wp.kristdemokraterna.se\/alvkarleby\/wp-json\/wp\/v2\/media?parent=8"}],"curies":[{"name":"wp","href":"https:\/\/api.w.org\/{rel}","templated":true}]}}