{"version":"1.0","provider_name":"Kristdemokraterna i Aneby","provider_url":"https:\/\/wp.kristdemokraterna.se\/aneby","title":"Kontakta oss! - Kristdemokraterna i Aneby","type":"rich","width":600,"height":338,"html":"<blockquote class=\"wp-embedded-content\" data-secret=\"RoqppcQcOW\"><a href=\"https:\/\/wp.kristdemokraterna.se\/aneby\/kontakta-oss\/\">Kontakta oss!<\/a><\/blockquote><iframe sandbox=\"allow-scripts\" security=\"restricted\" src=\"https:\/\/wp.kristdemokraterna.se\/aneby\/kontakta-oss\/embed\/#?secret=RoqppcQcOW\" width=\"600\" height=\"338\" title=\"\u201dKontakta oss!\u201d &ndash; Kristdemokraterna i Aneby\" data-secret=\"RoqppcQcOW\" frameborder=\"0\" marginwidth=\"0\" marginheight=\"0\" scrolling=\"no\" class=\"wp-embedded-content\"><\/iframe><script type=\"text\/javascript\">\n\/* <![CDATA[ *\/\n\/*! This file is auto-generated *\/\n!function(d,l){\"use strict\";l.querySelector&&d.addEventListener&&\"undefined\"!=typeof URL&&(d.wp=d.wp||{},d.wp.receiveEmbedMessage||(d.wp.receiveEmbedMessage=function(e){var t=e.data;if((t||t.secret||t.message||t.value)&&!\/[^a-zA-Z0-9]\/.test(t.secret)){for(var s,r,n,a=l.querySelectorAll('iframe[data-secret=\"'+t.secret+'\"]'),o=l.querySelectorAll('blockquote[data-secret=\"'+t.secret+'\"]'),c=new RegExp(\"^https?:$\",\"i\"),i=0;i<o.length;i++)o[i].style.display=\"none\";for(i=0;i<a.length;i++)s=a[i],e.source===s.contentWindow&&(s.removeAttribute(\"style\"),\"height\"===t.message?(1e3<(r=parseInt(t.value,10))?r=1e3:~~r<200&&(r=200),s.height=r):\"link\"===t.message&&(r=new URL(s.getAttribute(\"src\")),n=new URL(t.value),c.test(n.protocol))&&n.host===r.host&&l.activeElement===s&&(d.top.location.href=t.value))}},d.addEventListener(\"message\",d.wp.receiveEmbedMessage,!1),l.addEventListener(\"DOMContentLoaded\",function(){for(var e,t,s=l.querySelectorAll(\"iframe.wp-embedded-content\"),r=0;r<s.length;r++)(t=(e=s[r]).getAttribute(\"data-secret\"))||(t=Math.random().toString(36).substring(2,12),e.src+=\"#?secret=\"+t,e.setAttribute(\"data-secret\",t)),e.contentWindow.postMessage({message:\"ready\",secret:t},\"*\")},!1)))}(window,document);\n\/\/# sourceURL=https:\/\/wp.kristdemokraterna.se\/aneby\/wp-includes\/js\/wp-embed.min.js\n\/* ]]> *\/\n<\/script>\n","description":"Partiavdelningsstyrelse Martin Rydholm Partiavdelningsordf\u00f6rande Maria Lundblom B\u00e4ckstr\u00f6m 1:e vice partiavdelningsordf\u00f6rande Berndt Dahnson Partiavdelningsstyrelseledamot Irene Oskarsson Sekreterare Partiavdelningsstyrelseledamot Marie Persson Partiavdelningsstyrelseledamot J\u00f6rgen Sv\u00e4rd Kass\u00f6r Partiavdelningsstyrelseledamot Lokala politiker Irene Oskarsson Kommunfullm\u00e4ktige, gruppledare Margareta Wier Kommunfullm\u00e4ktige, ledamot Berndt Dahnson Kommunfullm\u00e4ktige, ledamot Maria Lundblom B\u00e4ckstr\u00f6m Kommunfullm\u00e4ktige, ledamot J\u00f6rgen Sv\u00e4rd Kommunfullm\u00e4ktige, ledamot Henning L\u00f6\u00f6v Kommunfullm\u00e4ktige, ers\u00e4ttare Linus B\u00e4ckstr\u00f6m Kommunfullm\u00e4ktige, ers\u00e4ttare L\u00e4s mer"}

Partiavdelningsstyrelse Martin Rydholm Partiavdelningsordförande Maria Lundblom Bäckström 1:e vice partiavdelningsordförande Berndt Dahnson Partiavdelningsstyrelseledamot Irene Oskarsson Sekreterare Partiavdelningsstyrelseledamot Marie Persson Partiavdelningsstyrelseledamot Jörgen Svärd Kassör Partiavdelningsstyrelseledamot Lokala politiker Irene Oskarsson Kommunfullmäktige, gruppledare Margareta Wier Kommunfullmäktige, ledamot Berndt Dahnson Kommunfullmäktige, ledamot Maria Lundblom Bäckström Kommunfullmäktige, ledamot Jörgen Svärd Kommunfullmäktige, ledamot Henning Lööv Kommunfullmäktige, ersättare Linus Bäckström Kommunfullmäktige, ersättare Läs mer
