{"id":1732,"date":"2024-01-18T02:00:20","date_gmt":"2024-01-18T01:00:20","guid":{"rendered":"https:\/\/wp.kristdemokraterna.se\/koping\/?page_id=1732"},"modified":"2025-08-18T09:49:44","modified_gmt":"2025-08-18T07:49:44","slug":"representanter-i-ks-och-namnderna","status":"publish","type":"page","link":"https:\/\/wp.kristdemokraterna.se\/arboga\/var-lokalavdelning\/representanter-i-ks-och-namnderna\/","title":{"rendered":"KD i Arboga KS och i N\u00e4mnderna"},"content":{"rendered":"<p><strong>KOMMUNSTYRELSEN<\/strong><br \/>\nOrdinarie: Rahaf Ramdo, rhfmjd@gmail.com<br \/>\nErs\u00e4ttare:\u00a0 Kjell Wendin, kjell.wendin@gmail.com<\/p>\n<p><strong>SODCIALN\u00c4MNDEN<\/strong><br \/>\nOrdf\u00f6rande: Rahaf Ramdo, rhfmjd@gmail.com<br \/>\nErs\u00e4ttare: Roland Magnusson, roland.magnusson@gmail.com<br \/>\nErs\u00e4ttare: Kjell Wendin, kjell.wendin@gmail.com<\/p>\n<p><strong>BARN- OCH UTBILDNINGSN\u00c4MNDEN<\/strong><br \/>\nOrdinarie: Annika Krisat, krisatannika@gmail.com<br \/>\nErs\u00e4ttare: Samrawit Anteneh Haiiu, samru2498@icloud.com<\/p>\n<p><strong>FRITIDS- OCH KULTURN\u00c4MNDEN<\/strong><br \/>\nErs\u00e4ttare: Annika Krisat, krisatannika@gmail.com<\/p>\n<p><strong>VALN\u00c4MNDEN<br \/>\n<\/strong>Vice ordf: Kjell Wendin, kjell.wendin@gmail.com<\/p>\n<p><strong>V\u00c4STRA M\u00c4LARDALENS \u00d6VERF\u00d6RMYNDARN\u00c4MND<\/strong><br \/>\nOrdinarie: Annika Krisat, krisatannika@gmail.com<\/p>\n<p>&nbsp;<\/p>\n","protected":false},"excerpt":{"rendered":"<p>KOMMUNSTYRELSEN Ordinarie: Rahaf Ramdo, rhfmjd@gmail.com Ers\u00e4ttare:\u00a0 Kjell Wendin, kjell.wendin@gmail.com SODCIALN\u00c4MNDEN Ordf\u00f6rande: Rahaf Ramdo, rhfmjd@gmail.com Ers\u00e4ttare: Roland Magnusson, roland.magnusson@gmail.com Ers\u00e4ttare: Kjell Wendin, kjell.wendin@gmail.com BARN- OCH UTBILDNINGSN\u00c4MNDEN Ordinarie: Annika Krisat, krisatannika@gmail.com Ers\u00e4ttare: Samrawit Anteneh Haiiu, samru2498@icloud.com FRITIDS- OCH KULTURN\u00c4MNDEN Ers\u00e4ttare: Annika Krisat, krisatannika@gmail.com VALN\u00c4MNDEN Vice ordf: Kjell Wendin, kjell.wendin@gmail.com V\u00c4STRA M\u00c4LARDALENS \u00d6VERF\u00d6RMYNDARN\u00c4MND Ordinarie: Annika Krisat, krisatannika@gmail.com &nbsp;<\/p>\n","protected":false},"author":444,"featured_media":714,"parent":8,"menu_order":2,"comment_status":"closed","ping_status":"closed","template":"page.php","meta":{"_acf_changed":false,"footnotes":""},"class_list":["post-1732","page","type-page","status-publish","hentry"],"acf":[],"yoast_head":"<!-- This site is optimized with the Yoast SEO plugin v27.4 - https:\/\/yoast.com\/product\/yoast-seo-wordpress\/ -->\n<title>KD i Arboga KS och i N\u00e4mnderna - Kristdemokraterna | Arboga<\/title>\n<meta name=\"robots\" content=\"index, follow, max-snippet:-1, max-image-preview:large, max-video-preview:-1\" \/>\n<link rel=\"canonical\" href=\"https:\/\/wp.kristdemokraterna.se\/arboga\/var-lokalavdelning\/representanter-i-ks-och-namnderna\/\" \/>\n<meta property=\"og:locale\" content=\"sv_SE\" \/>\n<meta property=\"og:type\" content=\"article\" \/>\n<meta property=\"og:title\" content=\"KD i Arboga KS och i N\u00e4mnderna - Kristdemokraterna | Arboga\" \/>\n<meta property=\"og:description\" content=\"KOMMUNSTYRELSEN Ordinarie: Rahaf Ramdo, rhfmjd@gmail.com Ers\u00e4ttare:\u00a0 Kjell Wendin, kjell.wendin@gmail.com SODCIALN\u00c4MNDEN Ordf\u00f6rande: Rahaf Ramdo, rhfmjd@gmail.com Ers\u00e4ttare: Roland Magnusson, roland.magnusson@gmail.com Ers\u00e4ttare: Kjell Wendin, kjell.wendin@gmail.com BARN- OCH UTBILDNINGSN\u00c4MNDEN Ordinarie: Annika Krisat, krisatannika@gmail.com Ers\u00e4ttare: Samrawit Anteneh Haiiu, samru2498@icloud.com FRITIDS- OCH KULTURN\u00c4MNDEN Ers\u00e4ttare: Annika Krisat, krisatannika@gmail.com VALN\u00c4MNDEN Vice ordf: Kjell Wendin, kjell.wendin@gmail.com V\u00c4STRA M\u00c4LARDALENS \u00d6VERF\u00d6RMYNDARN\u00c4MND Ordinarie: Annika Krisat, krisatannika@gmail.com &nbsp;\" \/>\n<meta property=\"og:url\" content=\"https:\/\/wp.kristdemokraterna.se\/arboga\/var-lokalavdelning\/representanter-i-ks-och-namnderna\/\" \/>\n<meta property=\"og:site_name\" content=\"Kristdemokraterna | Arboga\" \/>\n<meta property=\"article:modified_time\" content=\"2025-08-18T07:49:44+00:00\" \/>\n<meta name=\"twitter:card\" content=\"summary_large_image\" \/>\n<meta name=\"twitter:label1\" content=\"Ber\u00e4knad l\u00e4stid\" \/>\n\t<meta name=\"twitter:data1\" content=\"1 minut\" \/>\n<script type=\"application\/ld+json\" class=\"yoast-schema-graph\">{\"@context\":\"https:\\\/\\\/schema.org\",\"@graph\":[{\"@type\":\"WebPage\",\"@id\":\"https:\\\/\\\/wp.kristdemokraterna.se\\\/arboga\\\/var-lokalavdelning\\\/representanter-i-ks-och-namnderna\\\/\",\"url\":\"https:\\\/\\\/wp.kristdemokraterna.se\\\/arboga\\\/var-lokalavdelning\\\/representanter-i-ks-och-namnderna\\\/\",\"name\":\"KD i Arboga KS och i N\u00e4mnderna - Kristdemokraterna | Arboga\",\"isPartOf\":{\"@id\":\"https:\\\/\\\/wp.kristdemokraterna.se\\\/arboga\\\/#website\"},\"primaryImageOfPage\":{\"@id\":\"https:\\\/\\\/wp.kristdemokraterna.se\\\/arboga\\\/var-lokalavdelning\\\/representanter-i-ks-och-namnderna\\\/#primaryimage\"},\"image\":{\"@id\":\"https:\\\/\\\/wp.kristdemokraterna.se\\\/arboga\\\/var-lokalavdelning\\\/representanter-i-ks-och-namnderna\\\/#primaryimage\"},\"thumbnailUrl\":\"\",\"datePublished\":\"2024-01-18T01:00:20+00:00\",\"dateModified\":\"2025-08-18T07:49:44+00:00\",\"breadcrumb\":{\"@id\":\"https:\\\/\\\/wp.kristdemokraterna.se\\\/arboga\\\/var-lokalavdelning\\\/representanter-i-ks-och-namnderna\\\/#breadcrumb\"},\"inLanguage\":\"sv-SE\",\"potentialAction\":[{\"@type\":\"ReadAction\",\"target\":[\"https:\\\/\\\/wp.kristdemokraterna.se\\\/arboga\\\/var-lokalavdelning\\\/representanter-i-ks-och-namnderna\\\/\"]}]},{\"@type\":\"ImageObject\",\"inLanguage\":\"sv-SE\",\"@id\":\"https:\\\/\\\/wp.kristdemokraterna.se\\\/arboga\\\/var-lokalavdelning\\\/representanter-i-ks-och-namnderna\\\/#primaryimage\",\"url\":\"\",\"contentUrl\":\"\"},{\"@type\":\"BreadcrumbList\",\"@id\":\"https:\\\/\\\/wp.kristdemokraterna.se\\\/arboga\\\/var-lokalavdelning\\\/representanter-i-ks-och-namnderna\\\/#breadcrumb\",\"itemListElement\":[{\"@type\":\"ListItem\",\"position\":1,\"name\":\"Hem\",\"item\":\"https:\\\/\\\/wp.kristdemokraterna.se\\\/arboga\\\/\"},{\"@type\":\"ListItem\",\"position\":2,\"name\":\"V\u00e5r partiavdelning\",\"item\":\"https:\\\/\\\/wp.kristdemokraterna.se\\\/arboga\\\/var-lokalavdelning\\\/\"},{\"@type\":\"ListItem\",\"position\":3,\"name\":\"KD i Arboga KS och i N\u00e4mnderna\"}]},{\"@type\":\"WebSite\",\"@id\":\"https:\\\/\\\/wp.kristdemokraterna.se\\\/arboga\\\/#website\",\"url\":\"https:\\\/\\\/wp.kristdemokraterna.se\\\/arboga\\\/\",\"name\":\"Kristdemokraterna | Arboga\",\"description\":\"En till Kristdemokraterna webbplats\",\"inLanguage\":\"sv-SE\"}]}<\/script>\n<!-- \/ Yoast SEO plugin. -->","yoast_head_json":{"title":"KD i Arboga KS och i N\u00e4mnderna - Kristdemokraterna | Arboga","robots":{"index":"index","follow":"follow","max-snippet":"max-snippet:-1","max-image-preview":"max-image-preview:large","max-video-preview":"max-video-preview:-1"},"canonical":"https:\/\/wp.kristdemokraterna.se\/arboga\/var-lokalavdelning\/representanter-i-ks-och-namnderna\/","og_locale":"sv_SE","og_type":"article","og_title":"KD i Arboga KS och i N\u00e4mnderna - Kristdemokraterna | Arboga","og_description":"KOMMUNSTYRELSEN Ordinarie: Rahaf Ramdo, rhfmjd@gmail.com Ers\u00e4ttare:\u00a0 Kjell Wendin, kjell.wendin@gmail.com SODCIALN\u00c4MNDEN Ordf\u00f6rande: Rahaf Ramdo, rhfmjd@gmail.com Ers\u00e4ttare: Roland Magnusson, roland.magnusson@gmail.com Ers\u00e4ttare: Kjell Wendin, kjell.wendin@gmail.com BARN- OCH UTBILDNINGSN\u00c4MNDEN Ordinarie: Annika Krisat, krisatannika@gmail.com Ers\u00e4ttare: Samrawit Anteneh Haiiu, samru2498@icloud.com FRITIDS- OCH KULTURN\u00c4MNDEN Ers\u00e4ttare: Annika Krisat, krisatannika@gmail.com VALN\u00c4MNDEN Vice ordf: Kjell Wendin, kjell.wendin@gmail.com V\u00c4STRA M\u00c4LARDALENS \u00d6VERF\u00d6RMYNDARN\u00c4MND Ordinarie: Annika Krisat, krisatannika@gmail.com &nbsp;","og_url":"https:\/\/wp.kristdemokraterna.se\/arboga\/var-lokalavdelning\/representanter-i-ks-och-namnderna\/","og_site_name":"Kristdemokraterna | Arboga","article_modified_time":"2025-08-18T07:49:44+00:00","twitter_card":"summary_large_image","twitter_misc":{"Ber\u00e4knad l\u00e4stid":"1 minut"},"schema":{"@context":"https:\/\/schema.org","@graph":[{"@type":"WebPage","@id":"https:\/\/wp.kristdemokraterna.se\/arboga\/var-lokalavdelning\/representanter-i-ks-och-namnderna\/","url":"https:\/\/wp.kristdemokraterna.se\/arboga\/var-lokalavdelning\/representanter-i-ks-och-namnderna\/","name":"KD i Arboga KS och i N\u00e4mnderna - Kristdemokraterna | Arboga","isPartOf":{"@id":"https:\/\/wp.kristdemokraterna.se\/arboga\/#website"},"primaryImageOfPage":{"@id":"https:\/\/wp.kristdemokraterna.se\/arboga\/var-lokalavdelning\/representanter-i-ks-och-namnderna\/#primaryimage"},"image":{"@id":"https:\/\/wp.kristdemokraterna.se\/arboga\/var-lokalavdelning\/representanter-i-ks-och-namnderna\/#primaryimage"},"thumbnailUrl":"","datePublished":"2024-01-18T01:00:20+00:00","dateModified":"2025-08-18T07:49:44+00:00","breadcrumb":{"@id":"https:\/\/wp.kristdemokraterna.se\/arboga\/var-lokalavdelning\/representanter-i-ks-och-namnderna\/#breadcrumb"},"inLanguage":"sv-SE","potentialAction":[{"@type":"ReadAction","target":["https:\/\/wp.kristdemokraterna.se\/arboga\/var-lokalavdelning\/representanter-i-ks-och-namnderna\/"]}]},{"@type":"ImageObject","inLanguage":"sv-SE","@id":"https:\/\/wp.kristdemokraterna.se\/arboga\/var-lokalavdelning\/representanter-i-ks-och-namnderna\/#primaryimage","url":"","contentUrl":""},{"@type":"BreadcrumbList","@id":"https:\/\/wp.kristdemokraterna.se\/arboga\/var-lokalavdelning\/representanter-i-ks-och-namnderna\/#breadcrumb","itemListElement":[{"@type":"ListItem","position":1,"name":"Hem","item":"https:\/\/wp.kristdemokraterna.se\/arboga\/"},{"@type":"ListItem","position":2,"name":"V\u00e5r partiavdelning","item":"https:\/\/wp.kristdemokraterna.se\/arboga\/var-lokalavdelning\/"},{"@type":"ListItem","position":3,"name":"KD i Arboga KS och i N\u00e4mnderna"}]},{"@type":"WebSite","@id":"https:\/\/wp.kristdemokraterna.se\/arboga\/#website","url":"https:\/\/wp.kristdemokraterna.se\/arboga\/","name":"Kristdemokraterna | Arboga","description":"En till Kristdemokraterna webbplats","inLanguage":"sv-SE"}]}},"_links":{"self":[{"href":"https:\/\/wp.kristdemokraterna.se\/arboga\/wp-json\/wp\/v2\/pages\/1732","targetHints":{"allow":["GET"]}}],"collection":[{"href":"https:\/\/wp.kristdemokraterna.se\/arboga\/wp-json\/wp\/v2\/pages"}],"about":[{"href":"https:\/\/wp.kristdemokraterna.se\/arboga\/wp-json\/wp\/v2\/types\/page"}],"author":[{"embeddable":true,"href":"https:\/\/wp.kristdemokraterna.se\/arboga\/wp-json\/wp\/v2\/users\/444"}],"replies":[{"embeddable":true,"href":"https:\/\/wp.kristdemokraterna.se\/arboga\/wp-json\/wp\/v2\/comments?post=1732"}],"version-history":[{"count":18,"href":"https:\/\/wp.kristdemokraterna.se\/arboga\/wp-json\/wp\/v2\/pages\/1732\/revisions"}],"predecessor-version":[{"id":2725,"href":"https:\/\/wp.kristdemokraterna.se\/arboga\/wp-json\/wp\/v2\/pages\/1732\/revisions\/2725"}],"up":[{"embeddable":true,"href":"https:\/\/wp.kristdemokraterna.se\/arboga\/wp-json\/wp\/v2\/pages\/8"}],"wp:featuredmedia":[{"embeddable":true,"href":"https:\/\/wp.kristdemokraterna.se\/arboga\/wp-json\/"}],"wp:attachment":[{"href":"https:\/\/wp.kristdemokraterna.se\/arboga\/wp-json\/wp\/v2\/media?parent=1732"}],"curies":[{"name":"wp","href":"https:\/\/api.w.org\/{rel}","templated":true}]}}