{"id":16,"date":"2012-03-08T19:31:19","date_gmt":"2012-03-08T19:31:19","guid":{"rendered":"http:\/\/wpskane.kristdemokraterna.se\/lokalavdelning\/?page_id=16"},"modified":"2012-03-08T19:31:19","modified_gmt":"2012-03-08T19:31:19","slug":"aktuellt","status":"publish","type":"page","link":"https:\/\/wp.kristdemokraterna.se\/astorp\/aktuellt\/","title":{"rendered":"Aktuellt"},"content":{"rendered":"<address>\n<h1>Verksamhetsber\u00e4ttelse f\u00f6r 2014<\/h1>\n<h4>H\u00e4r f\u00f6ljer litet fr\u00e5n v\u00e5r verksamhetsber\u00e4ttelse f\u00f6r Kristdemokraterna i Bjuvs kommun:<\/h4>\n<p>Det g\u00e5ngna \u00e5ret har givetvis pr\u00e4glats av tv\u00e5 valr\u00f6relser, till Europaparlamentet och det nationella valet. Ett stort arbete har i lokalavdel\u00adningen lagts ned p\u00e5 att sprida k\u00e4nnedom om den kristdemokratiska politiken. Vi har inf\u00f6r dessa val varit synnerligen aktiva med fotarbetet och delat ut \u00e5tskilliga tusen flyg\u00adblad med allehanda kristdemokratiska budskap. Vi har tillsammans med C och FP kampanjat vid stationen i Bjuv och i alla kommundelarna vid flera tillf\u00e4llen. Aldrig tidigare har vi satsat s\u00e5 mycket kraft och pengar i en valr\u00f6relse. Nytt \u00e4r att vi annonserat p\u00e5 HD:s hemsida f\u00f6r Bjuv. Resultatet syns i beh\u00e5llet mandat i Europaparlamentet, att vi finns kvar i riksdag, region och kommun trots tidvis sv\u00e5rt l\u00e4ge i opinionsunders\u00f6kningarna.<\/p>\n<p>Vi har under \u00e5ret funnits med i de politiska f\u00f6rsamlingarna enligt f\u00f6ljande: V\u00e5ra ledam\u00f6ter i kom\u00admunfull\u00adm\u00e4k\u00adtige var intill h\u00f6stens val: Urban Berglund ordinarie och ers\u00e4ttare var\u00a0 Fredrik Johansson och Maria Berglund, i kommunstyrelsen \u00a0Urban ordinarie, i V\u00e5rd- och omsorgsn\u00e4mnden Maria Berglund ers\u00e4ttare, i Barn- och Utbildningsn\u00e4mnden Ingeg\u00e4rd Berglund ers\u00e4ttare. Fred\u00adrik Johansson har varit ordinarie ledamot i Byggnadsn\u00e4mnden och Maria Berglund ers\u00e4ttare i S\u00f6der\u00e5sens Milj\u00f6f\u00f6rbund. I Kultur- och fritids\u00adn\u00e4mnden samt i Valn\u00e4mnden har Ann-Britt Lord Lord varit ers\u00e4ttare. I KF:s valberedning Urban Berglund ers\u00e4ttare. Fredrik Johansson har varit ers\u00e4ttare i Billesholms Arbetares Fastig\u00adhets\u00adf\u00f6rening UPA. Bo Berglund har varit hu\u00advudman i Ekeby Sparbank. I kyrkopolitiken har Ann-Britt Lord varit v\u00e5r f\u00f6rtroendevalda.<\/p>\n<p>Efter valet 2014 blev det representativa l\u00e4get f\u00f6ljande:<\/p>\n<p>Kommunfullm\u00e4ktige: Urban Berglund ledamot, Fredrik Johansson och Maria Berglund ers\u00e4ttare.<br \/>\nKommunfullm\u00e4ktiges valberedning: Urban ers\u00e4ttare.<br \/>\nKommunstyrelsen: Urban ledamot och Maria ers\u00e4ttare.<br \/>\nByggnadsn\u00e4mnden: Fredrik ers\u00e4ttare<br \/>\nBarn- och utbildningsn\u00e4mnden: Ingeg\u00e4rd Berglund och Therese Wredstr\u00f6m ers\u00e4ttare<br \/>\nKultur- och fritidsn\u00e4mnden: Ann-Britt Lord ers\u00e4ttare<br \/>\nV\u00e5rd- och omsorgsn\u00e4mnden: Maria ledamot<br \/>\nValn\u00e4mnden: Ann-Britt ers\u00e4ttare<br \/>\n\u00d6verf\u00f6rmyndarn\u00e4mnden: Arne Holm ers\u00e4ttare<br \/>\nBjuvsbost\u00e4ders styrelse: Fredrik Johansson, ers\u00e4ttare<br \/>\nEkeby Sparbank, huvudman: Bo Berglund<br \/>\nBillesholms Folkets Park: Fredrik ers\u00e4ttare i styrelsen<br \/>\nBjuvs Folkets Hus: Urban revisorsers\u00e4ttare<br \/>\nHelsingborgs Tingsr\u00e4tt: Ulf Lind n\u00e4mndeman.<br \/>\nNSVA:s styrelse:\u00a0Maria Berglunders\u00e4ttare.<\/p>\n<p>Inf\u00f6r kommunfullm\u00e4ktigem\u00f6ten har medlemmarna inbjudits till medlemsm\u00f6te, d\u00e4r alla haft m\u00f6jlig\u00adhet att p\u00e5verka den kristdemokratiska politiken. Vi avslutade v\u00e5rterminen med en sommarfest, startade h\u00f6stterminen med en tradi\u00adtionell grillfest och avslutade den med en julfest.<\/p>\n<p>Vi har varit v\u00e4l representerade vid distriktsst\u00e4mmor och andra gemensamma arrangemang.<\/p>\n<p>Samarbetet i i trekl\u00f6vern C, FP KD och vidare med S har fungerat bra. I de gemensamma arbetsm\u00f6tena har vi representerats av Urban och Maria. Vi har i n\u00e4mnda konstellation bildat den majoritet som styrt kommunen \u00e4ven detta \u00e5r.<\/p>\n<h1><\/h1>\n<h1>Valet b\u00f6rjar nu<\/h1>\n<p>Fr\u00e5n och med 27 augusti kan man f\u00f6rtidsr\u00f6sta p\u00e5 biblioteken, Kommunhuset och p\u00e5 Almliden. Den 6 september kan man f\u00f6rtidsr\u00f6sta p\u00e5 v\u00e5rdhemmen i kommunen. P\u00e5 sj\u00e4lva valdagen s\u00f6ndagen den 14 september \u00e4r vallokalerna \u00f6ppna kl 08.00-20.00.<\/p>\n<p>Vi hoppas givetvis att du l\u00e4gger din r\u00f6st p\u00e5 Kristdemokraterna i alla tre valen, till kommunfullm\u00e4ktige, regionfullm\u00e4ktige och till riksdagen.<\/p>\n<p>Jag vill s\u00e4ga att vi gjort skillnad under den g\u00e5ngna valperioden p\u00e5 alla tre niv\u00e5erna.<\/p>\n<p>L\u00e4s v\u00e5rt valmaterial som g\u00e5r ut med posten i dagarna och studera vidare p\u00e5 Kristdemokraternas sidor p\u00e5 Internet.<\/p>\n<p>Via l\u00e4nken &#8221;V\u00e5r politik&#8221; kan du se vad vi st\u00e5r f\u00f6r i olika sammanhang.<\/p>\n<p>Givetvis svarar v\u00e5ra kandidater p\u00e5 dina fr\u00e5gor.<\/p>\n<p><em>Urban Berglund<\/em><\/p>\n<p>Ordf. f\u00f6r Kristdemokraterna i Bjuvs kommun.<\/p>\n<\/address>\n<address>\u00a0<\/address>\n<address>2014-05-31<\/address>\n<address>Nu \u00e4r valet till EU-parlamentet avklarat och slutr\u00e4kning av r\u00f6sterna har skett. Trots l\u00e5ga opinionssiffror l\u00e5ng tid f\u00f6re valet lyckades vi n\u00e5 5,93 %\u00a0som valresultat. V\u00e5r fr\u00e4msta kandidat Lars Adaktusson var den som fick procentuellt flest kryss av alla partiers kandidater och blev med god marginal invald i europaparlamentet. Vi \u00f6nskar Lars lycka till i arbetet och tackar alla trogna valarbetare som in i det sista k\u00e4mpade f\u00f6r att uppn\u00e5 detta resultat. Givetvis tackar vi ocks\u00e5 alla v\u00e4ljare som visat kristdemokraterna f\u00f6rtroende med sina r\u00f6ster.<br \/>\n<a href=\"https:\/\/www.kristdemokraterna.se\/Media\/Nyhetsarkiv\/Lars-Adaktusson-fick-107-897-kryss-i-EU-valet\/\">https:\/\/www.kristdemokraterna.se\/Media\/Nyhetsarkiv\/Lars-Adaktusson-fick-107-897-kryss-i-EU-valet\/<\/a><\/address>\n<address>\u00a0<\/address>\n<address>2014-04-03<br \/>\nAtt det \u00e4r val\u00e5r m\u00e4rks av aktiviteter ute i kommunen. Vi har tillsammans med C och FP ordnat litet aktiviteter ute i de olika kommundelarna och vi har trotsat b\u00e5de kyla, regn och vind. M\u00e5let \u00e4r ca en aktivitet per m\u00e5nad fram till valet i september. Vi vill finnas till hands s\u00e5 att inv\u00e5narna kan komma till tals.<\/address>\n<address>I januari var vi en l\u00f6rdagsf\u00f6rmiddag utanf\u00f6r Ekeby M\u00f6belaff\u00e4r, delade ut material och bj\u00f6d p\u00e5 kaffe och pratade med folk.<br \/>\nI februari p\u00e5 alla hj\u00e4rtans dag fanns vi en tidig morgon vid j\u00e4rnv\u00e4gsstationen i Bjuv och delade ut chokladhj\u00e4rtan och v\u00e5r trevliga tidning &#8221;Vardagsliv&#8221; till resen\u00e4rerna. Alla var glada.<br \/>\nI mars p\u00e5 v\u00e5ffeldagen fanns vi i Billesholm utanf\u00f6r Mat\u00f6ppet en eftermiddag\/kv\u00e4ll med samma aktiviteter som vid de andra tillf\u00e4llena. Shopparna var s\u00e5 j\u00e4ktade att ingen ville ha kaffe, men chokladhj\u00e4rtan och &#8221;Vardagsliv&#8221; var det god oms\u00e4ttning p\u00e5.<br \/>\nI april, denna dag den 3\/4, finns vi utanf\u00f6r aff\u00e4ren i Ekebys centrum med liknande aktiviteter som vid tidigare tillf\u00e4llen.<\/address>\n<address>2014-02-24<br \/>\nDenna dag h\u00f6ll vi v\u00e5rt \u00e5rsm\u00f6te i lokalavdelningen.<br \/>\nHela styrelsen omvaldes och\u00a0best\u00e5r av<\/address>\n<address>Urban Berglund, ordf.<br \/>\nFredrik Johansson, v.ordf.<br \/>\nJennie Malmgren, sekr.<br \/>\nMaria Berglund och Ann-Britt Lord, ledam\u00f6ter.<\/address>\n<address>2013-05-30<\/address>\n<address>I Bjuvs kommun finns idag ingen klar majoritet utan kommunen styrs av en s-minoritet som i o m sin minoritetsstatus \u00e4r mera lyh\u00f6rd \u00e4n tidigare f\u00f6r bl a v\u00e5ra id\u00e9er. Vi \u00e4r en del av den borgerliga Alliansen och har d\u00e4rigenom vunnit plats i samtliga n\u00e4mnder trots att vi f n endast har ett mandat i kommunfullm\u00e4ktige. I Alliansen har det sedermera uppst\u00e5tt en spricka genom budgetarbetet.Givetvis m\u00e5ste en kommun kunna arbeta fram och ta beslut om en budget f\u00f6r kommande \u00e5r. Eftersom (S) \u00e4r i minoritet \u00e4r man beroende av Allianspartierna, v\u00e4nde man sig till dessa f\u00f6r att uppn\u00e5 ett budgetf\u00f6rslag som skulle kunna f\u00e5 majoritet i kommunfullm\u00e4ktige. I detta skede ville (M) inte l\u00e4ngre vara med utan st\u00e5ta med en egen budget med ytterst sm\u00e5 m\u00f6jligheter att f\u00e5 igenom den i Kf. De tre sm\u00e5 borgerliga partierna inkl. Kristdemokraterna tog d\u00e5 sitt ansvar f\u00f6r att kunna komma till Kf med en budget som kunde p\u00e5 acceptans. P\u00e5 s\u00e5 s\u00e4tt har vi kunnat f\u00e5 geh\u00f6r f\u00f6r ett antal egna prioriteringar. De tv\u00e5 senaste budgeterna har tillkommit p\u00e5 detta s\u00e4tt, f\u00e5r \u00e5r 2012 och innevarande 2013 och arbetet har p\u00e5b\u00f6rjats med budget f\u00e5r 2014.Vi vill peka p\u00e5 just detta ansvar som vi tre sm\u00e5 tagit (C, FP och KD) f\u00f6r att kommunen ska kunna styras. F\u00f6r att h\u00e5lla oss till kursen har vi regelbundna majoritetsberedningar, vi tre plus S. Underligt nog har vi d\u00e5 funnit att det \u00e4r l\u00e4ttare att f\u00e5 geh\u00f6r f\u00f6r v\u00e5ra fr\u00e5gor i denna konstellation \u00e4n tillsammans med M, som vi upplevt vill best\u00e4mma allt sj\u00e4lva. S\u00e5 s\u00e4ger vi fr\u00e5n alla tre n\u00e4mnda partier.<\/address>\n<address>\u00a0<\/address>\n<address>2013-03 Nu har vi h\u00e5llit v\u00e5rt \u00e5rsm\u00f6te hos kristdemokraterna i Bjuvs kommun.Det blev omval p\u00e5 en hel del poster bl a hela styrelsen som best\u00e5r avUrban Berglund, ordf.Fredrik Johansson, v.ordf.Jennie Malmgren, sekr.Maria Berglund och Ann-Britt Lord, ledam\u00f6ter.Det \u00e4r en liten tapper skara som \u00e4r aktiv och vi beh\u00f6ver bli fler medlemmar f\u00f6r att b\u00e5de f\u00e5nga upp medborgarnas synpunkter p\u00e5 den politik som ska bedrivas och f\u00f6r att f\u00f6rdela f\u00f6rtroendeposter. Du som \u00e4r intresserad \u00e4r varmt v\u00e4lkommen till v\u00e5ra medlemsm\u00f6ten. Om du vill tala med n\u00e5gon av oss s\u00e5 h\u00f6r bara av dig, se Kontakt i menyraden.<\/p>\n<p><span style=\"font-family: Arial;font-size: x-small\">2012-03<\/span><\/p>\n<\/address>\n<h4>Kristdemokraterna i Bjuv har avh\u00e5llit sitt \u00e5rsm\u00f6te.<\/h4>\n<p>G\u00e4sttalare var det kristdemokratiska regionr\u00e5det Birgitta S\u00f6dertun fr\u00e5n Helsingborg. Hon gav deltagarna en god inblick i regionpolitiken och \u00e4ven i socialpolitiken p\u00e5 riksniv\u00e5 med s\u00e4rskild tonvikt p\u00e5 v\u00e5rd- och omsorgsfr\u00e5gor.<\/p>\n<p>Vid \u00e5rsm\u00f6tesf\u00f6rhandlingarna gavs ansvarsfrihet till styrelsen f\u00f6r det g\u00e5ngna \u00e5ret och omval gjordes f\u00f6r n\u00e4stan alla f\u00f6rtroendeposter. Bl a omvaldes hela styrelsen med Urban Berglund som ordf\u00f6rande, Fredrik Johanssom som vice ordf\u00f6rande och Maria Berglund, Jennie Malmgren och Ann-Britt Lord som styrelseledam\u00f6ter.<\/p>\n<p>&nbsp;<\/p>\n<h4>\u00a0Budgetsamarbete \u00f6ver blockgr\u00e4nserna.<\/h4>\n<address>December 2011 &#8211;<\/address>\n<p>Vi kristdemokrater i Bjuvs kommun vill medverka till att g\u00f6ra Bjuv, Billesholm och Ekeby till b\u00e4ttre platser att leva p\u00e5. Detta var faktum som bakgrund till v\u00e5rt st\u00e4llningstagande efter f\u00f6rra valet.<\/p>\n<p>I valet 2010 blev resultatet att ingen politisk grupp fick egen majoritet i kommunvalet. Eftersom (s) var st\u00f6rsta enskilda parti men inte kunde finna en majoritetsgruppering, accepterade vi inom &#8221;Allians f\u00f6r Bjuv&#8221; att (s) skulle forts\u00e4tta som styrande parti dock i minoritet . Samtal som f\u00f6rdes direkt efter valet och som resulterade i detta, avs\u00e5g ocks\u00e5 att undvika en situation d\u00e4r det mer eller mindre fr\u00e4mlingtsfientliga partiet (sd) skulle kunna bli tungan p\u00e5 v\u00e5gen i fullm\u00e4ktige och n\u00e4mnder.<\/p>\n<p>Ovanst\u00e5ende f\u00f6ruts\u00e4tter att vi talar med varandra ordentligt innan tunga \u00e4renden som exv budgeten kommer upp till beslut. Ett positivt resultat av valet \u00e4r att (s) inte l\u00e4ngre kan styra enbart efter egen ideologi och egna synpunkter. Man har helt enkelt blivit mer lyh\u00f6rda f\u00f6r v\u00e5ra synpunkter.<\/p>\n<p>Tyv\u00e4rr stod den nya &#8221;ledningen&#8221; inom moderaterna inte upp till \u00f6verenskommelsen. Man gapade helt enkelt \u00f6ver f\u00f6r mycket och miste hela stycket. M pressade p\u00e5 s\u00e5 h\u00e5rt mot S att S f\u00f6rklarade budget\u00f6verl\u00e4ggningarna avslutade och avs\u00e5g att l\u00e4gga ett helt eget budgetf\u00f6rslag f\u00f6r 2012. Situationen var d\u00e5 h\u00e5rt pressad och vi f\u00f6rde samtal n\u00e5gra ledande personer inom kd, c, fp och \u00e4ven inom m om hur vi skulle kunna r\u00e4dda situationen. Vi fr\u00e5n de andra tre borgerliga partierna besl\u00f6t, med st\u00f6d av de gamla p\u00e5litliga m-v\u00e4nnerna, att \u00e5terv\u00e4nda till samtalet med (s). Resultatet \u00e4r numera k\u00e4nt i v\u00e5r kommun: Vi arbetade fram en bra budget tillsammans med (s) och fick igenom flera profilfr\u00e5gor som var angel\u00e4gna f\u00f6r oss borgerliga politiker.<\/p>\n<p>Det uppstod en ovanlig situation i kommunfullm\u00e4ktige n\u00e4r &#8221;majoritetens budgetf\u00f6rslag&#8221; antogs. Tv\u00e5 moderater valde att st\u00f6dja v\u00e5rt f\u00f6rslag ist\u00e4llet f\u00f6r det moderata budgetf\u00f6rslaget. Det finns moderater som v\u00e5gara vara rakryggiga! Sedemera har dock alla moderater tvingats in i f\u00e5llan och i det fortsatta hanterandet av budgeten med exv f\u00f6rdelning i internbudgetar lyder man under partipiskan.<\/p>\n<p>&nbsp;<\/p>\n<h4 align=\"left\">Kristdemokraternas kandidater i Bjuv i valet 2010<\/h4>\n<address>2010-05-11<\/address>\n<div align=\"left\">Valsedeln f\u00f6r h\u00f6sten kommunfullm\u00e4ktigeval \u00e4r nu fastst\u00e4lld:<\/div>\n<div align=\"left\">1 Urban Berglund, ingenj\u00f6r, 69 \u00e5r, Bjuv<\/div>\n<div align=\"left\">2 Fredrik Johansson, yrkesf\u00f6rare, 33 \u00e5r, Billesholm<\/div>\n<div align=\"left\">3 Maria Berglund, pastor, 32 \u00e5r, Bjuv<\/div>\n<div align=\"left\">4 Jennie Malmgren, socionom, 33 \u00e5r, Bjuv<\/div>\n<div align=\"left\">5 Ingeg\u00e4rd Berglund, l\u00e4rare, 70 \u00e5r, Bjuv<\/div>\n<div align=\"left\">6 Ann-Britt Lord, v\u00e5rdare, 68 \u00e5r, Billesholm<\/div>\n<div align=\"left\">7 Bo Berglund, f\u00f6retagare, 45 \u00e5r, Bjuv<\/div>\n<div align=\"left\">8 Linda Kullenberg-Rosenfeldt, servicer\u00e5dgivare, 36 \u00e5r, Bjuv<\/div>\n<div align=\"left\">9 H\u00e5kan Hem\u00e5ker, logistikchef, 58 \u00e5r, Ekeby<\/div>\n<div align=\"left\">10 Ann-Marie Johansson, pension\u00e4r, 77 \u00e5r, Billesholm<\/div>\n<div align=\"left\">11 Gunnel St\u00e5hl, banktj\u00e4nsteman, 53 \u00e5r, Bjuv<\/div>\n<div align=\"left\">12 Eva-Carin Hem\u00e5ker, jourmamma, 54 \u00e5r, Ekeby<\/div>\n<div align=\"left\">13 Anita Larsson, f.d. fotograf, 70 \u00e5r, Billesholm<\/div>\n<div align=\"left\">14 Lilian Palmkvist, undersk\u00f6terska, 62 \u00e5r, Bjuv<\/div>\n<div align=\"left\">15 Anne Gro F Rasmusson, egenf\u00f6retagare, 62 \u00e5r, Bjuv<\/div>\n<div align=\"left\">L\u00e4s HD:s artikel om v\u00e5r kvinnorika lista:<\/div>\n<div align=\"left\"><a href=\"http:\/\/hd.se\/bjuv\/2010\/04\/12\/varannan-berglund-pa-kvinnorik-kd\" target=\"_blank\" rel=\"noopener\"><span style=\"text-decoration: underline\">Till HD-artikeln<\/span><\/a><\/div>\n<p>&nbsp;<\/p>\n<h4>Kristdemokraterna i Bjuv k\u00e4mpar f\u00f6r att bevara parken 2009-05-28<\/h4>\n<p>Som enda politiska parti i Bjuv k\u00e4mpar Kristdemokraterna f\u00f6r att bevara v\u00e5r centrala park i Bjuv intakt. Alla andra partier vill bebygga den med ett antal bost\u00e4der. Vi anser att parken \u00e4r av mycket stort v\u00e4rde och att det vore ren idioti att f\u00f6rst\u00f6ra den genom att bygga bost\u00e4der d\u00e4r. Som det ser ut idag kan ca 1000 i Bjuv boende ta sig ner till Centrum till fots eller med cykel utan att beh\u00f6va korsa n\u00e5gon gata och riskera att m\u00f6ta motorfordon. Parken har en milj\u00f6 som \u00e4r omistlig, en gr\u00f6n lunga i Bjuv som beh\u00f6vs nu och i framtiden. L\u00e4s HD:s artikel efter torsdagskv\u00e4llens kommunfullm\u00e4ktige, d\u00e4r v\u00e5r KF-ledamot Urban Berglund f\u00f6rde en oj\u00e4mn kamp: <a title=\"Till HD-artikeln\" href=\"http:\/\/hd.se\/bjuv\/2009\/05\/29\/oeversiktsplan-antogs-men-vaeckte\">Till HD-artikeln<\/a> Du kan ocks\u00e5 l\u00e4sa mer om varf\u00f6r vi anser att parken m\u00e5ste bevaras i v\u00e5ra reservationer mot de beslut som tagits i fr\u00e5gan. Vi har st\u00f6d av ett stort antal kringboende. Gl\u00f6m inte att de andra partierna vill f\u00f6rst\u00f6ra parken genom byggnation. I kommunfullm\u00e4ktige uttalade sig flera fr\u00e5n de andra partierna aktivt f\u00f6r att bygga och ALLA r\u00f6stade emot oss som ville bevara parken. <a title=\"Reservationen i KS\" href=\"http:\/\/wpskane.kristdemokraterna.se\/astorp\/files\/2012\/03\/Reservation_KS.pdf\">Reservation KS 090506_\u00d6versiktsplan<\/a><\/p>\n","protected":false},"excerpt":{"rendered":"<p>Verksamhetsber\u00e4ttelse f\u00f6r 2014 H\u00e4r f\u00f6ljer litet fr\u00e5n v\u00e5r verksamhetsber\u00e4ttelse f\u00f6r Kristdemokraterna i Bjuvs kommun: Det g\u00e5ngna \u00e5ret har givetvis pr\u00e4glats av tv\u00e5 valr\u00f6relser, till Europaparlamentet och det nationella valet. Ett stort arbete har i lokalavdel\u00adningen lagts ned p\u00e5 att sprida k\u00e4nnedom om den kristdemokratiska politiken. Vi har inf\u00f6r dessa val varit synnerligen aktiva med fotarbetet <a class=\"read-more-link\" href=\"https:\/\/wp.kristdemokraterna.se\/astorp\/aktuellt\/\">L\u00e4s mer<\/a><\/p>\n","protected":false},"author":444,"featured_media":0,"parent":0,"menu_order":0,"comment_status":"open","ping_status":"open","template":"","meta":{"_acf_changed":false,"footnotes":""},"class_list":["post-16","page","type-page","status-publish","hentry"],"acf":[],"yoast_head":"<!-- This site is optimized with the Yoast SEO plugin v27.5 - https:\/\/yoast.com\/product\/yoast-seo-wordpress\/ -->\n<title>Aktuellt - Kristdemokraterna | \u00c5storp<\/title>\n<meta name=\"robots\" content=\"index, follow, max-snippet:-1, max-image-preview:large, max-video-preview:-1\" \/>\n<link rel=\"canonical\" href=\"https:\/\/wp.kristdemokraterna.se\/astorp\/aktuellt\/\" \/>\n<meta property=\"og:locale\" content=\"sv_SE\" \/>\n<meta property=\"og:type\" content=\"article\" \/>\n<meta property=\"og:title\" content=\"Aktuellt - Kristdemokraterna | \u00c5storp\" \/>\n<meta property=\"og:description\" content=\"Verksamhetsber\u00e4ttelse f\u00f6r 2014 H\u00e4r f\u00f6ljer litet fr\u00e5n v\u00e5r verksamhetsber\u00e4ttelse f\u00f6r Kristdemokraterna i Bjuvs kommun: Det g\u00e5ngna \u00e5ret har givetvis pr\u00e4glats av tv\u00e5 valr\u00f6relser, till Europaparlamentet och det nationella valet. Ett stort arbete har i lokalavdel\u00adningen lagts ned p\u00e5 att sprida k\u00e4nnedom om den kristdemokratiska politiken. Vi har inf\u00f6r dessa val varit synnerligen aktiva med fotarbetet L\u00e4s mer\" \/>\n<meta property=\"og:url\" content=\"https:\/\/wp.kristdemokraterna.se\/astorp\/aktuellt\/\" \/>\n<meta property=\"og:site_name\" content=\"Kristdemokraterna | \u00c5storp\" \/>\n<meta name=\"twitter:card\" content=\"summary_large_image\" \/>\n<meta name=\"twitter:label1\" content=\"Ber\u00e4knad l\u00e4stid\" \/>\n\t<meta name=\"twitter:data1\" content=\"11 minuter\" \/>\n<script type=\"application\/ld+json\" class=\"yoast-schema-graph\">{\"@context\":\"https:\\\/\\\/schema.org\",\"@graph\":[{\"@type\":\"WebPage\",\"@id\":\"https:\\\/\\\/wp.kristdemokraterna.se\\\/astorp\\\/aktuellt\\\/\",\"url\":\"https:\\\/\\\/wp.kristdemokraterna.se\\\/astorp\\\/aktuellt\\\/\",\"name\":\"Aktuellt - Kristdemokraterna | \u00c5storp\",\"isPartOf\":{\"@id\":\"https:\\\/\\\/wp.kristdemokraterna.se\\\/astorp\\\/#website\"},\"datePublished\":\"2012-03-08T19:31:19+00:00\",\"breadcrumb\":{\"@id\":\"https:\\\/\\\/wp.kristdemokraterna.se\\\/astorp\\\/aktuellt\\\/#breadcrumb\"},\"inLanguage\":\"sv-SE\",\"potentialAction\":[{\"@type\":\"ReadAction\",\"target\":[\"https:\\\/\\\/wp.kristdemokraterna.se\\\/astorp\\\/aktuellt\\\/\"]}]},{\"@type\":\"BreadcrumbList\",\"@id\":\"https:\\\/\\\/wp.kristdemokraterna.se\\\/astorp\\\/aktuellt\\\/#breadcrumb\",\"itemListElement\":[{\"@type\":\"ListItem\",\"position\":1,\"name\":\"Hem\",\"item\":\"https:\\\/\\\/wp.kristdemokraterna.se\\\/astorp\\\/\"},{\"@type\":\"ListItem\",\"position\":2,\"name\":\"Aktuellt\"}]},{\"@type\":\"WebSite\",\"@id\":\"https:\\\/\\\/wp.kristdemokraterna.se\\\/astorp\\\/#website\",\"url\":\"https:\\\/\\\/wp.kristdemokraterna.se\\\/astorp\\\/\",\"name\":\"Kristdemokraterna | \u00c5storp\",\"description\":\"\u00c4nnu en webbplats hos Kristdemokraterna\",\"inLanguage\":\"sv-SE\"}]}<\/script>\n<!-- \/ Yoast SEO plugin. -->","yoast_head_json":{"title":"Aktuellt - Kristdemokraterna | \u00c5storp","robots":{"index":"index","follow":"follow","max-snippet":"max-snippet:-1","max-image-preview":"max-image-preview:large","max-video-preview":"max-video-preview:-1"},"canonical":"https:\/\/wp.kristdemokraterna.se\/astorp\/aktuellt\/","og_locale":"sv_SE","og_type":"article","og_title":"Aktuellt - Kristdemokraterna | \u00c5storp","og_description":"Verksamhetsber\u00e4ttelse f\u00f6r 2014 H\u00e4r f\u00f6ljer litet fr\u00e5n v\u00e5r verksamhetsber\u00e4ttelse f\u00f6r Kristdemokraterna i Bjuvs kommun: Det g\u00e5ngna \u00e5ret har givetvis pr\u00e4glats av tv\u00e5 valr\u00f6relser, till Europaparlamentet och det nationella valet. Ett stort arbete har i lokalavdel\u00adningen lagts ned p\u00e5 att sprida k\u00e4nnedom om den kristdemokratiska politiken. Vi har inf\u00f6r dessa val varit synnerligen aktiva med fotarbetet L\u00e4s mer","og_url":"https:\/\/wp.kristdemokraterna.se\/astorp\/aktuellt\/","og_site_name":"Kristdemokraterna | \u00c5storp","twitter_card":"summary_large_image","twitter_misc":{"Ber\u00e4knad l\u00e4stid":"11 minuter"},"schema":{"@context":"https:\/\/schema.org","@graph":[{"@type":"WebPage","@id":"https:\/\/wp.kristdemokraterna.se\/astorp\/aktuellt\/","url":"https:\/\/wp.kristdemokraterna.se\/astorp\/aktuellt\/","name":"Aktuellt - Kristdemokraterna | \u00c5storp","isPartOf":{"@id":"https:\/\/wp.kristdemokraterna.se\/astorp\/#website"},"datePublished":"2012-03-08T19:31:19+00:00","breadcrumb":{"@id":"https:\/\/wp.kristdemokraterna.se\/astorp\/aktuellt\/#breadcrumb"},"inLanguage":"sv-SE","potentialAction":[{"@type":"ReadAction","target":["https:\/\/wp.kristdemokraterna.se\/astorp\/aktuellt\/"]}]},{"@type":"BreadcrumbList","@id":"https:\/\/wp.kristdemokraterna.se\/astorp\/aktuellt\/#breadcrumb","itemListElement":[{"@type":"ListItem","position":1,"name":"Hem","item":"https:\/\/wp.kristdemokraterna.se\/astorp\/"},{"@type":"ListItem","position":2,"name":"Aktuellt"}]},{"@type":"WebSite","@id":"https:\/\/wp.kristdemokraterna.se\/astorp\/#website","url":"https:\/\/wp.kristdemokraterna.se\/astorp\/","name":"Kristdemokraterna | \u00c5storp","description":"\u00c4nnu en webbplats hos Kristdemokraterna","inLanguage":"sv-SE"}]}},"_links":{"self":[{"href":"https:\/\/wp.kristdemokraterna.se\/astorp\/wp-json\/wp\/v2\/pages\/16","targetHints":{"allow":["GET"]}}],"collection":[{"href":"https:\/\/wp.kristdemokraterna.se\/astorp\/wp-json\/wp\/v2\/pages"}],"about":[{"href":"https:\/\/wp.kristdemokraterna.se\/astorp\/wp-json\/wp\/v2\/types\/page"}],"author":[{"embeddable":true,"href":"https:\/\/wp.kristdemokraterna.se\/astorp\/wp-json\/wp\/v2\/users\/444"}],"replies":[{"embeddable":true,"href":"https:\/\/wp.kristdemokraterna.se\/astorp\/wp-json\/wp\/v2\/comments?post=16"}],"version-history":[{"count":0,"href":"https:\/\/wp.kristdemokraterna.se\/astorp\/wp-json\/wp\/v2\/pages\/16\/revisions"}],"wp:attachment":[{"href":"https:\/\/wp.kristdemokraterna.se\/astorp\/wp-json\/wp\/v2\/media?parent=16"}],"curies":[{"name":"wp","href":"https:\/\/api.w.org\/{rel}","templated":true}]}}