{"version":"1.0","provider_name":"Kristdemokraterna i Bolln\u00e4s","provider_url":"https:\/\/wp.kristdemokraterna.se\/bollnas","title":"Startsida - Kristdemokraterna i Bolln\u00e4s","type":"rich","width":600,"height":338,"html":"<blockquote class=\"wp-embedded-content\" data-secret=\"xyRyMlbq7p\"><a href=\"https:\/\/wp.kristdemokraterna.se\/bollnas\/\">Startsida<\/a><\/blockquote><iframe sandbox=\"allow-scripts\" security=\"restricted\" src=\"https:\/\/wp.kristdemokraterna.se\/bollnas\/embed\/#?secret=xyRyMlbq7p\" width=\"600\" height=\"338\" title=\"\u201dStartsida\u201d &ndash; Kristdemokraterna i Bolln\u00e4s\" data-secret=\"xyRyMlbq7p\" frameborder=\"0\" marginwidth=\"0\" marginheight=\"0\" scrolling=\"no\" class=\"wp-embedded-content\"><\/iframe><script type=\"text\/javascript\">\n\/* <![CDATA[ *\/\n\/*! This file is auto-generated *\/\n!function(d,l){\"use strict\";l.querySelector&&d.addEventListener&&\"undefined\"!=typeof URL&&(d.wp=d.wp||{},d.wp.receiveEmbedMessage||(d.wp.receiveEmbedMessage=function(e){var t=e.data;if((t||t.secret||t.message||t.value)&&!\/[^a-zA-Z0-9]\/.test(t.secret)){for(var s,r,n,a=l.querySelectorAll('iframe[data-secret=\"'+t.secret+'\"]'),o=l.querySelectorAll('blockquote[data-secret=\"'+t.secret+'\"]'),c=new RegExp(\"^https?:$\",\"i\"),i=0;i<o.length;i++)o[i].style.display=\"none\";for(i=0;i<a.length;i++)s=a[i],e.source===s.contentWindow&&(s.removeAttribute(\"style\"),\"height\"===t.message?(1e3<(r=parseInt(t.value,10))?r=1e3:~~r<200&&(r=200),s.height=r):\"link\"===t.message&&(r=new URL(s.getAttribute(\"src\")),n=new URL(t.value),c.test(n.protocol))&&n.host===r.host&&l.activeElement===s&&(d.top.location.href=t.value))}},d.addEventListener(\"message\",d.wp.receiveEmbedMessage,!1),l.addEventListener(\"DOMContentLoaded\",function(){for(var e,t,s=l.querySelectorAll(\"iframe.wp-embedded-content\"),r=0;r<s.length;r++)(t=(e=s[r]).getAttribute(\"data-secret\"))||(t=Math.random().toString(36).substring(2,12),e.src+=\"#?secret=\"+t,e.setAttribute(\"data-secret\",t)),e.contentWindow.postMessage({message:\"ready\",secret:t},\"*\")},!1)))}(window,document);\n\/\/# sourceURL=https:\/\/wp.kristdemokraterna.se\/bollnas\/wp-includes\/js\/wp-embed.min.js\n\/* ]]> *\/\n<\/script>\n","description":"Kristdemokraterna i Bolln\u00e4s vill ha en kommun d\u00e4r friheten att forma sitt eget liv g\u00e5r hand i hand med ansvaret f\u00f6r sin medm\u00e4nniska. D\u00e4rf\u00f6r v\u00e4ljer vi att alltid prioritera k\u00e4rnverksamheten framf\u00f6r skrytbyggen och h\u00f6jda politikerl\u00f6ner.\u00a0 Eftersom vi tror p\u00e5 m\u00e4nniskans okr\u00e4nkbara v\u00e4rde s\u00e5 jobbar vi aktivt f\u00f6r att ingen ska h\u00e5llas tillbaka och att ingen L\u00e4s mer"}

Kristdemokraterna i Bollnäs

Startsida - Kristdemokraterna i Bollnäs

<blockquote class="wp-embedded-content" data-secret="xyRyMlbq7p"><a href="https://wp.kristdemokraterna.se/bollnas/">Startsida</a></blockquote><iframe sandbox="allow-scripts" security="restricted" src="https://wp.kristdemokraterna.se/bollnas/embed/#?secret=xyRyMlbq7p" width="600" height="338" title="”Startsida” &ndash; Kristdemokraterna i Bollnäs" data-secret="xyRyMlbq7p" frameborder="0" marginwidth="0" marginheight="0" scrolling="no" class="wp-embedded-content"></iframe><script type="text/javascript">
/* <![CDATA[ */
/*! This file is auto-generated */
!function(d,l){"use strict";l.querySelector&&d.addEventListener&&"undefined"!=typeof URL&&(d.wp=d.wp||{},d.wp.receiveEmbedMessage||(d.wp.receiveEmbedMessage=function(e){var t=e.data;if((t||t.secret||t.message||t.value)&&!/[^a-zA-Z0-9]/.test(t.secret)){for(var s,r,n,a=l.querySelectorAll('iframe[data-secret="'+t.secret+'"]'),o=l.querySelectorAll('blockquote[data-secret="'+t.secret+'"]'),c=new RegExp("^https?:$","i"),i=0;i<o.length;i++)o[i].style.display="none";for(i=0;i<a.length;i++)s=a[i],e.source===s.contentWindow&&(s.removeAttribute("style"),"height"===t.message?(1e3<(r=parseInt(t.value,10))?r=1e3:~~r<200&&(r=200),s.height=r):"link"===t.message&&(r=new URL(s.getAttribute("src")),n=new URL(t.value),c.test(n.protocol))&&n.host===r.host&&l.activeElement===s&&(d.top.location.href=t.value))}},d.addEventListener("message",d.wp.receiveEmbedMessage,!1),l.addEventListener("DOMContentLoaded",function(){for(var e,t,s=l.querySelectorAll("iframe.wp-embedded-content"),r=0;r<s.length;r++)(t=(e=s[r]).getAttribute("data-secret"))||(t=Math.random().toString(36).substring(2,12),e.src+="#?secret="+t,e.setAttribute("data-secret",t)),e.contentWindow.postMessage({message:"ready",secret:t},"*")},!1)))}(window,document);
//# sourceURL=https://wp.kristdemokraterna.se/bollnas/wp-includes/js/wp-embed.min.js
/* ]]> */
</script>

Kristdemokraterna i Bollnäs vill ha en kommun där friheten att forma sitt eget liv går hand i hand med ansvaret för sin medmänniska. Därför väljer vi att alltid prioritera kärnverksamheten framför skrytbyggen och höjda politikerlöner.  Eftersom vi tror på människans okränkbara värde så jobbar vi aktivt för att ingen ska hållas tillbaka och att ingen Läs mer
