{"id":578,"date":"2022-07-22T10:54:13","date_gmt":"2022-07-22T08:54:13","guid":{"rendered":"https:\/\/wp.kristdemokraterna.se\/boras\/?page_id=578"},"modified":"2022-07-22T11:28:27","modified_gmt":"2022-07-22T09:28:27","slug":"barn-och-forskola-med-valfrihet","status":"publish","type":"page","link":"https:\/\/wp.kristdemokraterna.se\/boras\/textsida-fullbredd\/var-politik-i-kommunen\/barn-och-forskola-med-valfrihet\/","title":{"rendered":"Barn och f\u00f6rskola med valfrihet"},"content":{"rendered":"<p>Alla barn och ungdomar ska garanteras m\u00f6jlighet att tillgodog\u00f6ra sig kunskap, kompetens, utveckling och god h\u00e4lsa.\u00a0\u00a0<\/p>\n<p>Det ska vara barn och familjers behov som styr hur f\u00f6rskolan i Bor\u00e5s utformas. Stordriftsf\u00f6rdelar eller personaleffektivitet f\u00e5r aldrig bli viktigare \u00e4n barnperspektivet. D\u00e4rf\u00f6r beh\u00f6ver Bor\u00e5s Stad erbjuda f\u00f6rskolor i varierande storlek i b\u00e5de kommunal och frist\u00e5ende regi. Vi v\u00e4rnar om olika profilinriktningar av pedagogik. Kommunala och frist\u00e5ende f\u00f6rskolor ska ges samma ekonomiska och resursm\u00e4ssiga f\u00f6ruts\u00e4ttningar och utbudet av pedagogisk omsorg b\u00f6r m\u00f6ta familjernas efterfr\u00e5gan.\u00a0\u00a0<\/p>\n<p>All forskning visar att de minsta barnen m\u00e5r b\u00e4st hemma med sina f\u00f6r\u00e4ldrar. Bor\u00e5s \u00e4r en av f\u00e5 kommuner i Sverige som erbjuder generell r\u00e4tt till f\u00f6rskola fr\u00e5n att barnet \u00e4r 6 m\u00e5nader. Kristdemokraterna vill att Bor\u00e5s i st\u00e4llet f\u00f6ljer lagkravet om f\u00f6rskola fr\u00e5n 1 \u00e5r. Om barnomsorg beh\u00f6vs tidigare ska det vara bist\u00e5ndsbed\u00f6mt.\u00a0\u00a0<\/p>\n<p>Sm\u00e5 barn kan bli stressade \u00f6ver att beh\u00f6va tr\u00e4ffa och relatera till m\u00e5nga olika personer. Vi vill inf\u00f6ra ett maxantal f\u00f6r antal barn i barngrupperna i f\u00f6rskolan. Maxantalet ska utg\u00e5 fr\u00e5n Skolverkets riktlinjer, som mest 12 barn i sm\u00e5barnsgrupper och max 15 barn i grupper f\u00f6r barn i \u00e5ldrarna 4\u20135 \u00e5r.\u00a0<\/p>\n<h2>Detta vill vi genomf\u00f6ra:<\/h2>\n<p>\t\t\t\t\t\t\t\t\t\t\t\t<a href=\"\">Barngruppernas storlek i f\u00f6rskolan ska h\u00e5llas nere. Vi vill att barn som \u00e4r tre \u00e5r eller yngre inte ska beh\u00f6va tillh\u00f6ra grupper som \u00e4r st\u00f6rre \u00e4n tolv barn. <\/a><\/p>\n<p>Vi vill inf\u00f6ra ett maxantal f\u00f6r antal barn i barngrupperna. Maxantalet ska utg\u00e5 fr\u00e5n Skolverkets riktlinjer, d\u00e4r barngrupper med barn som \u00e4r\u00a01\u20133\u00a0\u00e5r ska ha som mest 12 barn, f\u00f6r\u00a04\u20135\u00a0\u00e5ringar ska det som mest vara 15 barn.\u00a0<\/p>\n<p>\t\t\t\t\t\t\t\t\t\t\t\t<a href=\"\">R\u00e4tt till f\u00f6rskola fr\u00e5n tidigast ett \u00e5r <\/a><\/p>\n<p>All forskning visar att de minsta barnen m\u00e5r b\u00e4st hemma med sina f\u00f6r\u00e4ldrar. Bor\u00e5s \u00e4r en av f\u00e5 kommuner i Sverige som erbjuder generell r\u00e4tt till f\u00f6rskola fr\u00e5n att barnet \u00e4r 6 m\u00e5nader. Kristdemokraterna vill att Bor\u00e5s\u00a0i st\u00e4llet\u00a0f\u00f6ljer lagkravet om f\u00f6rskola fr\u00e5n 1 \u00e5r.\u00a0<\/p>\n<p>\t\t\t\t\t\t\t\t\t\t\t\t<a href=\"\">Vi f\u00f6respr\u00e5kar valfrihet och m\u00e5ngfald vad g\u00e4ller olika utf\u00f6rare och pedagogiska inriktningar. <\/a><\/p>\n<p>Bor\u00e5s har relativt f\u00e5 frist\u00e5ende f\u00f6rskolor. F\u00f6r oss \u00e4r det viktigt att det finns en bredd av utf\u00f6rare och pedagogiska inriktningar. Vi v\u00e4lkomnar fler frist\u00e5ende f\u00f6rskolor att etablera sig i v\u00e5r kommun i likhet med andra likv\u00e4rdiga kommuner\u00a0<\/p>\n<p>\t\t\t\t\t\t\t\t\t\t\t\t<a href=\"\">Bygg f\u00f6rskolor i varierande storlek och utformning. <\/a><\/p>\n<p>Vi ser en utveckling att man v\u00e4ljer att prioritera\u00a0ekonomiska och personalm\u00e4ssiga\u00a0stordriftsf\u00f6rdelar\u00a0vid nybyggnation. Vi anser att f\u00f6rskolor i f\u00f6rsta hand ska byggas\u00a0utifr\u00e5n barnperspektivet. D\u00e4rf\u00f6r beh\u00f6ver vi bygga f\u00f6rskolor i varierande storlek och utformning. Om m\u00f6jligt p\u00e5 egen tomt i markplan, med egen uteg\u00e5rd och med n\u00e4rhet till gr\u00f6nomr\u00e5de.\u00a0<\/p>\n<p>\t\t\t\t\t\t\t\t\t\t\t\t<a href=\"\">\u00c4ndra f\u00f6rskolans resursf\u00f6rdelningsmodell s\u00e5 att vistelsetiden r\u00e4knas in. <\/a><\/p>\n<p>F\u00f6r att \u00f6ka likv\u00e4rdigheten f\u00f6r barn och personal b\u00f6r \u00e4ven barnets vistelsetid p\u00e5 f\u00f6rskolan beaktas vid f\u00f6rdelning av resurser.\u00a0<\/p>\n<p>\t\t\t\t\t\t\t\t\t\t\t\t<a href=\"\">Kommunen ska beg\u00e4ra in arbets-eller studiescheman fr\u00e5n v\u00e5rdnadshavare med barn i f\u00f6rskolan <\/a><\/p>\n<p>Barnens vistelsetid ska utg\u00e5 fr\u00e5n v\u00e5rdnadshavarna arbets-\/studietid. Vi ser det som en sj\u00e4lvklarhet att schema l\u00e4mnas in vid ans\u00f6kan om barnomsorg och \u00e4ven vid f\u00f6r\u00e4ndrad situation.\u00a0<\/p>\n<p>\t\t\t\t\t\t\t\t\t\t\t\t<a href=\"\">Barn ska ha r\u00e4tt till inne- och utemilj\u00f6er med tillr\u00e4cklig friyta f\u00f6r att fr\u00e4mja r\u00f6relsefriheten <\/a><\/p>\n<p>Vi ser en trend av minskad r\u00f6relse hos barn och unga i samh\u00e4llet. F\u00e4rre g\u00e5r eller cyklar till f\u00f6rskolan \u00e4n tidigare. Yta f\u00f6r lek och r\u00f6relse i f\u00f6rskolan blir d\u00e4rf\u00f6r hela tiden mer avg\u00f6rande. P\u00e5 sm\u00e5 g\u00e5rdar blir r\u00f6relsefriheten begr\u00e4nsad och slitaget stort. Lekmilj\u00f6erna f\u00f6rlorar d\u00e5 v\u00e4sentligt i lekv\u00e4rde. Vi anser att de riktlinjer som Boverket framtagit ska f\u00f6ljas i m\u00f6jligaste m\u00e5n f\u00f6r att fr\u00e4mjav\u00e5ra barns r\u00f6relse fr\u00e5n tidig \u00e5lder.\u00a0<\/p>\n<p>\t\t\t\t\t\t\t\t\t\t\t\t<a href=\"\">Kommunen m\u00e5ste ta h\u00f6jd f\u00f6r att det ska finnas tillr\u00e4ckligt med platser f\u00f6r barn som bor utanf\u00f6r centrala Bor\u00e5s<\/a><\/p>\n<p>P\u00e5 landsbygden\u00a0och\u00a0kring v\u00e5ra serviceorter kan det finnas f\u00e4rre alternativ av f\u00f6rskolor, inom ett n\u00e4ra avst\u00e5nd, \u00e4n inne i stadens centrala delar. Det \u00e4r av stor vikt att den eller de f\u00f6rskolor som finns p\u00e5 n\u00e4rmsta ort alltid har tillr\u00e4ckligt med platser f\u00f6r att m\u00f6ta efterfr\u00e5gan.\u00a0<\/p>\n<p>\t\t\t\t\t\t\t\t\t\t\t\t<a href=\"\">Samtliga anst\u00e4llda i Bor\u00e5s Stad ska besitta grundl\u00e4ggande spr\u00e5kkunskaper. Har man inte detta vid anst\u00e4llning ska de anskaffas snarast. Vissa tj\u00e4nster b\u00f6r ha grundl\u00e4ggande spr\u00e5kkunskaper redan fr\u00e5n starten av anst\u00e4llningen. <\/a><\/p>\n<p>F\u00f6rskolan \u00e4r viktigf\u00f6r barns spr\u00e5kutveckling\u00a0och f\u00f6r en del barn kan f\u00f6rskolan vara den enda milj\u00f6 d\u00e4r de kommer i kontakt med det svenska spr\u00e5ket. Anst\u00e4llda i f\u00f6rskolan ska beh\u00e4rska det svenska spr\u00e5ket i tal och skrift. D\u00e4rf\u00f6r vill vi inf\u00f6ra ett h\u00f6gre spr\u00e5kkrav f\u00f6r nyanst\u00e4llning i f\u00f6rskolan.\u00a0<\/p>\n<p>\t\t\t\t\t\t\t\t\t\t\t\t<a href=\"\">En gemensam sammanst\u00e4llning av offentliga och frist\u00e5ende f\u00f6rskolor f\u00f6r varje omr\u00e5de. <\/a><\/p>\n<p>F\u00f6renkla\u00a0f\u00f6r f\u00f6r\u00e4ldrar att v\u00e4lja f\u00f6rskola och pedagogisk inriktning f\u00f6r\u00a0sitt barn genom att tydligg\u00f6ra vilka f\u00f6rskolor som finns i Bor\u00e5s. Oaktat om det \u00e4r kommunen eller en frist\u00e5ende akt\u00f6r som driver f\u00f6rskolan.\u00a0<\/p>\n","protected":false},"excerpt":{"rendered":"<p>Alla barn och ungdomar ska garanteras m\u00f6jlighet att tillgodog\u00f6ra sig kunskap, kompetens, utveckling och god h\u00e4lsa.\u00a0\u00a0 Det ska vara barn och familjers behov som styr hur f\u00f6rskolan i Bor\u00e5s utformas. Stordriftsf\u00f6rdelar eller personaleffektivitet f\u00e5r aldrig bli viktigare \u00e4n barnperspektivet. D\u00e4rf\u00f6r beh\u00f6ver Bor\u00e5s Stad erbjuda f\u00f6rskolor i varierande storlek i b\u00e5de kommunal och frist\u00e5ende regi. Vi <a class=\"read-more-link\" href=\"https:\/\/wp.kristdemokraterna.se\/boras\/textsida-fullbredd\/var-politik-i-kommunen\/barn-och-forskola-med-valfrihet\/\">L\u00e4s mer<\/a><\/p>\n","protected":false},"author":986,"featured_media":714,"parent":373,"menu_order":4,"comment_status":"closed","ping_status":"closed","template":"page.php","meta":{"_acf_changed":false,"footnotes":""},"class_list":["post-578","page","type-page","status-publish","hentry"],"acf":[],"yoast_head":"<!-- This site is optimized with the Yoast SEO plugin v27.3 - https:\/\/yoast.com\/product\/yoast-seo-wordpress\/ -->\n<title>Barn och f\u00f6rskola med valfrihet - Kristdemokraterna | Bor\u00e5s<\/title>\n<meta name=\"robots\" content=\"index, follow, max-snippet:-1, max-image-preview:large, max-video-preview:-1\" \/>\n<link rel=\"canonical\" href=\"https:\/\/wp.kristdemokraterna.se\/boras\/textsida-fullbredd\/var-politik-i-kommunen\/barn-och-forskola-med-valfrihet\/\" \/>\n<meta property=\"og:locale\" content=\"sv_SE\" \/>\n<meta property=\"og:type\" content=\"article\" \/>\n<meta property=\"og:title\" content=\"Barn och f\u00f6rskola med valfrihet - Kristdemokraterna | Bor\u00e5s\" \/>\n<meta property=\"og:description\" content=\"Alla barn och ungdomar ska garanteras m\u00f6jlighet att tillgodog\u00f6ra sig kunskap, kompetens, utveckling och god h\u00e4lsa.\u00a0\u00a0 Det ska vara barn och familjers behov som styr hur f\u00f6rskolan i Bor\u00e5s utformas. Stordriftsf\u00f6rdelar eller personaleffektivitet f\u00e5r aldrig bli viktigare \u00e4n barnperspektivet. D\u00e4rf\u00f6r beh\u00f6ver Bor\u00e5s Stad erbjuda f\u00f6rskolor i varierande storlek i b\u00e5de kommunal och frist\u00e5ende regi. Vi L\u00e4s mer\" \/>\n<meta property=\"og:url\" content=\"https:\/\/wp.kristdemokraterna.se\/boras\/textsida-fullbredd\/var-politik-i-kommunen\/barn-och-forskola-med-valfrihet\/\" \/>\n<meta property=\"og:site_name\" content=\"Kristdemokraterna | Bor\u00e5s\" \/>\n<meta property=\"article:modified_time\" content=\"2022-07-22T09:28:27+00:00\" \/>\n<meta property=\"og:image\" content=\"https:\/\/wp.kristdemokraterna.se\/boras\/files\/2023\/12\/niklas-arvidsson_14-751x1024.jpg\" \/>\n\t<meta property=\"og:image:width\" content=\"751\" \/>\n\t<meta property=\"og:image:height\" content=\"1024\" \/>\n\t<meta property=\"og:image:type\" content=\"image\/jpeg\" \/>\n<meta name=\"twitter:card\" content=\"summary_large_image\" \/>\n<meta name=\"twitter:label1\" content=\"Ber\u00e4knad l\u00e4stid\" \/>\n\t<meta name=\"twitter:data1\" content=\"4 minuter\" \/>\n<script type=\"application\/ld+json\" class=\"yoast-schema-graph\">{\"@context\":\"https:\\\/\\\/schema.org\",\"@graph\":[{\"@type\":\"WebPage\",\"@id\":\"https:\\\/\\\/wp.kristdemokraterna.se\\\/boras\\\/textsida-fullbredd\\\/var-politik-i-kommunen\\\/barn-och-forskola-med-valfrihet\\\/\",\"url\":\"https:\\\/\\\/wp.kristdemokraterna.se\\\/boras\\\/textsida-fullbredd\\\/var-politik-i-kommunen\\\/barn-och-forskola-med-valfrihet\\\/\",\"name\":\"Barn och f\u00f6rskola med valfrihet - Kristdemokraterna | Bor\u00e5s\",\"isPartOf\":{\"@id\":\"https:\\\/\\\/wp.kristdemokraterna.se\\\/boras\\\/#website\"},\"primaryImageOfPage\":{\"@id\":\"https:\\\/\\\/wp.kristdemokraterna.se\\\/boras\\\/textsida-fullbredd\\\/var-politik-i-kommunen\\\/barn-och-forskola-med-valfrihet\\\/#primaryimage\"},\"image\":{\"@id\":\"https:\\\/\\\/wp.kristdemokraterna.se\\\/boras\\\/textsida-fullbredd\\\/var-politik-i-kommunen\\\/barn-och-forskola-med-valfrihet\\\/#primaryimage\"},\"thumbnailUrl\":\"https:\\\/\\\/wp.kristdemokraterna.se\\\/boras\\\/files\\\/2023\\\/12\\\/niklas-arvidsson_14-scaled.jpg\",\"datePublished\":\"2022-07-22T08:54:13+00:00\",\"dateModified\":\"2022-07-22T09:28:27+00:00\",\"breadcrumb\":{\"@id\":\"https:\\\/\\\/wp.kristdemokraterna.se\\\/boras\\\/textsida-fullbredd\\\/var-politik-i-kommunen\\\/barn-och-forskola-med-valfrihet\\\/#breadcrumb\"},\"inLanguage\":\"sv-SE\",\"potentialAction\":[{\"@type\":\"ReadAction\",\"target\":[\"https:\\\/\\\/wp.kristdemokraterna.se\\\/boras\\\/textsida-fullbredd\\\/var-politik-i-kommunen\\\/barn-och-forskola-med-valfrihet\\\/\"]}]},{\"@type\":\"ImageObject\",\"inLanguage\":\"sv-SE\",\"@id\":\"https:\\\/\\\/wp.kristdemokraterna.se\\\/boras\\\/textsida-fullbredd\\\/var-politik-i-kommunen\\\/barn-och-forskola-med-valfrihet\\\/#primaryimage\",\"url\":\"https:\\\/\\\/wp.kristdemokraterna.se\\\/boras\\\/files\\\/2023\\\/12\\\/niklas-arvidsson_14-scaled.jpg\",\"contentUrl\":\"https:\\\/\\\/wp.kristdemokraterna.se\\\/boras\\\/files\\\/2023\\\/12\\\/niklas-arvidsson_14-scaled.jpg\",\"width\":1878,\"height\":2560},{\"@type\":\"BreadcrumbList\",\"@id\":\"https:\\\/\\\/wp.kristdemokraterna.se\\\/boras\\\/textsida-fullbredd\\\/var-politik-i-kommunen\\\/barn-och-forskola-med-valfrihet\\\/#breadcrumb\",\"itemListElement\":[{\"@type\":\"ListItem\",\"position\":1,\"name\":\"Hem\",\"item\":\"https:\\\/\\\/wp.kristdemokraterna.se\\\/boras\\\/\"},{\"@type\":\"ListItem\",\"position\":2,\"name\":\"Vad vi st\u00e5r f\u00f6r!\",\"item\":\"https:\\\/\\\/wp.kristdemokraterna.se\\\/boras\\\/textsida-fullbredd\\\/\"},{\"@type\":\"ListItem\",\"position\":3,\"name\":\"V\u00e5r politik i kommunen\",\"item\":\"https:\\\/\\\/wp.kristdemokraterna.se\\\/boras\\\/textsida-fullbredd\\\/var-politik-i-kommunen\\\/\"},{\"@type\":\"ListItem\",\"position\":4,\"name\":\"Barn och f\u00f6rskola med valfrihet\"}]},{\"@type\":\"WebSite\",\"@id\":\"https:\\\/\\\/wp.kristdemokraterna.se\\\/boras\\\/#website\",\"url\":\"https:\\\/\\\/wp.kristdemokraterna.se\\\/boras\\\/\",\"name\":\"Kristdemokraterna | Bor\u00e5s\",\"description\":\"En till Kristdemokraterna webbplats\",\"inLanguage\":\"sv-SE\"}]}<\/script>\n<!-- \/ Yoast SEO plugin. -->","yoast_head_json":{"title":"Barn och f\u00f6rskola med valfrihet - Kristdemokraterna | Bor\u00e5s","robots":{"index":"index","follow":"follow","max-snippet":"max-snippet:-1","max-image-preview":"max-image-preview:large","max-video-preview":"max-video-preview:-1"},"canonical":"https:\/\/wp.kristdemokraterna.se\/boras\/textsida-fullbredd\/var-politik-i-kommunen\/barn-och-forskola-med-valfrihet\/","og_locale":"sv_SE","og_type":"article","og_title":"Barn och f\u00f6rskola med valfrihet - Kristdemokraterna | Bor\u00e5s","og_description":"Alla barn och ungdomar ska garanteras m\u00f6jlighet att tillgodog\u00f6ra sig kunskap, kompetens, utveckling och god h\u00e4lsa.\u00a0\u00a0 Det ska vara barn och familjers behov som styr hur f\u00f6rskolan i Bor\u00e5s utformas. Stordriftsf\u00f6rdelar eller personaleffektivitet f\u00e5r aldrig bli viktigare \u00e4n barnperspektivet. D\u00e4rf\u00f6r beh\u00f6ver Bor\u00e5s Stad erbjuda f\u00f6rskolor i varierande storlek i b\u00e5de kommunal och frist\u00e5ende regi. Vi L\u00e4s mer","og_url":"https:\/\/wp.kristdemokraterna.se\/boras\/textsida-fullbredd\/var-politik-i-kommunen\/barn-och-forskola-med-valfrihet\/","og_site_name":"Kristdemokraterna | Bor\u00e5s","article_modified_time":"2022-07-22T09:28:27+00:00","og_image":[{"width":751,"height":1024,"url":"https:\/\/wp.kristdemokraterna.se\/boras\/files\/2023\/12\/niklas-arvidsson_14-751x1024.jpg","type":"image\/jpeg"}],"twitter_card":"summary_large_image","twitter_misc":{"Ber\u00e4knad l\u00e4stid":"4 minuter"},"schema":{"@context":"https:\/\/schema.org","@graph":[{"@type":"WebPage","@id":"https:\/\/wp.kristdemokraterna.se\/boras\/textsida-fullbredd\/var-politik-i-kommunen\/barn-och-forskola-med-valfrihet\/","url":"https:\/\/wp.kristdemokraterna.se\/boras\/textsida-fullbredd\/var-politik-i-kommunen\/barn-och-forskola-med-valfrihet\/","name":"Barn och f\u00f6rskola med valfrihet - Kristdemokraterna | Bor\u00e5s","isPartOf":{"@id":"https:\/\/wp.kristdemokraterna.se\/boras\/#website"},"primaryImageOfPage":{"@id":"https:\/\/wp.kristdemokraterna.se\/boras\/textsida-fullbredd\/var-politik-i-kommunen\/barn-och-forskola-med-valfrihet\/#primaryimage"},"image":{"@id":"https:\/\/wp.kristdemokraterna.se\/boras\/textsida-fullbredd\/var-politik-i-kommunen\/barn-och-forskola-med-valfrihet\/#primaryimage"},"thumbnailUrl":"https:\/\/wp.kristdemokraterna.se\/boras\/files\/2023\/12\/niklas-arvidsson_14-scaled.jpg","datePublished":"2022-07-22T08:54:13+00:00","dateModified":"2022-07-22T09:28:27+00:00","breadcrumb":{"@id":"https:\/\/wp.kristdemokraterna.se\/boras\/textsida-fullbredd\/var-politik-i-kommunen\/barn-och-forskola-med-valfrihet\/#breadcrumb"},"inLanguage":"sv-SE","potentialAction":[{"@type":"ReadAction","target":["https:\/\/wp.kristdemokraterna.se\/boras\/textsida-fullbredd\/var-politik-i-kommunen\/barn-och-forskola-med-valfrihet\/"]}]},{"@type":"ImageObject","inLanguage":"sv-SE","@id":"https:\/\/wp.kristdemokraterna.se\/boras\/textsida-fullbredd\/var-politik-i-kommunen\/barn-och-forskola-med-valfrihet\/#primaryimage","url":"https:\/\/wp.kristdemokraterna.se\/boras\/files\/2023\/12\/niklas-arvidsson_14-scaled.jpg","contentUrl":"https:\/\/wp.kristdemokraterna.se\/boras\/files\/2023\/12\/niklas-arvidsson_14-scaled.jpg","width":1878,"height":2560},{"@type":"BreadcrumbList","@id":"https:\/\/wp.kristdemokraterna.se\/boras\/textsida-fullbredd\/var-politik-i-kommunen\/barn-och-forskola-med-valfrihet\/#breadcrumb","itemListElement":[{"@type":"ListItem","position":1,"name":"Hem","item":"https:\/\/wp.kristdemokraterna.se\/boras\/"},{"@type":"ListItem","position":2,"name":"Vad vi st\u00e5r f\u00f6r!","item":"https:\/\/wp.kristdemokraterna.se\/boras\/textsida-fullbredd\/"},{"@type":"ListItem","position":3,"name":"V\u00e5r politik i kommunen","item":"https:\/\/wp.kristdemokraterna.se\/boras\/textsida-fullbredd\/var-politik-i-kommunen\/"},{"@type":"ListItem","position":4,"name":"Barn och f\u00f6rskola med valfrihet"}]},{"@type":"WebSite","@id":"https:\/\/wp.kristdemokraterna.se\/boras\/#website","url":"https:\/\/wp.kristdemokraterna.se\/boras\/","name":"Kristdemokraterna | Bor\u00e5s","description":"En till Kristdemokraterna webbplats","inLanguage":"sv-SE"}]}},"_links":{"self":[{"href":"https:\/\/wp.kristdemokraterna.se\/boras\/wp-json\/wp\/v2\/pages\/578","targetHints":{"allow":["GET"]}}],"collection":[{"href":"https:\/\/wp.kristdemokraterna.se\/boras\/wp-json\/wp\/v2\/pages"}],"about":[{"href":"https:\/\/wp.kristdemokraterna.se\/boras\/wp-json\/wp\/v2\/types\/page"}],"author":[{"embeddable":true,"href":"https:\/\/wp.kristdemokraterna.se\/boras\/wp-json\/wp\/v2\/users\/986"}],"replies":[{"embeddable":true,"href":"https:\/\/wp.kristdemokraterna.se\/boras\/wp-json\/wp\/v2\/comments?post=578"}],"version-history":[{"count":5,"href":"https:\/\/wp.kristdemokraterna.se\/boras\/wp-json\/wp\/v2\/pages\/578\/revisions"}],"predecessor-version":[{"id":589,"href":"https:\/\/wp.kristdemokraterna.se\/boras\/wp-json\/wp\/v2\/pages\/578\/revisions\/589"}],"up":[{"embeddable":true,"href":"https:\/\/wp.kristdemokraterna.se\/boras\/wp-json\/wp\/v2\/pages\/373"}],"wp:featuredmedia":[{"embeddable":true,"href":"https:\/\/wp.kristdemokraterna.se\/boras\/wp-json\/wp\/v2\/media\/714"}],"wp:attachment":[{"href":"https:\/\/wp.kristdemokraterna.se\/boras\/wp-json\/wp\/v2\/media?parent=578"}],"curies":[{"name":"wp","href":"https:\/\/api.w.org\/{rel}","templated":true}]}}