{"id":609,"date":"2022-08-10T17:06:39","date_gmt":"2022-08-10T15:06:39","guid":{"rendered":"https:\/\/wp.kristdemokraterna.se\/boras\/?page_id=609"},"modified":"2022-08-10T17:13:07","modified_gmt":"2022-08-10T15:13:07","slug":"miljo-och-klimat-for-en-hallbar-stad","status":"publish","type":"page","link":"https:\/\/wp.kristdemokraterna.se\/boras\/textsida-fullbredd\/var-politik-i-kommunen\/miljo-och-klimat-for-en-hallbar-stad\/","title":{"rendered":"Milj\u00f6 och klimat f\u00f6r en h\u00e5llbar stad"},"content":{"rendered":"<p style=\"margin-bottom: 0cm;line-height: normal;vertical-align: baseline\">F\u00f6rvaltarskapstanken \u00e4r b\u00e4rande del i den kristdemokratiska ideologin. P\u00e5 milj\u00f6omr\u00e5det inneb\u00e4r det att vi inte f\u00e5r f\u00f6rbruka v\u00e5r jord och dess tillg\u00e5ngar. Den kanske viktigaste milj\u00f6fr\u00e5gan att arbeta med idag \u00e4r att motverka uppv\u00e4rmningen av jorden. Kommunen har en s\u00e4rskild nyckelroll i arbetet att bygga ett samh\u00e4lle d\u00e4r skadlig milj\u00f6p\u00e5verkan minimeras, energin \u00e4r fossilfri, trafiksystemen h\u00e5llbara, bostadsmilj\u00f6er sunda och d\u00e4r naturresurser tas tillvara i ett kretslopp.\u00a0<\/p>\n<p style=\"margin-bottom: 0cm;line-height: normal;vertical-align: baseline\">Kommunen ska vara ett f\u00f6red\u00f6me i milj\u00f6arbetet. Bor\u00e5s Stad som stor organisation och arbetsgivare ska arbeta f\u00f6r att minska sitt klimatavtryck. Det beh\u00f6ver dels ske genom att st\u00e4lla krav i ink\u00f6p och upphandlingar, dels genom att minska den egna fordonsflottans utsl\u00e4pp och utsl\u00e4ppen av entrepren\u00f6rer kommunen anlitar.<\/p>\n<p>Ut\u00f6ver ett ansvar f\u00f6r den egna verksamheten har kommunen ocks\u00e5 ett ansvar att underl\u00e4tta f\u00f6r inv\u00e5nare och akt\u00f6rer i staden av att minska sitt milj\u00f6- och klimatavtryck. Vi vill att det ska vara l\u00e4tt f\u00f6r bor\u00e5saren att g\u00f6ra r\u00e4tt. Kommunen ska fokusera p\u00e5 insatser som g\u00f6r skillnad och som g\u00f6r det enkelt f\u00f6r den enskilde bor\u00e5saren att agera klimatsmart.\u00a0<\/p>\n<p style=\"margin-bottom: 0cm;line-height: normal;vertical-align: baseline\">D\u00e4remot anser vi att kommunen inte ska investera inv\u00e5narnas skattepengar i riskfyllda energiprojekt f\u00f6r elproduktion eller liknande. Detta \u00e4r statens och privata investerares uppgift och kan inte ses som en k\u00e4rnverksamhet f\u00f6r kommunen.\u00a0<\/p>\n<p>Som en gammal industristad har vi under tidigare generation haft utsl\u00e4pp som skapat f\u00f6roreningar i s\u00e5v\u00e4l mark som i Viskan. Kommunen har ett moraliskt ansvar att r\u00e4tta till tidigare generationers utsl\u00e4pp. Vi vill se ett ambiti\u00f6st arbete f\u00f6r att sanera tidigare industrimark och Viskan.<\/p>\n<h2>Detta vill vi genomf\u00f6ra:<\/h2>\n<p>\t\t\t\t\t\t\t\t\t\t\t\t<a href=\"\">Sanera f\u00f6rorenad mark<\/a><\/p>\n<p>Bor\u00e5s har ett arv med mycket mark som tidigare anv\u00e4nts f\u00f6r olika former av industri, inte minst f\u00f6r textilindustrin. Det finns gott om f\u00f6rorenad industrimark. Vi vill att kommunen tar ett krafttag f\u00f6r att hitta och sanera f\u00f6rorenade industrimark.\u00a0<\/p>\n<p>\t\t\t\t\t\t\t\t\t\t\t\t<a href=\"\">Sanera Viskan <\/a><\/p>\n<p>V\u00e5rt arv som industristad har ocks\u00e5 medf\u00f6rt omfattande utsl\u00e4pp i Viskan. Vi menar att kommunen har ett ansvar att \u00e5tg\u00e4rda tidigare generationers utsl\u00e4pp. Ett arbete med att sanera Viskan nedstr\u00f6ms har p\u00e5b\u00f6rjats. Vi vill forts\u00e4tta arbetet f\u00f6r att f\u00f6rb\u00e4ttra vattenkvalit\u00e9n och sanera f\u00f6rorenade sediment i Viskan.\u00a0<\/p>\n<p>\t\t\t\t\t\t\t\t\t\t\t\t<a href=\"\">Bor\u00e5s Stad b\u00f6r s\u00e4lja av sina vattenkraftverk <\/a><\/p>\n<p>Bor\u00e5s Energi och Milj\u00f6 \u00e4ger vattenkraftverk som st\u00e5r inf\u00f6r kostsamma investeringar. Milj\u00f6nyttan som verken bidrar med \u00e4r inte beroende av att kommunen \u00e4ger dem. Vi menar att kommunen borde fokusera p\u00e5 k\u00e4rnverksamhet och s\u00e4lja verken till privata akt\u00f6rer.\u00a0<\/p>\n<p>\t\t\t\t\t\t\t\t\t\t\t\t<a href=\"\">Minskade utsl\u00e4pp av den kommunala fordonsflottan och upphandlade entrepren\u00f6rer <\/a><\/p>\n<p>\u00c5tg\u00e4rder beh\u00f6vs f\u00f6r att minska den kommunala fordonsflottans utsl\u00e4pp och utsl\u00e4ppen av fordon hos entrepren\u00f6rer som kommunen anlitar. En utbyggnad av laddinfrastruktur och utbildning f\u00f6r anst\u00e4llda \u00e4r viktiga pusselbitar. Likas\u00e5 b\u00f6r krav st\u00e4llas vid upphandling av entrepren\u00f6rer.\u00a0<\/p>\n<p>\t\t\t\t\t\t\t\t\t\t\t\t<a href=\"\">St\u00f6rre andel n\u00e4rproducerade livsmedel <\/a><\/p>\n<p>Kommunen ska arbeta f\u00f6r en \u00f6kad andel n\u00e4rproducerade livsmedel i m\u00e5ltidsverksamheten inom f\u00f6rskola, skola och \u00e4ldreomsorgen.\u00a0<\/p>\n<p>\t\t\t\t\t\t\t\t\t\t\t\t<a href=\"\">St\u00e4ll krav vid upphandlingar <\/a><\/p>\n<p>Vid upphandlingar b\u00f6r det st\u00e4llas krav p\u00e5 att det ekologiska fotavtrycket ska redovisas och beaktas\u00a0<\/p>\n<p>\t\t\t\t\t\t\t\t\t\t\t\t<a href=\"\">Minskad klimatp\u00e5verkan vid byggnation <\/a><\/p>\n<p>Klimatp\u00e5verkan vid byggnation beh\u00f6ver minskas. Kommunen ska fr\u00e4mja byggnation i tr\u00e4.\u00a0\u00a0<\/p>\n<p>\t\t\t\t\t\t\t\t\t\t\t\t<a href=\"\">Mer \u00e5terbruk och \u00f6kad material\u00e5tervinning <\/a><\/p>\n<p>Kommunen ska arbeta f\u00f6r en \u00f6kad material\u00e5tervinning och goda m\u00f6jligheter till \u00e5terbruk. Kommunen ska komplettera men inte konkurrera med de m\u00f6jligheter till \u00e5terbruk som privata akt\u00f6rer och stiftelser erbjuder.\u00a0<\/p>\n<p>\t\t\t\t\t\t\t\t\t\t\t\t<a href=\"\">Gr\u00f6nskande bostadsomr\u00e5den <\/a><\/p>\n<p>Kommunen ska planera f\u00f6r bostadsomr\u00e5den med en h\u00e4lsofr\u00e4mjande n\u00e4rmilj\u00f6 som har n\u00e4rhet till gr\u00f6nomr\u00e5den.\u00a0<\/p>\n<p>\t\t\t\t\t\t\t\t\t\t\t\t<a href=\"\">Skogen en viktig kols\u00e4nka <\/a><\/p>\n<p>Bor\u00e5s Stad \u00e4r en stor skogs\u00e4gare. Kommunens skog \u00e4r en viktig kols\u00e4nka som varje \u00e5r binder stora m\u00e4ngder koldioxid. Skogsbruket beh\u00f6ver f\u00f6lja aktuella r\u00e5d och r\u00f6n f\u00f6r att optimera s\u00e5v\u00e4l koldioxidlagring som l\u00f6nsamhet.\u00a0\u00a0<\/p>\n<p>\t\t\t\t\t\t\t\t\t\t\t\t<a href=\"\">Dra nytta av solkraften  <\/a><\/p>\n<p>Anv\u00e4nd fastighetstak och andra l\u00e4mpliga ytor f\u00f6r solceller.\u00a0\u00a0<\/p>\n","protected":false},"excerpt":{"rendered":"<p>F\u00f6rvaltarskapstanken \u00e4r b\u00e4rande del i den kristdemokratiska ideologin. P\u00e5 milj\u00f6omr\u00e5det inneb\u00e4r det att vi inte f\u00e5r f\u00f6rbruka v\u00e5r jord och dess tillg\u00e5ngar. Den kanske viktigaste milj\u00f6fr\u00e5gan att arbeta med idag \u00e4r att motverka uppv\u00e4rmningen av jorden. Kommunen har en s\u00e4rskild nyckelroll i arbetet att bygga ett samh\u00e4lle d\u00e4r skadlig milj\u00f6p\u00e5verkan minimeras, energin \u00e4r fossilfri, trafiksystemen <a class=\"read-more-link\" href=\"https:\/\/wp.kristdemokraterna.se\/boras\/textsida-fullbredd\/var-politik-i-kommunen\/miljo-och-klimat-for-en-hallbar-stad\/\">L\u00e4s mer<\/a><\/p>\n","protected":false},"author":986,"featured_media":714,"parent":373,"menu_order":8,"comment_status":"closed","ping_status":"closed","template":"page.php","meta":{"_acf_changed":false,"footnotes":""},"class_list":["post-609","page","type-page","status-publish","hentry"],"acf":[],"yoast_head":"<!-- This site is optimized with the Yoast SEO plugin v27.4 - https:\/\/yoast.com\/product\/yoast-seo-wordpress\/ -->\n<title>Milj\u00f6 och klimat f\u00f6r en h\u00e5llbar stad - Kristdemokraterna | Bor\u00e5s<\/title>\n<meta name=\"robots\" content=\"index, follow, max-snippet:-1, max-image-preview:large, max-video-preview:-1\" \/>\n<link rel=\"canonical\" href=\"https:\/\/wp.kristdemokraterna.se\/boras\/textsida-fullbredd\/var-politik-i-kommunen\/miljo-och-klimat-for-en-hallbar-stad\/\" \/>\n<meta property=\"og:locale\" content=\"sv_SE\" \/>\n<meta property=\"og:type\" content=\"article\" \/>\n<meta property=\"og:title\" content=\"Milj\u00f6 och klimat f\u00f6r en h\u00e5llbar stad - Kristdemokraterna | Bor\u00e5s\" \/>\n<meta property=\"og:description\" content=\"F\u00f6rvaltarskapstanken \u00e4r b\u00e4rande del i den kristdemokratiska ideologin. P\u00e5 milj\u00f6omr\u00e5det inneb\u00e4r det att vi inte f\u00e5r f\u00f6rbruka v\u00e5r jord och dess tillg\u00e5ngar. Den kanske viktigaste milj\u00f6fr\u00e5gan att arbeta med idag \u00e4r att motverka uppv\u00e4rmningen av jorden. Kommunen har en s\u00e4rskild nyckelroll i arbetet att bygga ett samh\u00e4lle d\u00e4r skadlig milj\u00f6p\u00e5verkan minimeras, energin \u00e4r fossilfri, trafiksystemen L\u00e4s mer\" \/>\n<meta property=\"og:url\" content=\"https:\/\/wp.kristdemokraterna.se\/boras\/textsida-fullbredd\/var-politik-i-kommunen\/miljo-och-klimat-for-en-hallbar-stad\/\" \/>\n<meta property=\"og:site_name\" content=\"Kristdemokraterna | Bor\u00e5s\" \/>\n<meta property=\"article:modified_time\" content=\"2022-08-10T15:13:07+00:00\" \/>\n<meta property=\"og:image\" content=\"https:\/\/wp.kristdemokraterna.se\/boras\/files\/2023\/12\/niklas-arvidsson_14-751x1024.jpg\" \/>\n\t<meta property=\"og:image:width\" content=\"751\" \/>\n\t<meta property=\"og:image:height\" content=\"1024\" \/>\n\t<meta property=\"og:image:type\" content=\"image\/jpeg\" \/>\n<meta name=\"twitter:card\" content=\"summary_large_image\" \/>\n<meta name=\"twitter:label1\" content=\"Ber\u00e4knad l\u00e4stid\" \/>\n\t<meta name=\"twitter:data1\" content=\"3 minuter\" \/>\n<script type=\"application\/ld+json\" class=\"yoast-schema-graph\">{\"@context\":\"https:\\\/\\\/schema.org\",\"@graph\":[{\"@type\":\"WebPage\",\"@id\":\"https:\\\/\\\/wp.kristdemokraterna.se\\\/boras\\\/textsida-fullbredd\\\/var-politik-i-kommunen\\\/miljo-och-klimat-for-en-hallbar-stad\\\/\",\"url\":\"https:\\\/\\\/wp.kristdemokraterna.se\\\/boras\\\/textsida-fullbredd\\\/var-politik-i-kommunen\\\/miljo-och-klimat-for-en-hallbar-stad\\\/\",\"name\":\"Milj\u00f6 och klimat f\u00f6r en h\u00e5llbar stad - Kristdemokraterna | Bor\u00e5s\",\"isPartOf\":{\"@id\":\"https:\\\/\\\/wp.kristdemokraterna.se\\\/boras\\\/#website\"},\"primaryImageOfPage\":{\"@id\":\"https:\\\/\\\/wp.kristdemokraterna.se\\\/boras\\\/textsida-fullbredd\\\/var-politik-i-kommunen\\\/miljo-och-klimat-for-en-hallbar-stad\\\/#primaryimage\"},\"image\":{\"@id\":\"https:\\\/\\\/wp.kristdemokraterna.se\\\/boras\\\/textsida-fullbredd\\\/var-politik-i-kommunen\\\/miljo-och-klimat-for-en-hallbar-stad\\\/#primaryimage\"},\"thumbnailUrl\":\"https:\\\/\\\/wp.kristdemokraterna.se\\\/boras\\\/files\\\/2023\\\/12\\\/niklas-arvidsson_14-scaled.jpg\",\"datePublished\":\"2022-08-10T15:06:39+00:00\",\"dateModified\":\"2022-08-10T15:13:07+00:00\",\"breadcrumb\":{\"@id\":\"https:\\\/\\\/wp.kristdemokraterna.se\\\/boras\\\/textsida-fullbredd\\\/var-politik-i-kommunen\\\/miljo-och-klimat-for-en-hallbar-stad\\\/#breadcrumb\"},\"inLanguage\":\"sv-SE\",\"potentialAction\":[{\"@type\":\"ReadAction\",\"target\":[\"https:\\\/\\\/wp.kristdemokraterna.se\\\/boras\\\/textsida-fullbredd\\\/var-politik-i-kommunen\\\/miljo-och-klimat-for-en-hallbar-stad\\\/\"]}]},{\"@type\":\"ImageObject\",\"inLanguage\":\"sv-SE\",\"@id\":\"https:\\\/\\\/wp.kristdemokraterna.se\\\/boras\\\/textsida-fullbredd\\\/var-politik-i-kommunen\\\/miljo-och-klimat-for-en-hallbar-stad\\\/#primaryimage\",\"url\":\"https:\\\/\\\/wp.kristdemokraterna.se\\\/boras\\\/files\\\/2023\\\/12\\\/niklas-arvidsson_14-scaled.jpg\",\"contentUrl\":\"https:\\\/\\\/wp.kristdemokraterna.se\\\/boras\\\/files\\\/2023\\\/12\\\/niklas-arvidsson_14-scaled.jpg\",\"width\":1878,\"height\":2560},{\"@type\":\"BreadcrumbList\",\"@id\":\"https:\\\/\\\/wp.kristdemokraterna.se\\\/boras\\\/textsida-fullbredd\\\/var-politik-i-kommunen\\\/miljo-och-klimat-for-en-hallbar-stad\\\/#breadcrumb\",\"itemListElement\":[{\"@type\":\"ListItem\",\"position\":1,\"name\":\"Hem\",\"item\":\"https:\\\/\\\/wp.kristdemokraterna.se\\\/boras\\\/\"},{\"@type\":\"ListItem\",\"position\":2,\"name\":\"Vad vi st\u00e5r f\u00f6r!\",\"item\":\"https:\\\/\\\/wp.kristdemokraterna.se\\\/boras\\\/textsida-fullbredd\\\/\"},{\"@type\":\"ListItem\",\"position\":3,\"name\":\"V\u00e5r politik i kommunen\",\"item\":\"https:\\\/\\\/wp.kristdemokraterna.se\\\/boras\\\/textsida-fullbredd\\\/var-politik-i-kommunen\\\/\"},{\"@type\":\"ListItem\",\"position\":4,\"name\":\"Milj\u00f6 och klimat f\u00f6r en h\u00e5llbar stad\"}]},{\"@type\":\"WebSite\",\"@id\":\"https:\\\/\\\/wp.kristdemokraterna.se\\\/boras\\\/#website\",\"url\":\"https:\\\/\\\/wp.kristdemokraterna.se\\\/boras\\\/\",\"name\":\"Kristdemokraterna | Bor\u00e5s\",\"description\":\"En till Kristdemokraterna webbplats\",\"inLanguage\":\"sv-SE\"}]}<\/script>\n<!-- \/ Yoast SEO plugin. -->","yoast_head_json":{"title":"Milj\u00f6 och klimat f\u00f6r en h\u00e5llbar stad - Kristdemokraterna | Bor\u00e5s","robots":{"index":"index","follow":"follow","max-snippet":"max-snippet:-1","max-image-preview":"max-image-preview:large","max-video-preview":"max-video-preview:-1"},"canonical":"https:\/\/wp.kristdemokraterna.se\/boras\/textsida-fullbredd\/var-politik-i-kommunen\/miljo-och-klimat-for-en-hallbar-stad\/","og_locale":"sv_SE","og_type":"article","og_title":"Milj\u00f6 och klimat f\u00f6r en h\u00e5llbar stad - Kristdemokraterna | Bor\u00e5s","og_description":"F\u00f6rvaltarskapstanken \u00e4r b\u00e4rande del i den kristdemokratiska ideologin. P\u00e5 milj\u00f6omr\u00e5det inneb\u00e4r det att vi inte f\u00e5r f\u00f6rbruka v\u00e5r jord och dess tillg\u00e5ngar. Den kanske viktigaste milj\u00f6fr\u00e5gan att arbeta med idag \u00e4r att motverka uppv\u00e4rmningen av jorden. Kommunen har en s\u00e4rskild nyckelroll i arbetet att bygga ett samh\u00e4lle d\u00e4r skadlig milj\u00f6p\u00e5verkan minimeras, energin \u00e4r fossilfri, trafiksystemen L\u00e4s mer","og_url":"https:\/\/wp.kristdemokraterna.se\/boras\/textsida-fullbredd\/var-politik-i-kommunen\/miljo-och-klimat-for-en-hallbar-stad\/","og_site_name":"Kristdemokraterna | Bor\u00e5s","article_modified_time":"2022-08-10T15:13:07+00:00","og_image":[{"width":751,"height":1024,"url":"https:\/\/wp.kristdemokraterna.se\/boras\/files\/2023\/12\/niklas-arvidsson_14-751x1024.jpg","type":"image\/jpeg"}],"twitter_card":"summary_large_image","twitter_misc":{"Ber\u00e4knad l\u00e4stid":"3 minuter"},"schema":{"@context":"https:\/\/schema.org","@graph":[{"@type":"WebPage","@id":"https:\/\/wp.kristdemokraterna.se\/boras\/textsida-fullbredd\/var-politik-i-kommunen\/miljo-och-klimat-for-en-hallbar-stad\/","url":"https:\/\/wp.kristdemokraterna.se\/boras\/textsida-fullbredd\/var-politik-i-kommunen\/miljo-och-klimat-for-en-hallbar-stad\/","name":"Milj\u00f6 och klimat f\u00f6r en h\u00e5llbar stad - Kristdemokraterna | Bor\u00e5s","isPartOf":{"@id":"https:\/\/wp.kristdemokraterna.se\/boras\/#website"},"primaryImageOfPage":{"@id":"https:\/\/wp.kristdemokraterna.se\/boras\/textsida-fullbredd\/var-politik-i-kommunen\/miljo-och-klimat-for-en-hallbar-stad\/#primaryimage"},"image":{"@id":"https:\/\/wp.kristdemokraterna.se\/boras\/textsida-fullbredd\/var-politik-i-kommunen\/miljo-och-klimat-for-en-hallbar-stad\/#primaryimage"},"thumbnailUrl":"https:\/\/wp.kristdemokraterna.se\/boras\/files\/2023\/12\/niklas-arvidsson_14-scaled.jpg","datePublished":"2022-08-10T15:06:39+00:00","dateModified":"2022-08-10T15:13:07+00:00","breadcrumb":{"@id":"https:\/\/wp.kristdemokraterna.se\/boras\/textsida-fullbredd\/var-politik-i-kommunen\/miljo-och-klimat-for-en-hallbar-stad\/#breadcrumb"},"inLanguage":"sv-SE","potentialAction":[{"@type":"ReadAction","target":["https:\/\/wp.kristdemokraterna.se\/boras\/textsida-fullbredd\/var-politik-i-kommunen\/miljo-och-klimat-for-en-hallbar-stad\/"]}]},{"@type":"ImageObject","inLanguage":"sv-SE","@id":"https:\/\/wp.kristdemokraterna.se\/boras\/textsida-fullbredd\/var-politik-i-kommunen\/miljo-och-klimat-for-en-hallbar-stad\/#primaryimage","url":"https:\/\/wp.kristdemokraterna.se\/boras\/files\/2023\/12\/niklas-arvidsson_14-scaled.jpg","contentUrl":"https:\/\/wp.kristdemokraterna.se\/boras\/files\/2023\/12\/niklas-arvidsson_14-scaled.jpg","width":1878,"height":2560},{"@type":"BreadcrumbList","@id":"https:\/\/wp.kristdemokraterna.se\/boras\/textsida-fullbredd\/var-politik-i-kommunen\/miljo-och-klimat-for-en-hallbar-stad\/#breadcrumb","itemListElement":[{"@type":"ListItem","position":1,"name":"Hem","item":"https:\/\/wp.kristdemokraterna.se\/boras\/"},{"@type":"ListItem","position":2,"name":"Vad vi st\u00e5r f\u00f6r!","item":"https:\/\/wp.kristdemokraterna.se\/boras\/textsida-fullbredd\/"},{"@type":"ListItem","position":3,"name":"V\u00e5r politik i kommunen","item":"https:\/\/wp.kristdemokraterna.se\/boras\/textsida-fullbredd\/var-politik-i-kommunen\/"},{"@type":"ListItem","position":4,"name":"Milj\u00f6 och klimat f\u00f6r en h\u00e5llbar stad"}]},{"@type":"WebSite","@id":"https:\/\/wp.kristdemokraterna.se\/boras\/#website","url":"https:\/\/wp.kristdemokraterna.se\/boras\/","name":"Kristdemokraterna | Bor\u00e5s","description":"En till Kristdemokraterna webbplats","inLanguage":"sv-SE"}]}},"_links":{"self":[{"href":"https:\/\/wp.kristdemokraterna.se\/boras\/wp-json\/wp\/v2\/pages\/609","targetHints":{"allow":["GET"]}}],"collection":[{"href":"https:\/\/wp.kristdemokraterna.se\/boras\/wp-json\/wp\/v2\/pages"}],"about":[{"href":"https:\/\/wp.kristdemokraterna.se\/boras\/wp-json\/wp\/v2\/types\/page"}],"author":[{"embeddable":true,"href":"https:\/\/wp.kristdemokraterna.se\/boras\/wp-json\/wp\/v2\/users\/986"}],"replies":[{"embeddable":true,"href":"https:\/\/wp.kristdemokraterna.se\/boras\/wp-json\/wp\/v2\/comments?post=609"}],"version-history":[{"count":6,"href":"https:\/\/wp.kristdemokraterna.se\/boras\/wp-json\/wp\/v2\/pages\/609\/revisions"}],"predecessor-version":[{"id":617,"href":"https:\/\/wp.kristdemokraterna.se\/boras\/wp-json\/wp\/v2\/pages\/609\/revisions\/617"}],"up":[{"embeddable":true,"href":"https:\/\/wp.kristdemokraterna.se\/boras\/wp-json\/wp\/v2\/pages\/373"}],"wp:featuredmedia":[{"embeddable":true,"href":"https:\/\/wp.kristdemokraterna.se\/boras\/wp-json\/wp\/v2\/media\/714"}],"wp:attachment":[{"href":"https:\/\/wp.kristdemokraterna.se\/boras\/wp-json\/wp\/v2\/media?parent=609"}],"curies":[{"name":"wp","href":"https:\/\/api.w.org\/{rel}","templated":true}]}}