{"id":309,"date":"2017-02-17T16:02:45","date_gmt":"2017-02-17T15:02:45","guid":{"rendered":"http:\/\/wp.kristdemokraterna.se\/botkyrka\/?page_id=309"},"modified":"2026-03-26T21:22:58","modified_gmt":"2026-03-26T20:22:58","slug":"partiavdelningens-styrelse-2017","status":"publish","type":"page","link":"https:\/\/wp.kristdemokraterna.se\/botkyrka\/partiavdelningens-styrelse-2017\/","title":{"rendered":"Partiavdelningens styrelse 2026"},"content":{"rendered":"<p><img loading=\"lazy\" decoding=\"async\" class=\"alignnone size-medium wp-image-941\" src=\"http:\/\/wp.kristdemokraterna.se\/botkyrka\/files\/2023\/02\/yusuf-aydin-hemsidan-3-200x300.jpg\" alt=\"\" width=\"200\" height=\"300\" srcset=\"https:\/\/wp.kristdemokraterna.se\/botkyrka\/files\/2023\/02\/yusuf-aydin-hemsidan-3-200x300.jpg 200w, https:\/\/wp.kristdemokraterna.se\/botkyrka\/files\/2023\/02\/yusuf-aydin-hemsidan-3-360x540.jpg 360w, https:\/\/wp.kristdemokraterna.se\/botkyrka\/files\/2023\/02\/yusuf-aydin-hemsidan-3-768x1152.jpg 768w, https:\/\/wp.kristdemokraterna.se\/botkyrka\/files\/2023\/02\/yusuf-aydin-hemsidan-3-1024x1536.jpg 1024w, https:\/\/wp.kristdemokraterna.se\/botkyrka\/files\/2023\/02\/yusuf-aydin-hemsidan-3-1365x2048.jpg 1365w, https:\/\/wp.kristdemokraterna.se\/botkyrka\/files\/2023\/02\/yusuf-aydin-hemsidan-3-133x200.jpg 133w, https:\/\/wp.kristdemokraterna.se\/botkyrka\/files\/2023\/02\/yusuf-aydin-hemsidan-3-370x555.jpg 370w, https:\/\/wp.kristdemokraterna.se\/botkyrka\/files\/2023\/02\/yusuf-aydin-hemsidan-3-770x1155.jpg 770w, https:\/\/wp.kristdemokraterna.se\/botkyrka\/files\/2023\/02\/yusuf-aydin-hemsidan-3-450x675.jpg 450w, https:\/\/wp.kristdemokraterna.se\/botkyrka\/files\/2023\/02\/yusuf-aydin-hemsidan-3-268x402.jpg 268w, https:\/\/wp.kristdemokraterna.se\/botkyrka\/files\/2023\/02\/yusuf-aydin-hemsidan-3-340x510.jpg 340w, https:\/\/wp.kristdemokraterna.se\/botkyrka\/files\/2023\/02\/yusuf-aydin-hemsidan-3-37x56.jpg 37w, https:\/\/wp.kristdemokraterna.se\/botkyrka\/files\/2023\/02\/yusuf-aydin-hemsidan-3.jpg 1439w\" sizes=\"auto, (max-width: 200px) 100vw, 200px\" \/><\/p>\n<p>Yusuf Aydin, ordf\u00f6rande<br \/>\nyusuf.aydin@kristdemokraterna.se<\/p>\n<p><img loading=\"lazy\" decoding=\"async\" class=\"alignnone size-medium wp-image-943\" src=\"http:\/\/wp.kristdemokraterna.se\/botkyrka\/files\/2023\/02\/ebtesam-zino-hemsidan-200x300.jpg\" alt=\"\" width=\"200\" height=\"300\" srcset=\"https:\/\/wp.kristdemokraterna.se\/botkyrka\/files\/2023\/02\/ebtesam-zino-hemsidan-200x300.jpg 200w, https:\/\/wp.kristdemokraterna.se\/botkyrka\/files\/2023\/02\/ebtesam-zino-hemsidan-359x540.jpg 359w, https:\/\/wp.kristdemokraterna.se\/botkyrka\/files\/2023\/02\/ebtesam-zino-hemsidan-768x1154.jpg 768w, https:\/\/wp.kristdemokraterna.se\/botkyrka\/files\/2023\/02\/ebtesam-zino-hemsidan-1022x1536.jpg 1022w, https:\/\/wp.kristdemokraterna.se\/botkyrka\/files\/2023\/02\/ebtesam-zino-hemsidan-1363x2048.jpg 1363w, https:\/\/wp.kristdemokraterna.se\/botkyrka\/files\/2023\/02\/ebtesam-zino-hemsidan-133x200.jpg 133w, https:\/\/wp.kristdemokraterna.se\/botkyrka\/files\/2023\/02\/ebtesam-zino-hemsidan-370x556.jpg 370w, https:\/\/wp.kristdemokraterna.se\/botkyrka\/files\/2023\/02\/ebtesam-zino-hemsidan-770x1157.jpg 770w, https:\/\/wp.kristdemokraterna.se\/botkyrka\/files\/2023\/02\/ebtesam-zino-hemsidan-450x676.jpg 450w, https:\/\/wp.kristdemokraterna.se\/botkyrka\/files\/2023\/02\/ebtesam-zino-hemsidan-268x402.jpg 268w, https:\/\/wp.kristdemokraterna.se\/botkyrka\/files\/2023\/02\/ebtesam-zino-hemsidan-340x511.jpg 340w, https:\/\/wp.kristdemokraterna.se\/botkyrka\/files\/2023\/02\/ebtesam-zino-hemsidan-37x56.jpg 37w, https:\/\/wp.kristdemokraterna.se\/botkyrka\/files\/2023\/02\/ebtesam-zino-hemsidan-scaled.jpg 1704w\" sizes=\"auto, (max-width: 200px) 100vw, 200px\" \/><\/p>\n<p>Ebba Ebtesam Zino, vice ordf\u00f6rande<br \/>\nebbe_power@hotmail.com<\/p>\n<p><img loading=\"lazy\" decoding=\"async\" class=\"alignnone wp-image-1003\" src=\"http:\/\/wp.kristdemokraterna.se\/botkyrka\/files\/2025\/02\/suziie-hawsho-foto-225x300.jpg\" alt=\"\" width=\"200\" height=\"267\" srcset=\"https:\/\/wp.kristdemokraterna.se\/botkyrka\/files\/2025\/02\/suziie-hawsho-foto-225x300.jpg 225w, https:\/\/wp.kristdemokraterna.se\/botkyrka\/files\/2025\/02\/suziie-hawsho-foto-405x540.jpg 405w, https:\/\/wp.kristdemokraterna.se\/botkyrka\/files\/2025\/02\/suziie-hawsho-foto-768x1024.jpg 768w, https:\/\/wp.kristdemokraterna.se\/botkyrka\/files\/2025\/02\/suziie-hawsho-foto-1152x1536.jpg 1152w, https:\/\/wp.kristdemokraterna.se\/botkyrka\/files\/2025\/02\/suziie-hawsho-foto-1536x2048.jpg 1536w, https:\/\/wp.kristdemokraterna.se\/botkyrka\/files\/2025\/02\/suziie-hawsho-foto-150x200.jpg 150w, https:\/\/wp.kristdemokraterna.se\/botkyrka\/files\/2025\/02\/suziie-hawsho-foto-370x493.jpg 370w, https:\/\/wp.kristdemokraterna.se\/botkyrka\/files\/2025\/02\/suziie-hawsho-foto-770x1027.jpg 770w, https:\/\/wp.kristdemokraterna.se\/botkyrka\/files\/2025\/02\/suziie-hawsho-foto-450x600.jpg 450w, https:\/\/wp.kristdemokraterna.se\/botkyrka\/files\/2025\/02\/suziie-hawsho-foto-280x373.jpg 280w, https:\/\/wp.kristdemokraterna.se\/botkyrka\/files\/2025\/02\/suziie-hawsho-foto-340x453.jpg 340w, https:\/\/wp.kristdemokraterna.se\/botkyrka\/files\/2025\/02\/suziie-hawsho-foto-42x56.jpg 42w, https:\/\/wp.kristdemokraterna.se\/botkyrka\/files\/2025\/02\/suziie-hawsho-foto-scaled.jpg 1920w\" sizes=\"auto, (max-width: 200px) 100vw, 200px\" \/><\/p>\n<p>Suziie Hawsho, ledamot<br \/>\nsuziie_hawsho@hotmail.com<\/p>\n<p><img loading=\"lazy\" decoding=\"async\" class=\"alignnone size-medium wp-image-1004\" src=\"http:\/\/wp.kristdemokraterna.se\/botkyrka\/files\/2025\/02\/markus-rydell-hemsidan-2-200x300.jpg\" alt=\"\" width=\"200\" height=\"300\" srcset=\"https:\/\/wp.kristdemokraterna.se\/botkyrka\/files\/2025\/02\/markus-rydell-hemsidan-2-200x300.jpg 200w, https:\/\/wp.kristdemokraterna.se\/botkyrka\/files\/2025\/02\/markus-rydell-hemsidan-2-361x540.jpg 361w, https:\/\/wp.kristdemokraterna.se\/botkyrka\/files\/2025\/02\/markus-rydell-hemsidan-2-768x1150.jpg 768w, https:\/\/wp.kristdemokraterna.se\/botkyrka\/files\/2025\/02\/markus-rydell-hemsidan-2-1026x1536.jpg 1026w, https:\/\/wp.kristdemokraterna.se\/botkyrka\/files\/2025\/02\/markus-rydell-hemsidan-2-1368x2048.jpg 1368w, https:\/\/wp.kristdemokraterna.se\/botkyrka\/files\/2025\/02\/markus-rydell-hemsidan-2-134x200.jpg 134w, https:\/\/wp.kristdemokraterna.se\/botkyrka\/files\/2025\/02\/markus-rydell-hemsidan-2-370x554.jpg 370w, https:\/\/wp.kristdemokraterna.se\/botkyrka\/files\/2025\/02\/markus-rydell-hemsidan-2-770x1153.jpg 770w, https:\/\/wp.kristdemokraterna.se\/botkyrka\/files\/2025\/02\/markus-rydell-hemsidan-2-450x674.jpg 450w, https:\/\/wp.kristdemokraterna.se\/botkyrka\/files\/2025\/02\/markus-rydell-hemsidan-2-269x402.jpg 269w, https:\/\/wp.kristdemokraterna.se\/botkyrka\/files\/2025\/02\/markus-rydell-hemsidan-2-340x509.jpg 340w, https:\/\/wp.kristdemokraterna.se\/botkyrka\/files\/2025\/02\/markus-rydell-hemsidan-2-37x56.jpg 37w, https:\/\/wp.kristdemokraterna.se\/botkyrka\/files\/2025\/02\/markus-rydell-hemsidan-2.jpg 1419w\" sizes=\"auto, (max-width: 200px) 100vw, 200px\" \/><\/p>\n<p>Markus Rydell, ledamot<br \/>\nmarkus@rydell.nu<\/p>\n<p><img loading=\"lazy\" decoding=\"async\" class=\"alignnone size-medium wp-image-945\" src=\"http:\/\/wp.kristdemokraterna.se\/botkyrka\/files\/2023\/02\/stefan-dayne-hemsidan-200x300.jpg\" alt=\"\" width=\"200\" height=\"300\" srcset=\"https:\/\/wp.kristdemokraterna.se\/botkyrka\/files\/2023\/02\/stefan-dayne-hemsidan-200x300.jpg 200w, https:\/\/wp.kristdemokraterna.se\/botkyrka\/files\/2023\/02\/stefan-dayne-hemsidan-360x540.jpg 360w, https:\/\/wp.kristdemokraterna.se\/botkyrka\/files\/2023\/02\/stefan-dayne-hemsidan-768x1152.jpg 768w, https:\/\/wp.kristdemokraterna.se\/botkyrka\/files\/2023\/02\/stefan-dayne-hemsidan-1024x1536.jpg 1024w, https:\/\/wp.kristdemokraterna.se\/botkyrka\/files\/2023\/02\/stefan-dayne-hemsidan-1365x2048.jpg 1365w, https:\/\/wp.kristdemokraterna.se\/botkyrka\/files\/2023\/02\/stefan-dayne-hemsidan-133x200.jpg 133w, https:\/\/wp.kristdemokraterna.se\/botkyrka\/files\/2023\/02\/stefan-dayne-hemsidan-370x555.jpg 370w, https:\/\/wp.kristdemokraterna.se\/botkyrka\/files\/2023\/02\/stefan-dayne-hemsidan-770x1155.jpg 770w, https:\/\/wp.kristdemokraterna.se\/botkyrka\/files\/2023\/02\/stefan-dayne-hemsidan-450x675.jpg 450w, https:\/\/wp.kristdemokraterna.se\/botkyrka\/files\/2023\/02\/stefan-dayne-hemsidan-268x402.jpg 268w, https:\/\/wp.kristdemokraterna.se\/botkyrka\/files\/2023\/02\/stefan-dayne-hemsidan-340x510.jpg 340w, https:\/\/wp.kristdemokraterna.se\/botkyrka\/files\/2023\/02\/stefan-dayne-hemsidan-37x56.jpg 37w, https:\/\/wp.kristdemokraterna.se\/botkyrka\/files\/2023\/02\/stefan-dayne-hemsidan.jpg 1376w\" sizes=\"auto, (max-width: 200px) 100vw, 200px\" \/><\/p>\n<p>Stefan Dayne, ledamot<br \/>\nstefan.dayne@kristdemokraterna.se<\/p>\n<p><img loading=\"lazy\" decoding=\"async\" class=\"alignnone wp-image-975 \" src=\"http:\/\/wp.kristdemokraterna.se\/botkyrka\/files\/2024\/02\/a-camilla-frejman-1-197x300.jpg\" alt=\"\" width=\"196\" height=\"299\" \/><\/p>\n<p>A. Camilla Frejman, ers\u00e4ttare<br \/>\nfrejman@acf.nu<\/p>\n<p><img loading=\"lazy\" decoding=\"async\" class=\"size-medium wp-image-204\" src=\"http:\/\/wp.kristdemokraterna.se\/botkyrka\/files\/2016\/03\/caroline-blom-200x300.jpg\" alt=\"\" width=\"200\" height=\"300\" srcset=\"https:\/\/wp.kristdemokraterna.se\/botkyrka\/files\/2016\/03\/caroline-blom-200x300.jpg 200w, https:\/\/wp.kristdemokraterna.se\/botkyrka\/files\/2016\/03\/caroline-blom-360x540.jpg 360w, https:\/\/wp.kristdemokraterna.se\/botkyrka\/files\/2016\/03\/caroline-blom-231x346.jpg 231w, https:\/\/wp.kristdemokraterna.se\/botkyrka\/files\/2016\/03\/caroline-blom-75x112.jpg 75w, https:\/\/wp.kristdemokraterna.se\/botkyrka\/files\/2016\/03\/caroline-blom.jpg 439w\" sizes=\"auto, (max-width: 200px) 100vw, 200px\" \/><\/p>\n<p>Caroline Blom, ers\u00e4ttare<br \/>\ncaroline.blom@kristdemokraterna.se<\/p>\n<p><img loading=\"lazy\" decoding=\"async\" class=\"alignnone wp-image-976\" src=\"http:\/\/wp.kristdemokraterna.se\/botkyrka\/files\/2024\/02\/samer-fendukly-6-fb2-196x300.jpg\" alt=\"\" width=\"193\" height=\"295\" srcset=\"https:\/\/wp.kristdemokraterna.se\/botkyrka\/files\/2024\/02\/samer-fendukly-6-fb2-196x300.jpg 196w, https:\/\/wp.kristdemokraterna.se\/botkyrka\/files\/2024\/02\/samer-fendukly-6-fb2-352x540.jpg 352w, https:\/\/wp.kristdemokraterna.se\/botkyrka\/files\/2024\/02\/samer-fendukly-6-fb2-768x1178.jpg 768w, https:\/\/wp.kristdemokraterna.se\/botkyrka\/files\/2024\/02\/samer-fendukly-6-fb2-1001x1536.jpg 1001w, https:\/\/wp.kristdemokraterna.se\/botkyrka\/files\/2024\/02\/samer-fendukly-6-fb2-1335x2048.jpg 1335w, https:\/\/wp.kristdemokraterna.se\/botkyrka\/files\/2024\/02\/samer-fendukly-6-fb2-130x200.jpg 130w, https:\/\/wp.kristdemokraterna.se\/botkyrka\/files\/2024\/02\/samer-fendukly-6-fb2-370x568.jpg 370w, https:\/\/wp.kristdemokraterna.se\/botkyrka\/files\/2024\/02\/samer-fendukly-6-fb2-770x1181.jpg 770w, https:\/\/wp.kristdemokraterna.se\/botkyrka\/files\/2024\/02\/samer-fendukly-6-fb2-450x690.jpg 450w, https:\/\/wp.kristdemokraterna.se\/botkyrka\/files\/2024\/02\/samer-fendukly-6-fb2-262x402.jpg 262w, https:\/\/wp.kristdemokraterna.se\/botkyrka\/files\/2024\/02\/samer-fendukly-6-fb2-340x522.jpg 340w, https:\/\/wp.kristdemokraterna.se\/botkyrka\/files\/2024\/02\/samer-fendukly-6-fb2-37x56.jpg 37w, https:\/\/wp.kristdemokraterna.se\/botkyrka\/files\/2024\/02\/samer-fendukly-6-fb2.jpg 1549w\" sizes=\"auto, (max-width: 193px) 100vw, 193px\" \/><\/p>\n<p>Samer Fendukly, ers\u00e4ttare<br \/>\nsamerfendukly@gmail.com<\/p>\n<p><img loading=\"lazy\" decoding=\"async\" class=\"alignnone size-medium wp-image-944\" src=\"http:\/\/wp.kristdemokraterna.se\/botkyrka\/files\/2023\/02\/charlotta-eriksson-2-hemsida-200x300.jpeg\" alt=\"\" width=\"200\" height=\"300\" srcset=\"https:\/\/wp.kristdemokraterna.se\/botkyrka\/files\/2023\/02\/charlotta-eriksson-2-hemsida-200x300.jpeg 200w, https:\/\/wp.kristdemokraterna.se\/botkyrka\/files\/2023\/02\/charlotta-eriksson-2-hemsida-360x540.jpeg 360w, https:\/\/wp.kristdemokraterna.se\/botkyrka\/files\/2023\/02\/charlotta-eriksson-2-hemsida-768x1152.jpeg 768w, https:\/\/wp.kristdemokraterna.se\/botkyrka\/files\/2023\/02\/charlotta-eriksson-2-hemsida-133x200.jpeg 133w, https:\/\/wp.kristdemokraterna.se\/botkyrka\/files\/2023\/02\/charlotta-eriksson-2-hemsida-370x555.jpeg 370w, https:\/\/wp.kristdemokraterna.se\/botkyrka\/files\/2023\/02\/charlotta-eriksson-2-hemsida-770x1155.jpeg 770w, https:\/\/wp.kristdemokraterna.se\/botkyrka\/files\/2023\/02\/charlotta-eriksson-2-hemsida-450x675.jpeg 450w, https:\/\/wp.kristdemokraterna.se\/botkyrka\/files\/2023\/02\/charlotta-eriksson-2-hemsida-268x402.jpeg 268w, https:\/\/wp.kristdemokraterna.se\/botkyrka\/files\/2023\/02\/charlotta-eriksson-2-hemsida-340x510.jpeg 340w, https:\/\/wp.kristdemokraterna.se\/botkyrka\/files\/2023\/02\/charlotta-eriksson-2-hemsida-37x56.jpeg 37w, https:\/\/wp.kristdemokraterna.se\/botkyrka\/files\/2023\/02\/charlotta-eriksson-2-hemsida.jpeg 787w\" sizes=\"auto, (max-width: 200px) 100vw, 200px\" \/><\/p>\n<p>Charlotta Eriksson, ers\u00e4ttare<br \/>\ncharlotta.an.eriksson@gmail.com<\/p>\n<p><img loading=\"lazy\" decoding=\"async\" class=\"alignnone size-medium wp-image-1041\" src=\"http:\/\/wp.kristdemokraterna.se\/botkyrka\/files\/2026\/03\/sabri-touma-200x300.jpg\" alt=\"\" width=\"200\" height=\"300\" srcset=\"https:\/\/wp.kristdemokraterna.se\/botkyrka\/files\/2026\/03\/sabri-touma-200x300.jpg 200w, https:\/\/wp.kristdemokraterna.se\/botkyrka\/files\/2026\/03\/sabri-touma-360x540.jpg 360w, https:\/\/wp.kristdemokraterna.se\/botkyrka\/files\/2026\/03\/sabri-touma-768x1151.jpg 768w, https:\/\/wp.kristdemokraterna.se\/botkyrka\/files\/2026\/03\/sabri-touma-1025x1536.jpg 1025w, https:\/\/wp.kristdemokraterna.se\/botkyrka\/files\/2026\/03\/sabri-touma-1367x2048.jpg 1367w, https:\/\/wp.kristdemokraterna.se\/botkyrka\/files\/2026\/03\/sabri-touma-133x200.jpg 133w, https:\/\/wp.kristdemokraterna.se\/botkyrka\/files\/2026\/03\/sabri-touma-370x554.jpg 370w, https:\/\/wp.kristdemokraterna.se\/botkyrka\/files\/2026\/03\/sabri-touma-770x1154.jpg 770w, https:\/\/wp.kristdemokraterna.se\/botkyrka\/files\/2026\/03\/sabri-touma-450x674.jpg 450w, https:\/\/wp.kristdemokraterna.se\/botkyrka\/files\/2026\/03\/sabri-touma-268x402.jpg 268w, https:\/\/wp.kristdemokraterna.se\/botkyrka\/files\/2026\/03\/sabri-touma-340x509.jpg 340w, https:\/\/wp.kristdemokraterna.se\/botkyrka\/files\/2026\/03\/sabri-touma-37x56.jpg 37w, https:\/\/wp.kristdemokraterna.se\/botkyrka\/files\/2026\/03\/sabri-touma-scaled.jpg 1709w\" sizes=\"auto, (max-width: 200px) 100vw, 200px\" \/><\/p>\n<p>Sabri Touma, ers\u00e4ttare<br \/>\ntoumasabri@hotmail.com<\/p>\n","protected":false},"excerpt":{"rendered":"<p>Yusuf Aydin, ordf\u00f6rande yusuf.aydin@kristdemokraterna.se Ebba Ebtesam Zino, vice ordf\u00f6rande ebbe_power@hotmail.com Suziie Hawsho, ledamot suziie_hawsho@hotmail.com Markus Rydell, ledamot markus@rydell.nu Stefan Dayne, ledamot stefan.dayne@kristdemokraterna.se A. Camilla Frejman, ers\u00e4ttare frejman@acf.nu Caroline Blom, ers\u00e4ttare caroline.blom@kristdemokraterna.se Samer Fendukly, ers\u00e4ttare samerfendukly@gmail.com Charlotta Eriksson, ers\u00e4ttare charlotta.an.eriksson@gmail.com Sabri Touma, ers\u00e4ttare toumasabri@hotmail.com<\/p>\n","protected":false},"author":467,"featured_media":0,"parent":0,"menu_order":0,"comment_status":"closed","ping_status":"closed","template":"","meta":{"_acf_changed":false,"footnotes":""},"class_list":["post-309","page","type-page","status-publish","hentry"],"acf":[],"yoast_head":"<!-- This site is optimized with the Yoast SEO plugin v27.3 - https:\/\/yoast.com\/product\/yoast-seo-wordpress\/ -->\n<title>Partiavdelningens styrelse 2026 - Botkyrka<\/title>\n<meta name=\"robots\" content=\"index, follow, max-snippet:-1, max-image-preview:large, max-video-preview:-1\" \/>\n<link rel=\"canonical\" href=\"https:\/\/wp.kristdemokraterna.se\/botkyrka\/partiavdelningens-styrelse-2017\/\" \/>\n<meta property=\"og:locale\" content=\"sv_SE\" \/>\n<meta property=\"og:type\" content=\"article\" \/>\n<meta property=\"og:title\" content=\"Partiavdelningens styrelse 2026 - Botkyrka\" \/>\n<meta property=\"og:description\" content=\"Yusuf Aydin, ordf\u00f6rande yusuf.aydin@kristdemokraterna.se Ebba Ebtesam Zino, vice ordf\u00f6rande ebbe_power@hotmail.com Suziie Hawsho, ledamot suziie_hawsho@hotmail.com Markus Rydell, ledamot markus@rydell.nu Stefan Dayne, ledamot stefan.dayne@kristdemokraterna.se A. Camilla Frejman, ers\u00e4ttare frejman@acf.nu Caroline Blom, ers\u00e4ttare caroline.blom@kristdemokraterna.se Samer Fendukly, ers\u00e4ttare samerfendukly@gmail.com Charlotta Eriksson, ers\u00e4ttare charlotta.an.eriksson@gmail.com Sabri Touma, ers\u00e4ttare toumasabri@hotmail.com\" \/>\n<meta property=\"og:url\" content=\"https:\/\/wp.kristdemokraterna.se\/botkyrka\/partiavdelningens-styrelse-2017\/\" \/>\n<meta property=\"og:site_name\" content=\"Botkyrka\" \/>\n<meta property=\"article:modified_time\" content=\"2026-03-26T20:22:58+00:00\" \/>\n<meta property=\"og:image\" content=\"https:\/\/wp.kristdemokraterna.se\/botkyrka\/files\/2023\/02\/yusuf-aydin-hemsidan-3.jpg\" \/>\n\t<meta property=\"og:image:width\" content=\"1439\" \/>\n\t<meta property=\"og:image:height\" content=\"2159\" \/>\n\t<meta property=\"og:image:type\" content=\"image\/jpeg\" \/>\n<meta name=\"twitter:card\" content=\"summary_large_image\" \/>\n<meta name=\"twitter:label1\" content=\"Ber\u00e4knad l\u00e4stid\" \/>\n\t<meta name=\"twitter:data1\" content=\"3 minuter\" \/>\n<script type=\"application\/ld+json\" class=\"yoast-schema-graph\">{\"@context\":\"https:\\\/\\\/schema.org\",\"@graph\":[{\"@type\":\"WebPage\",\"@id\":\"https:\\\/\\\/wp.kristdemokraterna.se\\\/botkyrka\\\/partiavdelningens-styrelse-2017\\\/\",\"url\":\"https:\\\/\\\/wp.kristdemokraterna.se\\\/botkyrka\\\/partiavdelningens-styrelse-2017\\\/\",\"name\":\"Partiavdelningens styrelse 2026 - Botkyrka\",\"isPartOf\":{\"@id\":\"https:\\\/\\\/wp.kristdemokraterna.se\\\/botkyrka\\\/#website\"},\"primaryImageOfPage\":{\"@id\":\"https:\\\/\\\/wp.kristdemokraterna.se\\\/botkyrka\\\/partiavdelningens-styrelse-2017\\\/#primaryimage\"},\"image\":{\"@id\":\"https:\\\/\\\/wp.kristdemokraterna.se\\\/botkyrka\\\/partiavdelningens-styrelse-2017\\\/#primaryimage\"},\"thumbnailUrl\":\"http:\\\/\\\/wp.kristdemokraterna.se\\\/botkyrka\\\/files\\\/2023\\\/02\\\/yusuf-aydin-hemsidan-3-200x300.jpg\",\"datePublished\":\"2017-02-17T15:02:45+00:00\",\"dateModified\":\"2026-03-26T20:22:58+00:00\",\"breadcrumb\":{\"@id\":\"https:\\\/\\\/wp.kristdemokraterna.se\\\/botkyrka\\\/partiavdelningens-styrelse-2017\\\/#breadcrumb\"},\"inLanguage\":\"sv-SE\",\"potentialAction\":[{\"@type\":\"ReadAction\",\"target\":[\"https:\\\/\\\/wp.kristdemokraterna.se\\\/botkyrka\\\/partiavdelningens-styrelse-2017\\\/\"]}]},{\"@type\":\"ImageObject\",\"inLanguage\":\"sv-SE\",\"@id\":\"https:\\\/\\\/wp.kristdemokraterna.se\\\/botkyrka\\\/partiavdelningens-styrelse-2017\\\/#primaryimage\",\"url\":\"http:\\\/\\\/wp.kristdemokraterna.se\\\/botkyrka\\\/files\\\/2023\\\/02\\\/yusuf-aydin-hemsidan-3-200x300.jpg\",\"contentUrl\":\"http:\\\/\\\/wp.kristdemokraterna.se\\\/botkyrka\\\/files\\\/2023\\\/02\\\/yusuf-aydin-hemsidan-3-200x300.jpg\"},{\"@type\":\"BreadcrumbList\",\"@id\":\"https:\\\/\\\/wp.kristdemokraterna.se\\\/botkyrka\\\/partiavdelningens-styrelse-2017\\\/#breadcrumb\",\"itemListElement\":[{\"@type\":\"ListItem\",\"position\":1,\"name\":\"Hem\",\"item\":\"https:\\\/\\\/wp.kristdemokraterna.se\\\/botkyrka\\\/\"},{\"@type\":\"ListItem\",\"position\":2,\"name\":\"Partiavdelningens styrelse 2026\"}]},{\"@type\":\"WebSite\",\"@id\":\"https:\\\/\\\/wp.kristdemokraterna.se\\\/botkyrka\\\/#website\",\"url\":\"https:\\\/\\\/wp.kristdemokraterna.se\\\/botkyrka\\\/\",\"name\":\"Botkyrka\",\"description\":\"\",\"inLanguage\":\"sv-SE\"}]}<\/script>\n<!-- \/ Yoast SEO plugin. -->","yoast_head_json":{"title":"Partiavdelningens styrelse 2026 - Botkyrka","robots":{"index":"index","follow":"follow","max-snippet":"max-snippet:-1","max-image-preview":"max-image-preview:large","max-video-preview":"max-video-preview:-1"},"canonical":"https:\/\/wp.kristdemokraterna.se\/botkyrka\/partiavdelningens-styrelse-2017\/","og_locale":"sv_SE","og_type":"article","og_title":"Partiavdelningens styrelse 2026 - Botkyrka","og_description":"Yusuf Aydin, ordf\u00f6rande yusuf.aydin@kristdemokraterna.se Ebba Ebtesam Zino, vice ordf\u00f6rande ebbe_power@hotmail.com Suziie Hawsho, ledamot suziie_hawsho@hotmail.com Markus Rydell, ledamot markus@rydell.nu Stefan Dayne, ledamot stefan.dayne@kristdemokraterna.se A. Camilla Frejman, ers\u00e4ttare frejman@acf.nu Caroline Blom, ers\u00e4ttare caroline.blom@kristdemokraterna.se Samer Fendukly, ers\u00e4ttare samerfendukly@gmail.com Charlotta Eriksson, ers\u00e4ttare charlotta.an.eriksson@gmail.com Sabri Touma, ers\u00e4ttare toumasabri@hotmail.com","og_url":"https:\/\/wp.kristdemokraterna.se\/botkyrka\/partiavdelningens-styrelse-2017\/","og_site_name":"Botkyrka","article_modified_time":"2026-03-26T20:22:58+00:00","og_image":[{"width":1439,"height":2159,"url":"https:\/\/wp.kristdemokraterna.se\/botkyrka\/files\/2023\/02\/yusuf-aydin-hemsidan-3.jpg","type":"image\/jpeg"}],"twitter_card":"summary_large_image","twitter_misc":{"Ber\u00e4knad l\u00e4stid":"3 minuter"},"schema":{"@context":"https:\/\/schema.org","@graph":[{"@type":"WebPage","@id":"https:\/\/wp.kristdemokraterna.se\/botkyrka\/partiavdelningens-styrelse-2017\/","url":"https:\/\/wp.kristdemokraterna.se\/botkyrka\/partiavdelningens-styrelse-2017\/","name":"Partiavdelningens styrelse 2026 - Botkyrka","isPartOf":{"@id":"https:\/\/wp.kristdemokraterna.se\/botkyrka\/#website"},"primaryImageOfPage":{"@id":"https:\/\/wp.kristdemokraterna.se\/botkyrka\/partiavdelningens-styrelse-2017\/#primaryimage"},"image":{"@id":"https:\/\/wp.kristdemokraterna.se\/botkyrka\/partiavdelningens-styrelse-2017\/#primaryimage"},"thumbnailUrl":"http:\/\/wp.kristdemokraterna.se\/botkyrka\/files\/2023\/02\/yusuf-aydin-hemsidan-3-200x300.jpg","datePublished":"2017-02-17T15:02:45+00:00","dateModified":"2026-03-26T20:22:58+00:00","breadcrumb":{"@id":"https:\/\/wp.kristdemokraterna.se\/botkyrka\/partiavdelningens-styrelse-2017\/#breadcrumb"},"inLanguage":"sv-SE","potentialAction":[{"@type":"ReadAction","target":["https:\/\/wp.kristdemokraterna.se\/botkyrka\/partiavdelningens-styrelse-2017\/"]}]},{"@type":"ImageObject","inLanguage":"sv-SE","@id":"https:\/\/wp.kristdemokraterna.se\/botkyrka\/partiavdelningens-styrelse-2017\/#primaryimage","url":"http:\/\/wp.kristdemokraterna.se\/botkyrka\/files\/2023\/02\/yusuf-aydin-hemsidan-3-200x300.jpg","contentUrl":"http:\/\/wp.kristdemokraterna.se\/botkyrka\/files\/2023\/02\/yusuf-aydin-hemsidan-3-200x300.jpg"},{"@type":"BreadcrumbList","@id":"https:\/\/wp.kristdemokraterna.se\/botkyrka\/partiavdelningens-styrelse-2017\/#breadcrumb","itemListElement":[{"@type":"ListItem","position":1,"name":"Hem","item":"https:\/\/wp.kristdemokraterna.se\/botkyrka\/"},{"@type":"ListItem","position":2,"name":"Partiavdelningens styrelse 2026"}]},{"@type":"WebSite","@id":"https:\/\/wp.kristdemokraterna.se\/botkyrka\/#website","url":"https:\/\/wp.kristdemokraterna.se\/botkyrka\/","name":"Botkyrka","description":"","inLanguage":"sv-SE"}]}},"_links":{"self":[{"href":"https:\/\/wp.kristdemokraterna.se\/botkyrka\/wp-json\/wp\/v2\/pages\/309","targetHints":{"allow":["GET"]}}],"collection":[{"href":"https:\/\/wp.kristdemokraterna.se\/botkyrka\/wp-json\/wp\/v2\/pages"}],"about":[{"href":"https:\/\/wp.kristdemokraterna.se\/botkyrka\/wp-json\/wp\/v2\/types\/page"}],"author":[{"embeddable":true,"href":"https:\/\/wp.kristdemokraterna.se\/botkyrka\/wp-json\/wp\/v2\/users\/467"}],"replies":[{"embeddable":true,"href":"https:\/\/wp.kristdemokraterna.se\/botkyrka\/wp-json\/wp\/v2\/comments?post=309"}],"version-history":[{"count":22,"href":"https:\/\/wp.kristdemokraterna.se\/botkyrka\/wp-json\/wp\/v2\/pages\/309\/revisions"}],"predecessor-version":[{"id":1042,"href":"https:\/\/wp.kristdemokraterna.se\/botkyrka\/wp-json\/wp\/v2\/pages\/309\/revisions\/1042"}],"wp:attachment":[{"href":"https:\/\/wp.kristdemokraterna.se\/botkyrka\/wp-json\/wp\/v2\/media?parent=309"}],"curies":[{"name":"wp","href":"https:\/\/api.w.org\/{rel}","templated":true}]}}