{"id":972,"date":"2024-02-22T11:59:14","date_gmt":"2024-02-22T10:59:14","guid":{"rendered":"https:\/\/wp.kristdemokraterna.se\/botkyrka\/?page_id=972"},"modified":"2025-10-29T17:59:42","modified_gmt":"2025-10-29T16:59:42","slug":"mal-och-budget-2024","status":"publish","type":"page","link":"https:\/\/wp.kristdemokraterna.se\/botkyrka\/mal-och-budget-2024\/","title":{"rendered":"M\u00e5l och budget 2026"},"content":{"rendered":"<p>En stark budget f\u00f6r Botkyrka \u2013 f\u00f6r trygghet, god ekonomi samt ordning och reda<br \/>\nBotkyrkas b\u00e4sta presenterar nu mandatperiodens tredje och sista budget \u2013 och resultaten talar sitt tydliga spr\u00e5k. Efter \u00e5r av h\u00e5rt arbete b\u00f6rjar f\u00f6r\u00e4ndringen m\u00e4rkas p\u00e5 riktigt. Botkyrka st\u00e5r stadigare, framtidstron v\u00e4xer och kommunens ekonomi \u00e4r god<\/p>\n<p><!--more--><\/p>\n<p>N\u00e4r vi tog \u00f6ver ledningen av kommunen satte vi fokus p\u00e5 tre grundl\u00e4ggande v\u00e4rden: trygghet, god ekonomi samt ordning och reda. Det \u00e4r dessa principer som har burit oss \u2013 och som nu g\u00f6r det m\u00f6jligt att b\u00e5de st\u00e4rka v\u00e4lf\u00e4rden och s\u00e4nka skatten. Kommunens ekonomi \u00e4r starkare \u00e4n p\u00e5 l\u00e4nge. Det skapar handlingsutrymme att satsa p\u00e5 det som betyder mest f\u00f6r m\u00e4nniskor.<\/p>\n<p><strong>Trygghet, kvalitet och framtidstro<\/strong><br \/>\nDen tydliga satsningen p\u00e5 att \u00f6ka tryggheten ger resultat. Genom att arbeta l\u00e5ngsiktigt och grundligt med de problem som finns har f\u00f6rtroendet f\u00f6r kommunen \u00f6kat fr\u00e5n 65 procent 2024 till 74 procent 2025.<\/p>\n<p>Vi forts\u00e4tter satsa p\u00e5 trygghetsskapande och brottsbek\u00e4mpande \u00e5tg\u00e4rder. Den s\u00e4rskilda trygghetssatsningen p\u00e5 30 miljoner kronor \u00e5rligen forts\u00e4tter 2026. Vi verkar f\u00f6r att alla Botkyrkabor och f\u00f6reningar behandlas lika och att v\u00e5ra f\u00f6retagare m\u00f6ts av r\u00e4ttvisa villkor och ett sunt n\u00e4ringsliv.<\/p>\n<p><strong>Skolan \u2013 grunden f\u00f6r framtiden<\/strong><br \/>\nV\u00e5r allra viktigaste uppgift \u00e4r att ge varje barn en bra start i livet. Skolan \u00e4r av avg\u00f6rande betydelse.<\/p>\n<p>I en tid d\u00e5 elevantalet minskar st\u00e5r skolan inf\u00f6r stora f\u00f6r\u00e4ndringar. D\u00e4rf\u00f6r undantar vi, f\u00f6r tredje \u00e5ret i rad, utbildningsn\u00e4mnden fr\u00e5n effektiviseringskrav. Botkyrkas b\u00e4sta sparar inte p\u00e5 barnen \u2013 vi satsar p\u00e5 dem.<\/p>\n<p>Alla elever ska m\u00f6tas av h\u00f6ga f\u00f6rv\u00e4ntningar, skickliga l\u00e4rare och en skola som ser dem.<br \/>\nF\u00f6r oss handlar det inte bara om kunskap \u2013 utan om att barnen i Botkyrka ska k\u00e4nna att framtiden tillh\u00f6r dem.<\/p>\n<p>Vi st\u00e4rker d\u00e4rf\u00f6r arbetet med s\u00e4rskilt st\u00f6d, utvecklar insatserna f\u00f6r elever som riskerar att bli hemmasittare och bygger vidare p\u00e5 satsningen med en f\u00f6rst\u00e4rkt skolstart. En viktig del av arbetet f\u00f6r att st\u00e4rka skolans sociala och f\u00f6rebyggande insatser \u00e4r de skolsociala teamen. Vi bygger nu ut satsningen till fler skolor, med m\u00e5let att de successivt ska omfatta hela kommunen.<\/p>\n<p><strong>Fler Botkyrkabor i arbete<\/strong><br \/>\nEtt arbete \u00e4r mer \u00e4n en inkomst \u2013 det \u00e4r v\u00e4gen till frihet, gemenskap och framtidstro. Botkyrka ska bli<br \/>\nen kommun d\u00e4r alla som kan och vill arbeta f\u00e5r chansen. Vi vet att n\u00e4r fler jobbar v\u00e4xer hela Botkyrka \u2013<br \/>\ntryggheten \u00f6kar och ekonomin st\u00e4rks. D\u00e4rf\u00f6r g\u00f6r vi nu en stor satsning f\u00f6r att fler Botkyrkabor ska komma i arbete och egen f\u00f6rs\u00f6rjning.<\/p>\n<p>Vi bygger nya samarbeten mellan kommunen, n\u00e4ringslivet och civilsamh\u00e4llet. Vi skapar fler v\u00e4gar in p\u00e5<br \/>\narbetsmarknaden, st\u00e4rker yrkesutbildningarna och ger b\u00e4ttre st\u00f6d till dem som st\u00e5r l\u00e4ngst bort fr\u00e5n arbetslivet<\/p>\n<p><strong>Det ska vara tryggt att bli gammal i Botkyrka<\/strong><br \/>\n\u00c4ven \u00e4ldreomsorgen st\u00e5r inf\u00f6r stora utmaningar n\u00e4r allt fler blir allt \u00e4ldre. D\u00e4rf\u00f6r fredas v\u00e5rd- och<br \/>\nomsorgsn\u00e4mnden fr\u00e5n effektiviseringar. Flera satsningar p\u00e5 f\u00f6rb\u00e4ttrad kvalitet g\u00f6rs. Vi fasar ut<br \/>\nminutplaneringen i hemtj\u00e4nsten och bygger en organisation med n\u00e4rvarande ledarskap och stolthet i yrket.<\/p>\n<p><strong>En kommun i r\u00f6relse \u2013 p\u00e5 v\u00e4g fram\u00e5t<\/strong><br \/>\nBudgeten f\u00f6r 2026 \u00e4r mer \u00e4n siffror \u2013 den visar att vi \u00e4r p\u00e5 r\u00e4tt v\u00e4g.<\/p>\n<p>Ett Botkyrka d\u00e4r alla k\u00e4nner sig trygga, barnen f\u00e5r en utbildning med god kvalitet, arbetsmarknaden st\u00e4rks och d\u00e4r v\u00e5ra \u00e4ldre f\u00e5r en v\u00e4rdig omsorg.<\/p>\n<p>Vi bygger ett Botkyrka som h\u00e5ller ihop, med ordning och reda i kommunen, god ekonomi och starkt fokus p\u00e5 trygghet. D\u00e4rf\u00f6r kan vi i \u00e5r b\u00e5de st\u00e4rka v\u00e5r k\u00e4rnverksamhet och s\u00e4nka skatten.<\/p>\n<p>Beslut om M\u00e5l och budget 2026 med fler\u00e5rsplan 2027-2029 tas i kommunfullm\u00e4ktige den 27 november 2025.<\/p>\n<p>Stina Lundgren \u2013 Moderaterna<br \/>\nMarcus Ekman &#8211; Oberoende S<br \/>\nStefan Dayne \u2013 Kristdemokraterna<br \/>\nAnders Thor\u00e9n &#8211; Tullingepartiet<br \/>\nDag Ahlse &#8211; Centerpartiet<\/p>\n<p>L\u00e4s presenterat budgetf\u00f6rslag fr\u00e5n Botkyrkas b\u00e4sta i sin helhet h\u00e4r:<br \/>\n<a href=\"http:\/\/wp.kristdemokraterna.se\/botkyrka\/files\/2025\/10\/mal-och-budget-2026-med-flerarsplan-2027-2029-ks.pdf\">M\u00e5l och budget 2026 med fler\u00e5rsplan 2027-2029 KS<\/a><\/p>\n","protected":false},"excerpt":{"rendered":"<p>En stark budget f\u00f6r Botkyrka \u2013 f\u00f6r trygghet, god ekonomi samt ordning och reda Botkyrkas b\u00e4sta presenterar nu mandatperiodens tredje och sista budget \u2013 och resultaten talar sitt tydliga spr\u00e5k. Efter \u00e5r av h\u00e5rt arbete b\u00f6rjar f\u00f6r\u00e4ndringen m\u00e4rkas p\u00e5 riktigt. Botkyrka st\u00e5r stadigare, framtidstron v\u00e4xer och kommunens ekonomi \u00e4r god<\/p>\n","protected":false},"author":467,"featured_media":0,"parent":0,"menu_order":0,"comment_status":"closed","ping_status":"closed","template":"","meta":{"_acf_changed":false,"footnotes":""},"class_list":["post-972","page","type-page","status-publish","hentry"],"acf":[],"yoast_head":"<!-- This site is optimized with the Yoast SEO plugin v27.4 - https:\/\/yoast.com\/product\/yoast-seo-wordpress\/ -->\n<title>M\u00e5l och budget 2026 - Botkyrka<\/title>\n<meta name=\"robots\" content=\"index, follow, max-snippet:-1, max-image-preview:large, max-video-preview:-1\" \/>\n<link rel=\"canonical\" href=\"https:\/\/wp.kristdemokraterna.se\/botkyrka\/mal-och-budget-2024\/\" \/>\n<meta property=\"og:locale\" content=\"sv_SE\" \/>\n<meta property=\"og:type\" content=\"article\" \/>\n<meta property=\"og:title\" content=\"M\u00e5l och budget 2026 - Botkyrka\" \/>\n<meta property=\"og:description\" content=\"En stark budget f\u00f6r Botkyrka \u2013 f\u00f6r trygghet, god ekonomi samt ordning och reda Botkyrkas b\u00e4sta presenterar nu mandatperiodens tredje och sista budget \u2013 och resultaten talar sitt tydliga spr\u00e5k. Efter \u00e5r av h\u00e5rt arbete b\u00f6rjar f\u00f6r\u00e4ndringen m\u00e4rkas p\u00e5 riktigt. Botkyrka st\u00e5r stadigare, framtidstron v\u00e4xer och kommunens ekonomi \u00e4r god\" \/>\n<meta property=\"og:url\" content=\"https:\/\/wp.kristdemokraterna.se\/botkyrka\/mal-och-budget-2024\/\" \/>\n<meta property=\"og:site_name\" content=\"Botkyrka\" \/>\n<meta property=\"article:modified_time\" content=\"2025-10-29T16:59:42+00:00\" \/>\n<meta name=\"twitter:card\" content=\"summary_large_image\" \/>\n<meta name=\"twitter:label1\" content=\"Ber\u00e4knad l\u00e4stid\" \/>\n\t<meta name=\"twitter:data1\" content=\"4 minuter\" \/>\n<script type=\"application\/ld+json\" class=\"yoast-schema-graph\">{\"@context\":\"https:\\\/\\\/schema.org\",\"@graph\":[{\"@type\":\"WebPage\",\"@id\":\"https:\\\/\\\/wp.kristdemokraterna.se\\\/botkyrka\\\/mal-och-budget-2024\\\/\",\"url\":\"https:\\\/\\\/wp.kristdemokraterna.se\\\/botkyrka\\\/mal-och-budget-2024\\\/\",\"name\":\"M\u00e5l och budget 2026 - Botkyrka\",\"isPartOf\":{\"@id\":\"https:\\\/\\\/wp.kristdemokraterna.se\\\/botkyrka\\\/#website\"},\"datePublished\":\"2024-02-22T10:59:14+00:00\",\"dateModified\":\"2025-10-29T16:59:42+00:00\",\"breadcrumb\":{\"@id\":\"https:\\\/\\\/wp.kristdemokraterna.se\\\/botkyrka\\\/mal-och-budget-2024\\\/#breadcrumb\"},\"inLanguage\":\"sv-SE\",\"potentialAction\":[{\"@type\":\"ReadAction\",\"target\":[\"https:\\\/\\\/wp.kristdemokraterna.se\\\/botkyrka\\\/mal-och-budget-2024\\\/\"]}]},{\"@type\":\"BreadcrumbList\",\"@id\":\"https:\\\/\\\/wp.kristdemokraterna.se\\\/botkyrka\\\/mal-och-budget-2024\\\/#breadcrumb\",\"itemListElement\":[{\"@type\":\"ListItem\",\"position\":1,\"name\":\"Hem\",\"item\":\"https:\\\/\\\/wp.kristdemokraterna.se\\\/botkyrka\\\/\"},{\"@type\":\"ListItem\",\"position\":2,\"name\":\"M\u00e5l och budget 2026\"}]},{\"@type\":\"WebSite\",\"@id\":\"https:\\\/\\\/wp.kristdemokraterna.se\\\/botkyrka\\\/#website\",\"url\":\"https:\\\/\\\/wp.kristdemokraterna.se\\\/botkyrka\\\/\",\"name\":\"Botkyrka\",\"description\":\"\",\"inLanguage\":\"sv-SE\"}]}<\/script>\n<!-- \/ Yoast SEO plugin. -->","yoast_head_json":{"title":"M\u00e5l och budget 2026 - Botkyrka","robots":{"index":"index","follow":"follow","max-snippet":"max-snippet:-1","max-image-preview":"max-image-preview:large","max-video-preview":"max-video-preview:-1"},"canonical":"https:\/\/wp.kristdemokraterna.se\/botkyrka\/mal-och-budget-2024\/","og_locale":"sv_SE","og_type":"article","og_title":"M\u00e5l och budget 2026 - Botkyrka","og_description":"En stark budget f\u00f6r Botkyrka \u2013 f\u00f6r trygghet, god ekonomi samt ordning och reda Botkyrkas b\u00e4sta presenterar nu mandatperiodens tredje och sista budget \u2013 och resultaten talar sitt tydliga spr\u00e5k. Efter \u00e5r av h\u00e5rt arbete b\u00f6rjar f\u00f6r\u00e4ndringen m\u00e4rkas p\u00e5 riktigt. Botkyrka st\u00e5r stadigare, framtidstron v\u00e4xer och kommunens ekonomi \u00e4r god","og_url":"https:\/\/wp.kristdemokraterna.se\/botkyrka\/mal-och-budget-2024\/","og_site_name":"Botkyrka","article_modified_time":"2025-10-29T16:59:42+00:00","twitter_card":"summary_large_image","twitter_misc":{"Ber\u00e4knad l\u00e4stid":"4 minuter"},"schema":{"@context":"https:\/\/schema.org","@graph":[{"@type":"WebPage","@id":"https:\/\/wp.kristdemokraterna.se\/botkyrka\/mal-och-budget-2024\/","url":"https:\/\/wp.kristdemokraterna.se\/botkyrka\/mal-och-budget-2024\/","name":"M\u00e5l och budget 2026 - Botkyrka","isPartOf":{"@id":"https:\/\/wp.kristdemokraterna.se\/botkyrka\/#website"},"datePublished":"2024-02-22T10:59:14+00:00","dateModified":"2025-10-29T16:59:42+00:00","breadcrumb":{"@id":"https:\/\/wp.kristdemokraterna.se\/botkyrka\/mal-och-budget-2024\/#breadcrumb"},"inLanguage":"sv-SE","potentialAction":[{"@type":"ReadAction","target":["https:\/\/wp.kristdemokraterna.se\/botkyrka\/mal-och-budget-2024\/"]}]},{"@type":"BreadcrumbList","@id":"https:\/\/wp.kristdemokraterna.se\/botkyrka\/mal-och-budget-2024\/#breadcrumb","itemListElement":[{"@type":"ListItem","position":1,"name":"Hem","item":"https:\/\/wp.kristdemokraterna.se\/botkyrka\/"},{"@type":"ListItem","position":2,"name":"M\u00e5l och budget 2026"}]},{"@type":"WebSite","@id":"https:\/\/wp.kristdemokraterna.se\/botkyrka\/#website","url":"https:\/\/wp.kristdemokraterna.se\/botkyrka\/","name":"Botkyrka","description":"","inLanguage":"sv-SE"}]}},"_links":{"self":[{"href":"https:\/\/wp.kristdemokraterna.se\/botkyrka\/wp-json\/wp\/v2\/pages\/972","targetHints":{"allow":["GET"]}}],"collection":[{"href":"https:\/\/wp.kristdemokraterna.se\/botkyrka\/wp-json\/wp\/v2\/pages"}],"about":[{"href":"https:\/\/wp.kristdemokraterna.se\/botkyrka\/wp-json\/wp\/v2\/types\/page"}],"author":[{"embeddable":true,"href":"https:\/\/wp.kristdemokraterna.se\/botkyrka\/wp-json\/wp\/v2\/users\/467"}],"replies":[{"embeddable":true,"href":"https:\/\/wp.kristdemokraterna.se\/botkyrka\/wp-json\/wp\/v2\/comments?post=972"}],"version-history":[{"count":5,"href":"https:\/\/wp.kristdemokraterna.se\/botkyrka\/wp-json\/wp\/v2\/pages\/972\/revisions"}],"predecessor-version":[{"id":1039,"href":"https:\/\/wp.kristdemokraterna.se\/botkyrka\/wp-json\/wp\/v2\/pages\/972\/revisions\/1039"}],"wp:attachment":[{"href":"https:\/\/wp.kristdemokraterna.se\/botkyrka\/wp-json\/wp\/v2\/media?parent=972"}],"curies":[{"name":"wp","href":"https:\/\/api.w.org\/{rel}","templated":true}]}}