{"id":1506,"date":"2024-04-15T12:48:45","date_gmt":"2024-04-15T10:48:45","guid":{"rendered":"https:\/\/wp.kristdemokraterna.se\/brannberg\/?page_id=1506"},"modified":"2024-11-08T15:20:41","modified_gmt":"2024-11-08T14:20:41","slug":"europaparlamentsval","status":"publish","type":"page","link":"https:\/\/wp.kristdemokraterna.se\/brannberg\/europaparlamentsval\/","title":{"rendered":"Ny nomineringsgrupp inf\u00f6r Kyrkovalet"},"content":{"rendered":"<p>Ny nomineringsgrupp inf\u00f6r kyrkovalet<\/p>\n<p>Sedan Staten och Svenska Kyrkan besl\u00f6t att kyrkan skulle bli en egen verksamhet s\u00e5 har diskussionerna om de politiska partiernas roll diskuterats. Kyrkan bygger p\u00e5 en demokratiprocess bland sina medlemmar och vid ett Kyrkoval kan alla medlemmar r\u00f6sta p\u00e5 de som ska leda organisationen via olika beslutsorgan.<br \/>\nN\u00e5gra partier har fortfarande kopplingar mellan partiorganisationen och kyrkan, medan andra vill markera att man inte \u00e4r kyrkopolitiker som en del av sitt sekul\u00e4ra politiska uppdrag. D\u00e4rf\u00f6r anv\u00e4nds begreppets nomineringsgruppen numera.<\/p>\n<p>En nomineringsgrupp \u00e4r en grupp kyrkopolitiker som enats om ett gemensamt program. Under 2024 har tv\u00e5 nomineringsgrupper beslutat sig f\u00f6r en nysatsning tillsammans. Under denna mandatperiod finns &#8221;Borgerligt Alternativ&#8221; och &#8221;Kristdemokrater i Svenska Kyrkan&#8221;. I samband med kyrkovalet lanseras nu en ny nomineringsgrupp som kalls &#8221;Kristen Borgerlig Samverkan&#8221;. Tanken \u00e4r att nu rekrytera personer som \u00e4r &#8221;borgerligt sinnade&#8221; till en gruppering som inte har en koppling till ett visst politiskt parti, men som tillh\u00f6r &#8221;borgerligheten&#8221;. Det \u00e4r upp till var och en att definiera sig som en borgerlig politiker, om man s\u00e5 \u00f6nskar.<\/p>\n<p>Nu sker rekrytering av personer till kyrkofullm\u00e4ktige-, stifts- och kyrkom\u00f6tesvalen. Den 8-21 september 2025 kommer valet att genomf\u00f6ras. Den nya mandatperioden blir fr\u00e5n 2026.<\/p>\n<p>\u00c4r du intresserad av att engagera dig i en borgerlig grupp, men som \u00e4r partipolitiskt obunden s\u00e5 \u00e4r du v\u00e4lkommen att h\u00f6ra av dig.<\/p>\n<p>Under 2024-2025 kommer de som valdes in som via Borgerligt Alternativ eller Kristdemokrater i Svenska Kyrkan att fullf\u00f6lja sina uppdrag, men fr\u00e5n den nya mandatperioden anv\u00e4nds den nya beteckningen &#8221;Kristen Borgerlig Samverkan&#8221;.<\/p>\n<p>Vill du engagera dig i ditt pastorat, stift eller vid kyrkom\u00f6tet s\u00e5 \u00e4r du v\u00e4lkommen att h\u00f6ra av dig.<\/p>\n","protected":false},"excerpt":{"rendered":"<p>Ny nomineringsgrupp inf\u00f6r kyrkovalet Sedan Staten och Svenska Kyrkan besl\u00f6t att kyrkan skulle bli en egen verksamhet s\u00e5 har diskussionerna om de politiska partiernas roll diskuterats. Kyrkan bygger p\u00e5 en demokratiprocess bland sina medlemmar och vid ett Kyrkoval kan alla medlemmar r\u00f6sta p\u00e5 de som ska leda organisationen via olika beslutsorgan. N\u00e5gra partier har fortfarande <a class=\"read-more-link\" href=\"https:\/\/wp.kristdemokraterna.se\/brannberg\/europaparlamentsval\/\">Read More<\/a><\/p>\n","protected":false},"author":744,"featured_media":0,"parent":0,"menu_order":0,"comment_status":"closed","ping_status":"closed","template":"","meta":{"_acf_changed":false,"footnotes":""},"class_list":["post-1506","page","type-page","status-publish","hentry"],"acf":[],"yoast_head":"<!-- This site is optimized with the Yoast SEO plugin v27.3 - https:\/\/yoast.com\/product\/yoast-seo-wordpress\/ -->\n<title>Ny nomineringsgrupp inf\u00f6r Kyrkovalet - Conny Br\u00e4nnberg<\/title>\n<meta name=\"robots\" content=\"index, follow, max-snippet:-1, max-image-preview:large, max-video-preview:-1\" \/>\n<link rel=\"canonical\" href=\"https:\/\/wp.kristdemokraterna.se\/brannberg\/europaparlamentsval\/\" \/>\n<meta property=\"og:locale\" content=\"sv_SE\" \/>\n<meta property=\"og:type\" content=\"article\" \/>\n<meta property=\"og:title\" content=\"Ny nomineringsgrupp inf\u00f6r Kyrkovalet - Conny Br\u00e4nnberg\" \/>\n<meta property=\"og:description\" content=\"Ny nomineringsgrupp inf\u00f6r kyrkovalet Sedan Staten och Svenska Kyrkan besl\u00f6t att kyrkan skulle bli en egen verksamhet s\u00e5 har diskussionerna om de politiska partiernas roll diskuterats. Kyrkan bygger p\u00e5 en demokratiprocess bland sina medlemmar och vid ett Kyrkoval kan alla medlemmar r\u00f6sta p\u00e5 de som ska leda organisationen via olika beslutsorgan. N\u00e5gra partier har fortfarande Read More\" \/>\n<meta property=\"og:url\" content=\"https:\/\/wp.kristdemokraterna.se\/brannberg\/europaparlamentsval\/\" \/>\n<meta property=\"og:site_name\" content=\"Conny Br\u00e4nnberg\" \/>\n<meta property=\"article:publisher\" content=\"https:\/\/www.facebook.com\/connybrannberg\" \/>\n<meta property=\"article:modified_time\" content=\"2024-11-08T14:20:41+00:00\" \/>\n<meta name=\"twitter:card\" content=\"summary_large_image\" \/>\n<meta name=\"twitter:site\" content=\"@brannberg\" \/>\n<meta name=\"twitter:label1\" content=\"Ber\u00e4knad l\u00e4stid\" \/>\n\t<meta name=\"twitter:data1\" content=\"2 minuter\" \/>\n<script type=\"application\/ld+json\" class=\"yoast-schema-graph\">{\"@context\":\"https:\\\/\\\/schema.org\",\"@graph\":[{\"@type\":\"WebPage\",\"@id\":\"https:\\\/\\\/wp.kristdemokraterna.se\\\/brannberg\\\/europaparlamentsval\\\/\",\"url\":\"https:\\\/\\\/wp.kristdemokraterna.se\\\/brannberg\\\/europaparlamentsval\\\/\",\"name\":\"Ny nomineringsgrupp inf\u00f6r Kyrkovalet - Conny Br\u00e4nnberg\",\"isPartOf\":{\"@id\":\"https:\\\/\\\/wp.kristdemokraterna.se\\\/brannberg\\\/#website\"},\"datePublished\":\"2024-04-15T10:48:45+00:00\",\"dateModified\":\"2024-11-08T14:20:41+00:00\",\"breadcrumb\":{\"@id\":\"https:\\\/\\\/wp.kristdemokraterna.se\\\/brannberg\\\/europaparlamentsval\\\/#breadcrumb\"},\"inLanguage\":\"sv-SE\",\"potentialAction\":[{\"@type\":\"ReadAction\",\"target\":[\"https:\\\/\\\/wp.kristdemokraterna.se\\\/brannberg\\\/europaparlamentsval\\\/\"]}]},{\"@type\":\"BreadcrumbList\",\"@id\":\"https:\\\/\\\/wp.kristdemokraterna.se\\\/brannberg\\\/europaparlamentsval\\\/#breadcrumb\",\"itemListElement\":[{\"@type\":\"ListItem\",\"position\":1,\"name\":\"Hem\",\"item\":\"https:\\\/\\\/wp.kristdemokraterna.se\\\/brannberg\\\/\"},{\"@type\":\"ListItem\",\"position\":2,\"name\":\"Ny nomineringsgrupp inf\u00f6r Kyrkovalet\"}]},{\"@type\":\"WebSite\",\"@id\":\"https:\\\/\\\/wp.kristdemokraterna.se\\\/brannberg\\\/#website\",\"url\":\"https:\\\/\\\/wp.kristdemokraterna.se\\\/brannberg\\\/\",\"name\":\"Conny Br\u00e4nnberg\",\"description\":\"Trygg v\u00e5rd n\u00e4ra dig!\",\"inLanguage\":\"sv-SE\"}]}<\/script>\n<!-- \/ Yoast SEO plugin. -->","yoast_head_json":{"title":"Ny nomineringsgrupp inf\u00f6r Kyrkovalet - Conny Br\u00e4nnberg","robots":{"index":"index","follow":"follow","max-snippet":"max-snippet:-1","max-image-preview":"max-image-preview:large","max-video-preview":"max-video-preview:-1"},"canonical":"https:\/\/wp.kristdemokraterna.se\/brannberg\/europaparlamentsval\/","og_locale":"sv_SE","og_type":"article","og_title":"Ny nomineringsgrupp inf\u00f6r Kyrkovalet - Conny Br\u00e4nnberg","og_description":"Ny nomineringsgrupp inf\u00f6r kyrkovalet Sedan Staten och Svenska Kyrkan besl\u00f6t att kyrkan skulle bli en egen verksamhet s\u00e5 har diskussionerna om de politiska partiernas roll diskuterats. Kyrkan bygger p\u00e5 en demokratiprocess bland sina medlemmar och vid ett Kyrkoval kan alla medlemmar r\u00f6sta p\u00e5 de som ska leda organisationen via olika beslutsorgan. N\u00e5gra partier har fortfarande Read More","og_url":"https:\/\/wp.kristdemokraterna.se\/brannberg\/europaparlamentsval\/","og_site_name":"Conny Br\u00e4nnberg","article_publisher":"https:\/\/www.facebook.com\/connybrannberg","article_modified_time":"2024-11-08T14:20:41+00:00","twitter_card":"summary_large_image","twitter_site":"@brannberg","twitter_misc":{"Ber\u00e4knad l\u00e4stid":"2 minuter"},"schema":{"@context":"https:\/\/schema.org","@graph":[{"@type":"WebPage","@id":"https:\/\/wp.kristdemokraterna.se\/brannberg\/europaparlamentsval\/","url":"https:\/\/wp.kristdemokraterna.se\/brannberg\/europaparlamentsval\/","name":"Ny nomineringsgrupp inf\u00f6r Kyrkovalet - Conny Br\u00e4nnberg","isPartOf":{"@id":"https:\/\/wp.kristdemokraterna.se\/brannberg\/#website"},"datePublished":"2024-04-15T10:48:45+00:00","dateModified":"2024-11-08T14:20:41+00:00","breadcrumb":{"@id":"https:\/\/wp.kristdemokraterna.se\/brannberg\/europaparlamentsval\/#breadcrumb"},"inLanguage":"sv-SE","potentialAction":[{"@type":"ReadAction","target":["https:\/\/wp.kristdemokraterna.se\/brannberg\/europaparlamentsval\/"]}]},{"@type":"BreadcrumbList","@id":"https:\/\/wp.kristdemokraterna.se\/brannberg\/europaparlamentsval\/#breadcrumb","itemListElement":[{"@type":"ListItem","position":1,"name":"Hem","item":"https:\/\/wp.kristdemokraterna.se\/brannberg\/"},{"@type":"ListItem","position":2,"name":"Ny nomineringsgrupp inf\u00f6r Kyrkovalet"}]},{"@type":"WebSite","@id":"https:\/\/wp.kristdemokraterna.se\/brannberg\/#website","url":"https:\/\/wp.kristdemokraterna.se\/brannberg\/","name":"Conny Br\u00e4nnberg","description":"Trygg v\u00e5rd n\u00e4ra dig!","inLanguage":"sv-SE"}]}},"_links":{"self":[{"href":"https:\/\/wp.kristdemokraterna.se\/brannberg\/wp-json\/wp\/v2\/pages\/1506","targetHints":{"allow":["GET"]}}],"collection":[{"href":"https:\/\/wp.kristdemokraterna.se\/brannberg\/wp-json\/wp\/v2\/pages"}],"about":[{"href":"https:\/\/wp.kristdemokraterna.se\/brannberg\/wp-json\/wp\/v2\/types\/page"}],"author":[{"embeddable":true,"href":"https:\/\/wp.kristdemokraterna.se\/brannberg\/wp-json\/wp\/v2\/users\/744"}],"replies":[{"embeddable":true,"href":"https:\/\/wp.kristdemokraterna.se\/brannberg\/wp-json\/wp\/v2\/comments?post=1506"}],"version-history":[{"count":4,"href":"https:\/\/wp.kristdemokraterna.se\/brannberg\/wp-json\/wp\/v2\/pages\/1506\/revisions"}],"predecessor-version":[{"id":1576,"href":"https:\/\/wp.kristdemokraterna.se\/brannberg\/wp-json\/wp\/v2\/pages\/1506\/revisions\/1576"}],"wp:attachment":[{"href":"https:\/\/wp.kristdemokraterna.se\/brannberg\/wp-json\/wp\/v2\/media?parent=1506"}],"curies":[{"name":"wp","href":"https:\/\/api.w.org\/{rel}","templated":true}]}}