{"id":1618,"date":"2026-01-22T09:54:42","date_gmt":"2026-01-22T08:54:42","guid":{"rendered":"https:\/\/wp.kristdemokraterna.se\/brannberg\/?page_id=1618"},"modified":"2026-01-22T09:54:42","modified_gmt":"2026-01-22T08:54:42","slug":"tack-for-stodet-i-kyrkovalet","status":"publish","type":"page","link":"https:\/\/wp.kristdemokraterna.se\/brannberg\/tack-for-stodet-i-kyrkovalet\/","title":{"rendered":"Tack f\u00f6r st\u00f6det i kyrkovalet"},"content":{"rendered":"<p>Tack till er som r\u00f6stade p\u00e5 Borgerlig Kristen Samverkan<\/p>\n<p>Nu \u00e4r mandatperioden ig\u00e5ng och BKS har f\u00e5tt fem mandat i stiftstfullm\u00e4ktige. Som ordinarie ledam\u00f6ter kommer f\u00f6ljande att tj\u00e4nstg\u00f6ra:<\/p>\n<p>Johan Hjert\u00e9n<br \/>\nFredrik \u00d6hrberg<br \/>\nConny Br\u00e4nnberg<br \/>\nH\u00e5kan Deleskog<br \/>\nDag H\u00f6grell<\/p>\n<p>Som ers\u00e4ttare:<br \/>\nMarie-Louise Svensson<br \/>\nDavid Jerrestrand<br \/>\nMaria Bruckshaw<\/p>\n<p>Johan Hjert\u00e9n har ocks\u00e5 valts som ordinarie ledamot i Stiftsstyrelsen. Johan blev ocks\u00e5 nomineringsgruppens representant till kyrkom\u00f6tet.<\/p>\n","protected":false},"excerpt":{"rendered":"<p>Tack till er som r\u00f6stade p\u00e5 Borgerlig Kristen Samverkan Nu \u00e4r mandatperioden ig\u00e5ng och BKS har f\u00e5tt fem mandat i stiftstfullm\u00e4ktige. Som ordinarie ledam\u00f6ter kommer f\u00f6ljande att tj\u00e4nstg\u00f6ra: Johan Hjert\u00e9n Fredrik \u00d6hrberg Conny Br\u00e4nnberg H\u00e5kan Deleskog Dag H\u00f6grell Som ers\u00e4ttare: Marie-Louise Svensson David Jerrestrand Maria Bruckshaw Johan Hjert\u00e9n har ocks\u00e5 valts som ordinarie ledamot i <a class=\"read-more-link\" href=\"https:\/\/wp.kristdemokraterna.se\/brannberg\/tack-for-stodet-i-kyrkovalet\/\">Read More<\/a><\/p>\n","protected":false},"author":744,"featured_media":0,"parent":0,"menu_order":0,"comment_status":"closed","ping_status":"closed","template":"","meta":{"_acf_changed":false,"footnotes":""},"class_list":["post-1618","page","type-page","status-publish","hentry"],"acf":[],"yoast_head":"<!-- This site is optimized with the Yoast SEO plugin v27.4 - https:\/\/yoast.com\/product\/yoast-seo-wordpress\/ -->\n<title>Tack f\u00f6r st\u00f6det i kyrkovalet - Conny Br\u00e4nnberg<\/title>\n<meta name=\"robots\" content=\"index, follow, max-snippet:-1, max-image-preview:large, max-video-preview:-1\" \/>\n<link rel=\"canonical\" href=\"https:\/\/wp.kristdemokraterna.se\/brannberg\/tack-for-stodet-i-kyrkovalet\/\" \/>\n<meta property=\"og:locale\" content=\"sv_SE\" \/>\n<meta property=\"og:type\" content=\"article\" \/>\n<meta property=\"og:title\" content=\"Tack f\u00f6r st\u00f6det i kyrkovalet - Conny Br\u00e4nnberg\" \/>\n<meta property=\"og:description\" content=\"Tack till er som r\u00f6stade p\u00e5 Borgerlig Kristen Samverkan Nu \u00e4r mandatperioden ig\u00e5ng och BKS har f\u00e5tt fem mandat i stiftstfullm\u00e4ktige. Som ordinarie ledam\u00f6ter kommer f\u00f6ljande att tj\u00e4nstg\u00f6ra: Johan Hjert\u00e9n Fredrik \u00d6hrberg Conny Br\u00e4nnberg H\u00e5kan Deleskog Dag H\u00f6grell Som ers\u00e4ttare: Marie-Louise Svensson David Jerrestrand Maria Bruckshaw Johan Hjert\u00e9n har ocks\u00e5 valts som ordinarie ledamot i Read More\" \/>\n<meta property=\"og:url\" content=\"https:\/\/wp.kristdemokraterna.se\/brannberg\/tack-for-stodet-i-kyrkovalet\/\" \/>\n<meta property=\"og:site_name\" content=\"Conny Br\u00e4nnberg\" \/>\n<meta property=\"article:publisher\" content=\"https:\/\/www.facebook.com\/connybrannberg\" \/>\n<meta name=\"twitter:card\" content=\"summary_large_image\" \/>\n<meta name=\"twitter:site\" content=\"@brannberg\" \/>\n<meta name=\"twitter:label1\" content=\"Ber\u00e4knad l\u00e4stid\" \/>\n\t<meta name=\"twitter:data1\" content=\"1 minut\" \/>\n<script type=\"application\/ld+json\" class=\"yoast-schema-graph\">{\"@context\":\"https:\\\/\\\/schema.org\",\"@graph\":[{\"@type\":\"WebPage\",\"@id\":\"https:\\\/\\\/wp.kristdemokraterna.se\\\/brannberg\\\/tack-for-stodet-i-kyrkovalet\\\/\",\"url\":\"https:\\\/\\\/wp.kristdemokraterna.se\\\/brannberg\\\/tack-for-stodet-i-kyrkovalet\\\/\",\"name\":\"Tack f\u00f6r st\u00f6det i kyrkovalet - Conny Br\u00e4nnberg\",\"isPartOf\":{\"@id\":\"https:\\\/\\\/wp.kristdemokraterna.se\\\/brannberg\\\/#website\"},\"datePublished\":\"2026-01-22T08:54:42+00:00\",\"breadcrumb\":{\"@id\":\"https:\\\/\\\/wp.kristdemokraterna.se\\\/brannberg\\\/tack-for-stodet-i-kyrkovalet\\\/#breadcrumb\"},\"inLanguage\":\"sv-SE\",\"potentialAction\":[{\"@type\":\"ReadAction\",\"target\":[\"https:\\\/\\\/wp.kristdemokraterna.se\\\/brannberg\\\/tack-for-stodet-i-kyrkovalet\\\/\"]}]},{\"@type\":\"BreadcrumbList\",\"@id\":\"https:\\\/\\\/wp.kristdemokraterna.se\\\/brannberg\\\/tack-for-stodet-i-kyrkovalet\\\/#breadcrumb\",\"itemListElement\":[{\"@type\":\"ListItem\",\"position\":1,\"name\":\"Hem\",\"item\":\"https:\\\/\\\/wp.kristdemokraterna.se\\\/brannberg\\\/\"},{\"@type\":\"ListItem\",\"position\":2,\"name\":\"Tack f\u00f6r st\u00f6det i kyrkovalet\"}]},{\"@type\":\"WebSite\",\"@id\":\"https:\\\/\\\/wp.kristdemokraterna.se\\\/brannberg\\\/#website\",\"url\":\"https:\\\/\\\/wp.kristdemokraterna.se\\\/brannberg\\\/\",\"name\":\"Conny Br\u00e4nnberg\",\"description\":\"Trygg v\u00e5rd n\u00e4ra dig!\",\"inLanguage\":\"sv-SE\"}]}<\/script>\n<!-- \/ Yoast SEO plugin. -->","yoast_head_json":{"title":"Tack f\u00f6r st\u00f6det i kyrkovalet - Conny Br\u00e4nnberg","robots":{"index":"index","follow":"follow","max-snippet":"max-snippet:-1","max-image-preview":"max-image-preview:large","max-video-preview":"max-video-preview:-1"},"canonical":"https:\/\/wp.kristdemokraterna.se\/brannberg\/tack-for-stodet-i-kyrkovalet\/","og_locale":"sv_SE","og_type":"article","og_title":"Tack f\u00f6r st\u00f6det i kyrkovalet - Conny Br\u00e4nnberg","og_description":"Tack till er som r\u00f6stade p\u00e5 Borgerlig Kristen Samverkan Nu \u00e4r mandatperioden ig\u00e5ng och BKS har f\u00e5tt fem mandat i stiftstfullm\u00e4ktige. Som ordinarie ledam\u00f6ter kommer f\u00f6ljande att tj\u00e4nstg\u00f6ra: Johan Hjert\u00e9n Fredrik \u00d6hrberg Conny Br\u00e4nnberg H\u00e5kan Deleskog Dag H\u00f6grell Som ers\u00e4ttare: Marie-Louise Svensson David Jerrestrand Maria Bruckshaw Johan Hjert\u00e9n har ocks\u00e5 valts som ordinarie ledamot i Read More","og_url":"https:\/\/wp.kristdemokraterna.se\/brannberg\/tack-for-stodet-i-kyrkovalet\/","og_site_name":"Conny Br\u00e4nnberg","article_publisher":"https:\/\/www.facebook.com\/connybrannberg","twitter_card":"summary_large_image","twitter_site":"@brannberg","twitter_misc":{"Ber\u00e4knad l\u00e4stid":"1 minut"},"schema":{"@context":"https:\/\/schema.org","@graph":[{"@type":"WebPage","@id":"https:\/\/wp.kristdemokraterna.se\/brannberg\/tack-for-stodet-i-kyrkovalet\/","url":"https:\/\/wp.kristdemokraterna.se\/brannberg\/tack-for-stodet-i-kyrkovalet\/","name":"Tack f\u00f6r st\u00f6det i kyrkovalet - Conny Br\u00e4nnberg","isPartOf":{"@id":"https:\/\/wp.kristdemokraterna.se\/brannberg\/#website"},"datePublished":"2026-01-22T08:54:42+00:00","breadcrumb":{"@id":"https:\/\/wp.kristdemokraterna.se\/brannberg\/tack-for-stodet-i-kyrkovalet\/#breadcrumb"},"inLanguage":"sv-SE","potentialAction":[{"@type":"ReadAction","target":["https:\/\/wp.kristdemokraterna.se\/brannberg\/tack-for-stodet-i-kyrkovalet\/"]}]},{"@type":"BreadcrumbList","@id":"https:\/\/wp.kristdemokraterna.se\/brannberg\/tack-for-stodet-i-kyrkovalet\/#breadcrumb","itemListElement":[{"@type":"ListItem","position":1,"name":"Hem","item":"https:\/\/wp.kristdemokraterna.se\/brannberg\/"},{"@type":"ListItem","position":2,"name":"Tack f\u00f6r st\u00f6det i kyrkovalet"}]},{"@type":"WebSite","@id":"https:\/\/wp.kristdemokraterna.se\/brannberg\/#website","url":"https:\/\/wp.kristdemokraterna.se\/brannberg\/","name":"Conny Br\u00e4nnberg","description":"Trygg v\u00e5rd n\u00e4ra dig!","inLanguage":"sv-SE"}]}},"_links":{"self":[{"href":"https:\/\/wp.kristdemokraterna.se\/brannberg\/wp-json\/wp\/v2\/pages\/1618","targetHints":{"allow":["GET"]}}],"collection":[{"href":"https:\/\/wp.kristdemokraterna.se\/brannberg\/wp-json\/wp\/v2\/pages"}],"about":[{"href":"https:\/\/wp.kristdemokraterna.se\/brannberg\/wp-json\/wp\/v2\/types\/page"}],"author":[{"embeddable":true,"href":"https:\/\/wp.kristdemokraterna.se\/brannberg\/wp-json\/wp\/v2\/users\/744"}],"replies":[{"embeddable":true,"href":"https:\/\/wp.kristdemokraterna.se\/brannberg\/wp-json\/wp\/v2\/comments?post=1618"}],"version-history":[{"count":1,"href":"https:\/\/wp.kristdemokraterna.se\/brannberg\/wp-json\/wp\/v2\/pages\/1618\/revisions"}],"predecessor-version":[{"id":1619,"href":"https:\/\/wp.kristdemokraterna.se\/brannberg\/wp-json\/wp\/v2\/pages\/1618\/revisions\/1619"}],"wp:attachment":[{"href":"https:\/\/wp.kristdemokraterna.se\/brannberg\/wp-json\/wp\/v2\/media?parent=1618"}],"curies":[{"name":"wp","href":"https:\/\/api.w.org\/{rel}","templated":true}]}}