{"id":425,"date":"2017-05-19T07:28:14","date_gmt":"2017-05-19T05:28:14","guid":{"rendered":"http:\/\/wp.kristdemokraterna.se\/brannberg\/?page_id=425"},"modified":"2022-08-08T19:56:53","modified_gmt":"2022-08-08T17:56:53","slug":"film","status":"publish","type":"page","link":"https:\/\/wp.kristdemokraterna.se\/brannberg\/film\/","title":{"rendered":"Film"},"content":{"rendered":"<p>Vi f\u00f6rs\u00f6ker att anv\u00e4nda olika s\u00e4tt f\u00f6r att f\u00f6rmedla v\u00e5r politik. Film\/video \u00e4r ett s\u00e5dant.<\/p>\n<p>Under valr\u00f6relsen 2018 jobbade jag med ett koncept som kallas &#8221;Dagens Bl\u00e4nkare&#8221;. Alla finns via Facebook-sidan @kdskovde eller p\u00e5 min Youtube-kanal. G\u00e5 in p\u00e5 Youtube.com och s\u00f6k Conny Br\u00e4nnberg. D\u00e5 ser du alla filmerna. N\u00e5got liknande \u00e4r p\u00e5 g\u00e5ng inf\u00f6r slutspurten av valr\u00f6relsen 2022.<\/p>\n<p>Senaste valfilm fr\u00e5n 2022 &#8211; <a href=\"https:\/\/www.youtube.com\/watch?v=7wnwRyv4qCU\">https:\/\/www.youtube.com\/watch?v=7wnwRyv4qCU<\/a><\/p>\n<p>Valfilm fr\u00e5n 2022 &#8211; <a href=\"https:\/\/youtu.be\/glGaDQFzW3Q\">https:\/\/youtu.be\/glGaDQFzW3Q<\/a><\/p>\n<p>Valfilm fr\u00e5n 2018 &#8211; <a href=\"https:\/\/youtu.be\/w-kX_aeGrs0\">https:\/\/youtu.be\/w-kX_aeGrs0<\/a><\/p>\n<p>Valfilm fr\u00e5n 2014 &#8211; <a href=\"https:\/\/youtu.be\/9Li1RaOAlM4\">https:\/\/youtu.be\/9Li1RaOAlM4<\/a><\/p>\n<p>Valfilm fr\u00e5n 2010 &#8211; <a href=\"https:\/\/youtu.be\/TvleYe5elHw\">https:\/\/youtu.be\/TvleYe5elHw<\/a><\/p>\n<p>&nbsp;<\/p>\n<p>Fyra korta filmer om kristdemokratiska tankar fr\u00e5n valet 2018<\/p>\n<ul>\n<li>Om familjen &#8211; <a href=\"https:\/\/youtu.be\/zT8lXEecBSs\">https:\/\/youtu.be\/zT8lXEecBSs<\/a><\/li>\n<li>Om N\u00e4ringslivet &#8211; <a href=\"https:\/\/youtu.be\/mK1SMTK3NuU\">https:\/\/youtu.be\/mK1SMTK3NuU<\/a><\/li>\n<li>Om Trygghet &#8211; <a href=\"https:\/\/youtu.be\/MW-tuq5DoCw\">https:\/\/youtu.be\/MW-tuq5DoCw<\/a><\/li>\n<li>Om \u00e4ldres livsvillkor &#8211; <a href=\"https:\/\/youtu.be\/TJHIXvxqlQs\">https:\/\/youtu.be\/TJHIXvxqlQs<\/a><\/li>\n<\/ul>\n<p>&nbsp;<\/p>\n<p>&nbsp;<\/p>\n","protected":false},"excerpt":{"rendered":"<p>Vi f\u00f6rs\u00f6ker att anv\u00e4nda olika s\u00e4tt f\u00f6r att f\u00f6rmedla v\u00e5r politik. Film\/video \u00e4r ett s\u00e5dant. Under valr\u00f6relsen 2018 jobbade jag med ett koncept som kallas &#8221;Dagens Bl\u00e4nkare&#8221;. Alla finns via Facebook-sidan @kdskovde eller p\u00e5 min Youtube-kanal. G\u00e5 in p\u00e5 Youtube.com och s\u00f6k Conny Br\u00e4nnberg. D\u00e5 ser du alla filmerna. N\u00e5got liknande \u00e4r p\u00e5 g\u00e5ng inf\u00f6r <a class=\"read-more-link\" href=\"https:\/\/wp.kristdemokraterna.se\/brannberg\/film\/\">Read More<\/a><\/p>\n","protected":false},"author":744,"featured_media":0,"parent":0,"menu_order":0,"comment_status":"closed","ping_status":"closed","template":"","meta":{"_acf_changed":false,"footnotes":""},"class_list":["post-425","page","type-page","status-publish","hentry"],"acf":[],"yoast_head":"<!-- This site is optimized with the Yoast SEO plugin v27.3 - https:\/\/yoast.com\/product\/yoast-seo-wordpress\/ -->\n<title>Film - Conny Br\u00e4nnberg<\/title>\n<meta name=\"robots\" content=\"index, follow, max-snippet:-1, max-image-preview:large, max-video-preview:-1\" \/>\n<link rel=\"canonical\" href=\"https:\/\/wp.kristdemokraterna.se\/brannberg\/film\/\" \/>\n<meta property=\"og:locale\" content=\"sv_SE\" \/>\n<meta property=\"og:type\" content=\"article\" \/>\n<meta property=\"og:title\" content=\"Film - Conny Br\u00e4nnberg\" \/>\n<meta property=\"og:description\" content=\"Vi f\u00f6rs\u00f6ker att anv\u00e4nda olika s\u00e4tt f\u00f6r att f\u00f6rmedla v\u00e5r politik. Film\/video \u00e4r ett s\u00e5dant. Under valr\u00f6relsen 2018 jobbade jag med ett koncept som kallas &#8221;Dagens Bl\u00e4nkare&#8221;. Alla finns via Facebook-sidan @kdskovde eller p\u00e5 min Youtube-kanal. G\u00e5 in p\u00e5 Youtube.com och s\u00f6k Conny Br\u00e4nnberg. D\u00e5 ser du alla filmerna. N\u00e5got liknande \u00e4r p\u00e5 g\u00e5ng inf\u00f6r Read More\" \/>\n<meta property=\"og:url\" content=\"https:\/\/wp.kristdemokraterna.se\/brannberg\/film\/\" \/>\n<meta property=\"og:site_name\" content=\"Conny Br\u00e4nnberg\" \/>\n<meta property=\"article:publisher\" content=\"https:\/\/www.facebook.com\/connybrannberg\" \/>\n<meta property=\"article:modified_time\" content=\"2022-08-08T17:56:53+00:00\" \/>\n<meta name=\"twitter:card\" content=\"summary_large_image\" \/>\n<meta name=\"twitter:site\" content=\"@brannberg\" \/>\n<meta name=\"twitter:label1\" content=\"Ber\u00e4knad l\u00e4stid\" \/>\n\t<meta name=\"twitter:data1\" content=\"1 minut\" \/>\n<script type=\"application\/ld+json\" class=\"yoast-schema-graph\">{\"@context\":\"https:\\\/\\\/schema.org\",\"@graph\":[{\"@type\":\"WebPage\",\"@id\":\"https:\\\/\\\/wp.kristdemokraterna.se\\\/brannberg\\\/film\\\/\",\"url\":\"https:\\\/\\\/wp.kristdemokraterna.se\\\/brannberg\\\/film\\\/\",\"name\":\"Film - Conny Br\u00e4nnberg\",\"isPartOf\":{\"@id\":\"https:\\\/\\\/wp.kristdemokraterna.se\\\/brannberg\\\/#website\"},\"datePublished\":\"2017-05-19T05:28:14+00:00\",\"dateModified\":\"2022-08-08T17:56:53+00:00\",\"breadcrumb\":{\"@id\":\"https:\\\/\\\/wp.kristdemokraterna.se\\\/brannberg\\\/film\\\/#breadcrumb\"},\"inLanguage\":\"sv-SE\",\"potentialAction\":[{\"@type\":\"ReadAction\",\"target\":[\"https:\\\/\\\/wp.kristdemokraterna.se\\\/brannberg\\\/film\\\/\"]}]},{\"@type\":\"BreadcrumbList\",\"@id\":\"https:\\\/\\\/wp.kristdemokraterna.se\\\/brannberg\\\/film\\\/#breadcrumb\",\"itemListElement\":[{\"@type\":\"ListItem\",\"position\":1,\"name\":\"Hem\",\"item\":\"https:\\\/\\\/wp.kristdemokraterna.se\\\/brannberg\\\/\"},{\"@type\":\"ListItem\",\"position\":2,\"name\":\"Film\"}]},{\"@type\":\"WebSite\",\"@id\":\"https:\\\/\\\/wp.kristdemokraterna.se\\\/brannberg\\\/#website\",\"url\":\"https:\\\/\\\/wp.kristdemokraterna.se\\\/brannberg\\\/\",\"name\":\"Conny Br\u00e4nnberg\",\"description\":\"Trygg v\u00e5rd n\u00e4ra dig!\",\"inLanguage\":\"sv-SE\"}]}<\/script>\n<!-- \/ Yoast SEO plugin. -->","yoast_head_json":{"title":"Film - Conny Br\u00e4nnberg","robots":{"index":"index","follow":"follow","max-snippet":"max-snippet:-1","max-image-preview":"max-image-preview:large","max-video-preview":"max-video-preview:-1"},"canonical":"https:\/\/wp.kristdemokraterna.se\/brannberg\/film\/","og_locale":"sv_SE","og_type":"article","og_title":"Film - Conny Br\u00e4nnberg","og_description":"Vi f\u00f6rs\u00f6ker att anv\u00e4nda olika s\u00e4tt f\u00f6r att f\u00f6rmedla v\u00e5r politik. Film\/video \u00e4r ett s\u00e5dant. Under valr\u00f6relsen 2018 jobbade jag med ett koncept som kallas &#8221;Dagens Bl\u00e4nkare&#8221;. Alla finns via Facebook-sidan @kdskovde eller p\u00e5 min Youtube-kanal. G\u00e5 in p\u00e5 Youtube.com och s\u00f6k Conny Br\u00e4nnberg. D\u00e5 ser du alla filmerna. N\u00e5got liknande \u00e4r p\u00e5 g\u00e5ng inf\u00f6r Read More","og_url":"https:\/\/wp.kristdemokraterna.se\/brannberg\/film\/","og_site_name":"Conny Br\u00e4nnberg","article_publisher":"https:\/\/www.facebook.com\/connybrannberg","article_modified_time":"2022-08-08T17:56:53+00:00","twitter_card":"summary_large_image","twitter_site":"@brannberg","twitter_misc":{"Ber\u00e4knad l\u00e4stid":"1 minut"},"schema":{"@context":"https:\/\/schema.org","@graph":[{"@type":"WebPage","@id":"https:\/\/wp.kristdemokraterna.se\/brannberg\/film\/","url":"https:\/\/wp.kristdemokraterna.se\/brannberg\/film\/","name":"Film - Conny Br\u00e4nnberg","isPartOf":{"@id":"https:\/\/wp.kristdemokraterna.se\/brannberg\/#website"},"datePublished":"2017-05-19T05:28:14+00:00","dateModified":"2022-08-08T17:56:53+00:00","breadcrumb":{"@id":"https:\/\/wp.kristdemokraterna.se\/brannberg\/film\/#breadcrumb"},"inLanguage":"sv-SE","potentialAction":[{"@type":"ReadAction","target":["https:\/\/wp.kristdemokraterna.se\/brannberg\/film\/"]}]},{"@type":"BreadcrumbList","@id":"https:\/\/wp.kristdemokraterna.se\/brannberg\/film\/#breadcrumb","itemListElement":[{"@type":"ListItem","position":1,"name":"Hem","item":"https:\/\/wp.kristdemokraterna.se\/brannberg\/"},{"@type":"ListItem","position":2,"name":"Film"}]},{"@type":"WebSite","@id":"https:\/\/wp.kristdemokraterna.se\/brannberg\/#website","url":"https:\/\/wp.kristdemokraterna.se\/brannberg\/","name":"Conny Br\u00e4nnberg","description":"Trygg v\u00e5rd n\u00e4ra dig!","inLanguage":"sv-SE"}]}},"_links":{"self":[{"href":"https:\/\/wp.kristdemokraterna.se\/brannberg\/wp-json\/wp\/v2\/pages\/425","targetHints":{"allow":["GET"]}}],"collection":[{"href":"https:\/\/wp.kristdemokraterna.se\/brannberg\/wp-json\/wp\/v2\/pages"}],"about":[{"href":"https:\/\/wp.kristdemokraterna.se\/brannberg\/wp-json\/wp\/v2\/types\/page"}],"author":[{"embeddable":true,"href":"https:\/\/wp.kristdemokraterna.se\/brannberg\/wp-json\/wp\/v2\/users\/744"}],"replies":[{"embeddable":true,"href":"https:\/\/wp.kristdemokraterna.se\/brannberg\/wp-json\/wp\/v2\/comments?post=425"}],"version-history":[{"count":12,"href":"https:\/\/wp.kristdemokraterna.se\/brannberg\/wp-json\/wp\/v2\/pages\/425\/revisions"}],"predecessor-version":[{"id":1412,"href":"https:\/\/wp.kristdemokraterna.se\/brannberg\/wp-json\/wp\/v2\/pages\/425\/revisions\/1412"}],"wp:attachment":[{"href":"https:\/\/wp.kristdemokraterna.se\/brannberg\/wp-json\/wp\/v2\/media?parent=425"}],"curies":[{"name":"wp","href":"https:\/\/api.w.org\/{rel}","templated":true}]}}