{"id":89,"date":"2016-05-24T10:43:11","date_gmt":"2016-05-24T08:43:11","guid":{"rendered":"http:\/\/wp.kristdemokraterna.se\/brannberg\/?page_id=89"},"modified":"2016-11-04T06:46:34","modified_gmt":"2016-11-04T05:46:34","slug":"om-kristdemokraterna","status":"publish","type":"page","link":"https:\/\/wp.kristdemokraterna.se\/brannberg\/om-kristdemokraterna\/","title":{"rendered":"Om Kristdemokraterna"},"content":{"rendered":"<p><strong>Vill du veta mer om Kristdemokraterna i Sk\u00f6vde?<\/strong><\/p>\n<p>Du finner mer information p\u00e5 Kristdemokraternas Partiavdelningssida. Vi \u00e4r ett g\u00e4ng som arbetar med kommunpolitik i Sk\u00f6vde och tr\u00e4ffas minst en g\u00e5ng i m\u00e5naden. V\u00e4lkommen att ta kontakt med oss.<\/p>\n<p>Information finner du p\u00e5 <a href=\"http:\/\/www.skovde.kristdemokraterna.se\">www.skovde.kristdemokraterna.se<\/a><\/p>\n<p><strong>Lite fakta om oss oss Kristdemokrater i Sverige:<\/strong><\/p>\n<p>&#8211; Ca 21 000 medlemmar<br \/>\n&#8211; 26 distrikt. Ett distrikt omfattar oftast ett l\u00e4n.<br \/>\n&#8211; 16 riksdagsledam\u00f6ter. Riksdagen best\u00e5r totalt av 349 ledam\u00f6ter.<br \/>\n&#8211; I partiet finns ocks\u00e5 ett kvinnof\u00f6rbund, ett ungdomsf\u00f6rbund, ett studentf\u00f6rbund och ett\u00a0seniorf\u00f6rbund.<\/p>\n<p><strong>Ytterligare statistik och information:<\/strong><\/p>\n<p>&#8211; Kristdemokraterna i Sverige bildades 1964.<br \/>\n&#8211; Alf Svensson var partiledare mellan \u00e5ren 1973-2004.<br \/>\n&#8211; G\u00f6ran H\u00e4gglund valdes till partiledare 3 april 2004.I januari 2015 meddelade han sin avg\u00e5ng.<br \/>\n&#8211; Ebba Busch Thor valdes till partiledare den 25 april 2015.<br \/>\n&#8211; I det senaste riksdagsvalet fick Kristdemokraterna 4,6 % av r\u00f6sterna.<\/p>\n<p>Kristdemokraterna kom in i Riksdagen f\u00f6r f\u00f6rsta g\u00e5ngen 1985. D\u00e5 var partiledaren Alf Svensson ensam riksdagsledamot f\u00f6r Kristdemokraterna.\u00a01991 &#8211; 1994 satt Kristdemokraterna i regeringen tillsammans med Moderaterna, Folkpartiet och Centern.\u00a0Mandatperioderna 2006-2010 och 2010-2014 hade Kristdemokraterna regeringsmakten tillsammans med Moderaterna, Folkpartiet och Centern under namnet Alliansen. Under senaste mandatperiodien var\u00a0G\u00f6ran H\u00e4gglund socialminister med ansvar f\u00f6r bland annat familjepolitik. Maria Larsson\u00a0\u00e4ldre- och folkh\u00e4lsominister och Stefan Attefall\u00a0Civil- och bostadsminister.<br \/>\nKristdemokraterna \u00e4r representerat i EU-parlamentet av Lars Adaktusson.<\/p>\n","protected":false},"excerpt":{"rendered":"<p>Vill du veta mer om Kristdemokraterna i Sk\u00f6vde? Du finner mer information p\u00e5 Kristdemokraternas Partiavdelningssida. Vi \u00e4r ett g\u00e4ng som arbetar med kommunpolitik i Sk\u00f6vde och tr\u00e4ffas minst en g\u00e5ng i m\u00e5naden. V\u00e4lkommen att ta kontakt med oss. Information finner du p\u00e5 www.skovde.kristdemokraterna.se Lite fakta om oss oss Kristdemokrater i Sverige: &#8211; Ca 21 000 <a class=\"read-more-link\" href=\"https:\/\/wp.kristdemokraterna.se\/brannberg\/om-kristdemokraterna\/\">Read More<\/a><\/p>\n","protected":false},"author":744,"featured_media":0,"parent":0,"menu_order":0,"comment_status":"closed","ping_status":"closed","template":"","meta":{"_acf_changed":false,"footnotes":""},"class_list":["post-89","page","type-page","status-publish","hentry"],"acf":[],"yoast_head":"<!-- This site is optimized with the Yoast SEO plugin v27.3 - https:\/\/yoast.com\/product\/yoast-seo-wordpress\/ -->\n<title>Om Kristdemokraterna - Conny Br\u00e4nnberg<\/title>\n<meta name=\"robots\" content=\"index, follow, max-snippet:-1, max-image-preview:large, max-video-preview:-1\" \/>\n<link rel=\"canonical\" href=\"https:\/\/wp.kristdemokraterna.se\/brannberg\/om-kristdemokraterna\/\" \/>\n<meta property=\"og:locale\" content=\"sv_SE\" \/>\n<meta property=\"og:type\" content=\"article\" \/>\n<meta property=\"og:title\" content=\"Om Kristdemokraterna - Conny Br\u00e4nnberg\" \/>\n<meta property=\"og:description\" content=\"Vill du veta mer om Kristdemokraterna i Sk\u00f6vde? Du finner mer information p\u00e5 Kristdemokraternas Partiavdelningssida. Vi \u00e4r ett g\u00e4ng som arbetar med kommunpolitik i Sk\u00f6vde och tr\u00e4ffas minst en g\u00e5ng i m\u00e5naden. V\u00e4lkommen att ta kontakt med oss. Information finner du p\u00e5 www.skovde.kristdemokraterna.se Lite fakta om oss oss Kristdemokrater i Sverige: &#8211; Ca 21 000 Read More\" \/>\n<meta property=\"og:url\" content=\"https:\/\/wp.kristdemokraterna.se\/brannberg\/om-kristdemokraterna\/\" \/>\n<meta property=\"og:site_name\" content=\"Conny Br\u00e4nnberg\" \/>\n<meta property=\"article:publisher\" content=\"https:\/\/www.facebook.com\/connybrannberg\" \/>\n<meta property=\"article:modified_time\" content=\"2016-11-04T05:46:34+00:00\" \/>\n<meta name=\"twitter:card\" content=\"summary_large_image\" \/>\n<meta name=\"twitter:site\" content=\"@brannberg\" \/>\n<meta name=\"twitter:label1\" content=\"Ber\u00e4knad l\u00e4stid\" \/>\n\t<meta name=\"twitter:data1\" content=\"1 minut\" \/>\n<script type=\"application\/ld+json\" class=\"yoast-schema-graph\">{\"@context\":\"https:\\\/\\\/schema.org\",\"@graph\":[{\"@type\":\"WebPage\",\"@id\":\"https:\\\/\\\/wp.kristdemokraterna.se\\\/brannberg\\\/om-kristdemokraterna\\\/\",\"url\":\"https:\\\/\\\/wp.kristdemokraterna.se\\\/brannberg\\\/om-kristdemokraterna\\\/\",\"name\":\"Om Kristdemokraterna - Conny Br\u00e4nnberg\",\"isPartOf\":{\"@id\":\"https:\\\/\\\/wp.kristdemokraterna.se\\\/brannberg\\\/#website\"},\"datePublished\":\"2016-05-24T08:43:11+00:00\",\"dateModified\":\"2016-11-04T05:46:34+00:00\",\"breadcrumb\":{\"@id\":\"https:\\\/\\\/wp.kristdemokraterna.se\\\/brannberg\\\/om-kristdemokraterna\\\/#breadcrumb\"},\"inLanguage\":\"sv-SE\",\"potentialAction\":[{\"@type\":\"ReadAction\",\"target\":[\"https:\\\/\\\/wp.kristdemokraterna.se\\\/brannberg\\\/om-kristdemokraterna\\\/\"]}]},{\"@type\":\"BreadcrumbList\",\"@id\":\"https:\\\/\\\/wp.kristdemokraterna.se\\\/brannberg\\\/om-kristdemokraterna\\\/#breadcrumb\",\"itemListElement\":[{\"@type\":\"ListItem\",\"position\":1,\"name\":\"Hem\",\"item\":\"https:\\\/\\\/wp.kristdemokraterna.se\\\/brannberg\\\/\"},{\"@type\":\"ListItem\",\"position\":2,\"name\":\"Om Kristdemokraterna\"}]},{\"@type\":\"WebSite\",\"@id\":\"https:\\\/\\\/wp.kristdemokraterna.se\\\/brannberg\\\/#website\",\"url\":\"https:\\\/\\\/wp.kristdemokraterna.se\\\/brannberg\\\/\",\"name\":\"Conny Br\u00e4nnberg\",\"description\":\"Trygg v\u00e5rd n\u00e4ra dig!\",\"inLanguage\":\"sv-SE\"}]}<\/script>\n<!-- \/ Yoast SEO plugin. -->","yoast_head_json":{"title":"Om Kristdemokraterna - Conny Br\u00e4nnberg","robots":{"index":"index","follow":"follow","max-snippet":"max-snippet:-1","max-image-preview":"max-image-preview:large","max-video-preview":"max-video-preview:-1"},"canonical":"https:\/\/wp.kristdemokraterna.se\/brannberg\/om-kristdemokraterna\/","og_locale":"sv_SE","og_type":"article","og_title":"Om Kristdemokraterna - Conny Br\u00e4nnberg","og_description":"Vill du veta mer om Kristdemokraterna i Sk\u00f6vde? Du finner mer information p\u00e5 Kristdemokraternas Partiavdelningssida. Vi \u00e4r ett g\u00e4ng som arbetar med kommunpolitik i Sk\u00f6vde och tr\u00e4ffas minst en g\u00e5ng i m\u00e5naden. V\u00e4lkommen att ta kontakt med oss. Information finner du p\u00e5 www.skovde.kristdemokraterna.se Lite fakta om oss oss Kristdemokrater i Sverige: &#8211; Ca 21 000 Read More","og_url":"https:\/\/wp.kristdemokraterna.se\/brannberg\/om-kristdemokraterna\/","og_site_name":"Conny Br\u00e4nnberg","article_publisher":"https:\/\/www.facebook.com\/connybrannberg","article_modified_time":"2016-11-04T05:46:34+00:00","twitter_card":"summary_large_image","twitter_site":"@brannberg","twitter_misc":{"Ber\u00e4knad l\u00e4stid":"1 minut"},"schema":{"@context":"https:\/\/schema.org","@graph":[{"@type":"WebPage","@id":"https:\/\/wp.kristdemokraterna.se\/brannberg\/om-kristdemokraterna\/","url":"https:\/\/wp.kristdemokraterna.se\/brannberg\/om-kristdemokraterna\/","name":"Om Kristdemokraterna - Conny Br\u00e4nnberg","isPartOf":{"@id":"https:\/\/wp.kristdemokraterna.se\/brannberg\/#website"},"datePublished":"2016-05-24T08:43:11+00:00","dateModified":"2016-11-04T05:46:34+00:00","breadcrumb":{"@id":"https:\/\/wp.kristdemokraterna.se\/brannberg\/om-kristdemokraterna\/#breadcrumb"},"inLanguage":"sv-SE","potentialAction":[{"@type":"ReadAction","target":["https:\/\/wp.kristdemokraterna.se\/brannberg\/om-kristdemokraterna\/"]}]},{"@type":"BreadcrumbList","@id":"https:\/\/wp.kristdemokraterna.se\/brannberg\/om-kristdemokraterna\/#breadcrumb","itemListElement":[{"@type":"ListItem","position":1,"name":"Hem","item":"https:\/\/wp.kristdemokraterna.se\/brannberg\/"},{"@type":"ListItem","position":2,"name":"Om Kristdemokraterna"}]},{"@type":"WebSite","@id":"https:\/\/wp.kristdemokraterna.se\/brannberg\/#website","url":"https:\/\/wp.kristdemokraterna.se\/brannberg\/","name":"Conny Br\u00e4nnberg","description":"Trygg v\u00e5rd n\u00e4ra dig!","inLanguage":"sv-SE"}]}},"_links":{"self":[{"href":"https:\/\/wp.kristdemokraterna.se\/brannberg\/wp-json\/wp\/v2\/pages\/89","targetHints":{"allow":["GET"]}}],"collection":[{"href":"https:\/\/wp.kristdemokraterna.se\/brannberg\/wp-json\/wp\/v2\/pages"}],"about":[{"href":"https:\/\/wp.kristdemokraterna.se\/brannberg\/wp-json\/wp\/v2\/types\/page"}],"author":[{"embeddable":true,"href":"https:\/\/wp.kristdemokraterna.se\/brannberg\/wp-json\/wp\/v2\/users\/744"}],"replies":[{"embeddable":true,"href":"https:\/\/wp.kristdemokraterna.se\/brannberg\/wp-json\/wp\/v2\/comments?post=89"}],"version-history":[{"count":9,"href":"https:\/\/wp.kristdemokraterna.se\/brannberg\/wp-json\/wp\/v2\/pages\/89\/revisions"}],"predecessor-version":[{"id":162,"href":"https:\/\/wp.kristdemokraterna.se\/brannberg\/wp-json\/wp\/v2\/pages\/89\/revisions\/162"}],"wp:attachment":[{"href":"https:\/\/wp.kristdemokraterna.se\/brannberg\/wp-json\/wp\/v2\/media?parent=89"}],"curies":[{"name":"wp","href":"https:\/\/api.w.org\/{rel}","templated":true}]}}