{"id":203,"date":"2015-05-19T19:57:48","date_gmt":"2015-05-19T17:57:48","guid":{"rendered":"http:\/\/wp.kristdemokraterna.se\/dalarna\/?page_id=203"},"modified":"2022-08-18T13:33:42","modified_gmt":"2022-08-18T11:33:42","slug":"borlange","status":"publish","type":"page","link":"https:\/\/wp.kristdemokraterna.se\/dalarna\/kommun\/borlange\/","title":{"rendered":"Borl\u00e4nge"},"content":{"rendered":"<h2>Ett tryggare och s\u00e4krare Borl\u00e4nge!<\/h2>\n<ul>\n<li>Vi vill st\u00e4rka familjer och h\u00f6ja kvaliteten i skola och barnomsorg.<\/li>\n<li>Borl\u00e4nges inv\u00e5nare ska f\u00e5 en \u00f6kad valfrihet och kommunens medarbetare \u00e4r v\u00e4rda en god arbetsmilj\u00f6 d\u00e4r sjukfr\u00e5nvaron minskar.<\/li>\n<li>Olika typer av bost\u00e4der beh\u00f6ver byggas i hela Borl\u00e4nge och d\u00e5 kr\u00e4vs ett samarbete med privata mark\u00e4gare.<\/li>\n<li>F\u00f6r att kunna \u00f6ka det fossilfria lokala resandet beh\u00f6vs s\u00e4kra g\u00e5ng- och cykelv\u00e4gar i hela<br \/>\nkommunen.<\/li>\n<\/ul>\n<h2><img loading=\"lazy\" decoding=\"async\" class=\"alignnone wp-image-675 size-large\" src=\"http:\/\/wp.kristdemokraterna.se\/dalarna\/files\/2022\/06\/blge-1-1-540x405.jpg\" alt=\"\" width=\"540\" height=\"405\" srcset=\"https:\/\/wp.kristdemokraterna.se\/dalarna\/files\/2022\/06\/blge-1-1-540x405.jpg 540w, https:\/\/wp.kristdemokraterna.se\/dalarna\/files\/2022\/06\/blge-1-1-300x225.jpg 300w, https:\/\/wp.kristdemokraterna.se\/dalarna\/files\/2022\/06\/blge-1-1-768x576.jpg 768w, https:\/\/wp.kristdemokraterna.se\/dalarna\/files\/2022\/06\/blge-1-1-1536x1152.jpg 1536w, https:\/\/wp.kristdemokraterna.se\/dalarna\/files\/2022\/06\/blge-1-1-2048x1536.jpg 2048w, https:\/\/wp.kristdemokraterna.se\/dalarna\/files\/2022\/06\/blge-1-1-267x200.jpg 267w, https:\/\/wp.kristdemokraterna.se\/dalarna\/files\/2022\/06\/blge-1-1-370x278.jpg 370w, https:\/\/wp.kristdemokraterna.se\/dalarna\/files\/2022\/06\/blge-1-1-770x578.jpg 770w, https:\/\/wp.kristdemokraterna.se\/dalarna\/files\/2022\/06\/blge-1-1-450x338.jpg 450w, https:\/\/wp.kristdemokraterna.se\/dalarna\/files\/2022\/06\/blge-1-1-280x210.jpg 280w, https:\/\/wp.kristdemokraterna.se\/dalarna\/files\/2022\/06\/blge-1-1-340x255.jpg 340w, https:\/\/wp.kristdemokraterna.se\/dalarna\/files\/2022\/06\/blge-1-1-200x150.jpg 200w, https:\/\/wp.kristdemokraterna.se\/dalarna\/files\/2022\/06\/blge-1-1-75x56.jpg 75w\" sizes=\"auto, (max-width: 540px) 100vw, 540px\" \/><\/h2>\n<h4>Hemsida: <a href=\"https:\/\/wp.kristdemokraterna.se\/borlange\/\">Kristdemokraterna Borl\u00e4nge<\/a><\/h4>\n<h4>Facebook: <a href=\"https:\/\/www.facebook.com\/KDblge\">Kristdemokraterna i Borl\u00e4nge<\/a><\/h4>\n","protected":false},"excerpt":{"rendered":"<p>Ett tryggare och s\u00e4krare Borl\u00e4nge! Vi vill st\u00e4rka familjer och h\u00f6ja kvaliteten i skola och barnomsorg. Borl\u00e4nges inv\u00e5nare ska f\u00e5 en \u00f6kad valfrihet och kommunens medarbetare \u00e4r v\u00e4rda en god arbetsmilj\u00f6 d\u00e4r sjukfr\u00e5nvaron minskar. Olika typer av bost\u00e4der beh\u00f6ver byggas i hela Borl\u00e4nge och d\u00e5 kr\u00e4vs ett samarbete med privata mark\u00e4gare. F\u00f6r att kunna \u00f6ka <a class=\"read-more-link\" href=\"https:\/\/wp.kristdemokraterna.se\/dalarna\/kommun\/borlange\/\">Read More<\/a><\/p>\n","protected":false},"author":704,"featured_media":0,"parent":61,"menu_order":2,"comment_status":"closed","ping_status":"closed","template":"","meta":{"_acf_changed":false,"footnotes":""},"class_list":["post-203","page","type-page","status-publish","hentry"],"acf":[],"yoast_head":"<!-- This site is optimized with the Yoast SEO plugin v27.3 - https:\/\/yoast.com\/product\/yoast-seo-wordpress\/ -->\n<title>Borl\u00e4nge - Kristdemokraterna Dalarna<\/title>\n<meta name=\"robots\" content=\"index, follow, max-snippet:-1, max-image-preview:large, max-video-preview:-1\" \/>\n<link rel=\"canonical\" href=\"https:\/\/wp.kristdemokraterna.se\/dalarna\/kommun\/borlange\/\" \/>\n<meta property=\"og:locale\" content=\"sv_SE\" \/>\n<meta property=\"og:type\" content=\"article\" \/>\n<meta property=\"og:title\" content=\"Borl\u00e4nge - Kristdemokraterna Dalarna\" \/>\n<meta property=\"og:description\" content=\"Ett tryggare och s\u00e4krare Borl\u00e4nge! Vi vill st\u00e4rka familjer och h\u00f6ja kvaliteten i skola och barnomsorg. Borl\u00e4nges inv\u00e5nare ska f\u00e5 en \u00f6kad valfrihet och kommunens medarbetare \u00e4r v\u00e4rda en god arbetsmilj\u00f6 d\u00e4r sjukfr\u00e5nvaron minskar. Olika typer av bost\u00e4der beh\u00f6ver byggas i hela Borl\u00e4nge och d\u00e5 kr\u00e4vs ett samarbete med privata mark\u00e4gare. F\u00f6r att kunna \u00f6ka Read More\" \/>\n<meta property=\"og:url\" content=\"https:\/\/wp.kristdemokraterna.se\/dalarna\/kommun\/borlange\/\" \/>\n<meta property=\"og:site_name\" content=\"Kristdemokraterna Dalarna\" \/>\n<meta property=\"article:modified_time\" content=\"2022-08-18T11:33:42+00:00\" \/>\n<meta property=\"og:image\" content=\"http:\/\/wp.kristdemokraterna.se\/dalarna\/files\/2022\/06\/blge-1-1-540x405.jpg\" \/>\n<meta name=\"twitter:card\" content=\"summary_large_image\" \/>\n<script type=\"application\/ld+json\" class=\"yoast-schema-graph\">{\"@context\":\"https:\\\/\\\/schema.org\",\"@graph\":[{\"@type\":\"WebPage\",\"@id\":\"https:\\\/\\\/wp.kristdemokraterna.se\\\/dalarna\\\/kommun\\\/borlange\\\/\",\"url\":\"https:\\\/\\\/wp.kristdemokraterna.se\\\/dalarna\\\/kommun\\\/borlange\\\/\",\"name\":\"Borl\u00e4nge - Kristdemokraterna Dalarna\",\"isPartOf\":{\"@id\":\"https:\\\/\\\/wp.kristdemokraterna.se\\\/dalarna\\\/#website\"},\"primaryImageOfPage\":{\"@id\":\"https:\\\/\\\/wp.kristdemokraterna.se\\\/dalarna\\\/kommun\\\/borlange\\\/#primaryimage\"},\"image\":{\"@id\":\"https:\\\/\\\/wp.kristdemokraterna.se\\\/dalarna\\\/kommun\\\/borlange\\\/#primaryimage\"},\"thumbnailUrl\":\"http:\\\/\\\/wp.kristdemokraterna.se\\\/dalarna\\\/files\\\/2022\\\/06\\\/blge-1-1-540x405.jpg\",\"datePublished\":\"2015-05-19T17:57:48+00:00\",\"dateModified\":\"2022-08-18T11:33:42+00:00\",\"breadcrumb\":{\"@id\":\"https:\\\/\\\/wp.kristdemokraterna.se\\\/dalarna\\\/kommun\\\/borlange\\\/#breadcrumb\"},\"inLanguage\":\"sv-SE\",\"potentialAction\":[{\"@type\":\"ReadAction\",\"target\":[\"https:\\\/\\\/wp.kristdemokraterna.se\\\/dalarna\\\/kommun\\\/borlange\\\/\"]}]},{\"@type\":\"ImageObject\",\"inLanguage\":\"sv-SE\",\"@id\":\"https:\\\/\\\/wp.kristdemokraterna.se\\\/dalarna\\\/kommun\\\/borlange\\\/#primaryimage\",\"url\":\"http:\\\/\\\/wp.kristdemokraterna.se\\\/dalarna\\\/files\\\/2022\\\/06\\\/blge-1-1-540x405.jpg\",\"contentUrl\":\"http:\\\/\\\/wp.kristdemokraterna.se\\\/dalarna\\\/files\\\/2022\\\/06\\\/blge-1-1-540x405.jpg\"},{\"@type\":\"BreadcrumbList\",\"@id\":\"https:\\\/\\\/wp.kristdemokraterna.se\\\/dalarna\\\/kommun\\\/borlange\\\/#breadcrumb\",\"itemListElement\":[{\"@type\":\"ListItem\",\"position\":1,\"name\":\"Hem\",\"item\":\"https:\\\/\\\/wp.kristdemokraterna.se\\\/dalarna\\\/\"},{\"@type\":\"ListItem\",\"position\":2,\"name\":\"Kommun\",\"item\":\"https:\\\/\\\/wp.kristdemokraterna.se\\\/dalarna\\\/kommun\\\/\"},{\"@type\":\"ListItem\",\"position\":3,\"name\":\"Borl\u00e4nge\"}]},{\"@type\":\"WebSite\",\"@id\":\"https:\\\/\\\/wp.kristdemokraterna.se\\\/dalarna\\\/#website\",\"url\":\"https:\\\/\\\/wp.kristdemokraterna.se\\\/dalarna\\\/\",\"name\":\"Kristdemokraterna Dalarna\",\"description\":\"\",\"publisher\":{\"@id\":\"https:\\\/\\\/wp.kristdemokraterna.se\\\/dalarna\\\/#organization\"},\"inLanguage\":\"sv-SE\"},{\"@type\":\"Organization\",\"@id\":\"https:\\\/\\\/wp.kristdemokraterna.se\\\/dalarna\\\/#organization\",\"name\":\"Kristdemokraterna Dalarna\",\"url\":\"https:\\\/\\\/wp.kristdemokraterna.se\\\/dalarna\\\/\",\"logo\":{\"@type\":\"ImageObject\",\"inLanguage\":\"sv-SE\",\"@id\":\"https:\\\/\\\/wp.kristdemokraterna.se\\\/dalarna\\\/#\\\/schema\\\/logo\\\/image\\\/\",\"url\":\"https:\\\/\\\/wp.kristdemokraterna.se\\\/dalarna\\\/files\\\/2022\\\/08\\\/dalarna-sida-bla-300dpi.png\",\"contentUrl\":\"https:\\\/\\\/wp.kristdemokraterna.se\\\/dalarna\\\/files\\\/2022\\\/08\\\/dalarna-sida-bla-300dpi.png\",\"width\":1477,\"height\":681,\"caption\":\"Kristdemokraterna Dalarna\"},\"image\":{\"@id\":\"https:\\\/\\\/wp.kristdemokraterna.se\\\/dalarna\\\/#\\\/schema\\\/logo\\\/image\\\/\"}}]}<\/script>\n<!-- \/ Yoast SEO plugin. -->","yoast_head_json":{"title":"Borl\u00e4nge - Kristdemokraterna Dalarna","robots":{"index":"index","follow":"follow","max-snippet":"max-snippet:-1","max-image-preview":"max-image-preview:large","max-video-preview":"max-video-preview:-1"},"canonical":"https:\/\/wp.kristdemokraterna.se\/dalarna\/kommun\/borlange\/","og_locale":"sv_SE","og_type":"article","og_title":"Borl\u00e4nge - Kristdemokraterna Dalarna","og_description":"Ett tryggare och s\u00e4krare Borl\u00e4nge! Vi vill st\u00e4rka familjer och h\u00f6ja kvaliteten i skola och barnomsorg. Borl\u00e4nges inv\u00e5nare ska f\u00e5 en \u00f6kad valfrihet och kommunens medarbetare \u00e4r v\u00e4rda en god arbetsmilj\u00f6 d\u00e4r sjukfr\u00e5nvaron minskar. Olika typer av bost\u00e4der beh\u00f6ver byggas i hela Borl\u00e4nge och d\u00e5 kr\u00e4vs ett samarbete med privata mark\u00e4gare. F\u00f6r att kunna \u00f6ka Read More","og_url":"https:\/\/wp.kristdemokraterna.se\/dalarna\/kommun\/borlange\/","og_site_name":"Kristdemokraterna Dalarna","article_modified_time":"2022-08-18T11:33:42+00:00","og_image":[{"url":"http:\/\/wp.kristdemokraterna.se\/dalarna\/files\/2022\/06\/blge-1-1-540x405.jpg","type":"","width":"","height":""}],"twitter_card":"summary_large_image","schema":{"@context":"https:\/\/schema.org","@graph":[{"@type":"WebPage","@id":"https:\/\/wp.kristdemokraterna.se\/dalarna\/kommun\/borlange\/","url":"https:\/\/wp.kristdemokraterna.se\/dalarna\/kommun\/borlange\/","name":"Borl\u00e4nge - Kristdemokraterna Dalarna","isPartOf":{"@id":"https:\/\/wp.kristdemokraterna.se\/dalarna\/#website"},"primaryImageOfPage":{"@id":"https:\/\/wp.kristdemokraterna.se\/dalarna\/kommun\/borlange\/#primaryimage"},"image":{"@id":"https:\/\/wp.kristdemokraterna.se\/dalarna\/kommun\/borlange\/#primaryimage"},"thumbnailUrl":"http:\/\/wp.kristdemokraterna.se\/dalarna\/files\/2022\/06\/blge-1-1-540x405.jpg","datePublished":"2015-05-19T17:57:48+00:00","dateModified":"2022-08-18T11:33:42+00:00","breadcrumb":{"@id":"https:\/\/wp.kristdemokraterna.se\/dalarna\/kommun\/borlange\/#breadcrumb"},"inLanguage":"sv-SE","potentialAction":[{"@type":"ReadAction","target":["https:\/\/wp.kristdemokraterna.se\/dalarna\/kommun\/borlange\/"]}]},{"@type":"ImageObject","inLanguage":"sv-SE","@id":"https:\/\/wp.kristdemokraterna.se\/dalarna\/kommun\/borlange\/#primaryimage","url":"http:\/\/wp.kristdemokraterna.se\/dalarna\/files\/2022\/06\/blge-1-1-540x405.jpg","contentUrl":"http:\/\/wp.kristdemokraterna.se\/dalarna\/files\/2022\/06\/blge-1-1-540x405.jpg"},{"@type":"BreadcrumbList","@id":"https:\/\/wp.kristdemokraterna.se\/dalarna\/kommun\/borlange\/#breadcrumb","itemListElement":[{"@type":"ListItem","position":1,"name":"Hem","item":"https:\/\/wp.kristdemokraterna.se\/dalarna\/"},{"@type":"ListItem","position":2,"name":"Kommun","item":"https:\/\/wp.kristdemokraterna.se\/dalarna\/kommun\/"},{"@type":"ListItem","position":3,"name":"Borl\u00e4nge"}]},{"@type":"WebSite","@id":"https:\/\/wp.kristdemokraterna.se\/dalarna\/#website","url":"https:\/\/wp.kristdemokraterna.se\/dalarna\/","name":"Kristdemokraterna Dalarna","description":"","publisher":{"@id":"https:\/\/wp.kristdemokraterna.se\/dalarna\/#organization"},"inLanguage":"sv-SE"},{"@type":"Organization","@id":"https:\/\/wp.kristdemokraterna.se\/dalarna\/#organization","name":"Kristdemokraterna Dalarna","url":"https:\/\/wp.kristdemokraterna.se\/dalarna\/","logo":{"@type":"ImageObject","inLanguage":"sv-SE","@id":"https:\/\/wp.kristdemokraterna.se\/dalarna\/#\/schema\/logo\/image\/","url":"https:\/\/wp.kristdemokraterna.se\/dalarna\/files\/2022\/08\/dalarna-sida-bla-300dpi.png","contentUrl":"https:\/\/wp.kristdemokraterna.se\/dalarna\/files\/2022\/08\/dalarna-sida-bla-300dpi.png","width":1477,"height":681,"caption":"Kristdemokraterna Dalarna"},"image":{"@id":"https:\/\/wp.kristdemokraterna.se\/dalarna\/#\/schema\/logo\/image\/"}}]}},"_links":{"self":[{"href":"https:\/\/wp.kristdemokraterna.se\/dalarna\/wp-json\/wp\/v2\/pages\/203","targetHints":{"allow":["GET"]}}],"collection":[{"href":"https:\/\/wp.kristdemokraterna.se\/dalarna\/wp-json\/wp\/v2\/pages"}],"about":[{"href":"https:\/\/wp.kristdemokraterna.se\/dalarna\/wp-json\/wp\/v2\/types\/page"}],"author":[{"embeddable":true,"href":"https:\/\/wp.kristdemokraterna.se\/dalarna\/wp-json\/wp\/v2\/users\/704"}],"replies":[{"embeddable":true,"href":"https:\/\/wp.kristdemokraterna.se\/dalarna\/wp-json\/wp\/v2\/comments?post=203"}],"version-history":[{"count":10,"href":"https:\/\/wp.kristdemokraterna.se\/dalarna\/wp-json\/wp\/v2\/pages\/203\/revisions"}],"predecessor-version":[{"id":807,"href":"https:\/\/wp.kristdemokraterna.se\/dalarna\/wp-json\/wp\/v2\/pages\/203\/revisions\/807"}],"up":[{"embeddable":true,"href":"https:\/\/wp.kristdemokraterna.se\/dalarna\/wp-json\/wp\/v2\/pages\/61"}],"wp:attachment":[{"href":"https:\/\/wp.kristdemokraterna.se\/dalarna\/wp-json\/wp\/v2\/media?parent=203"}],"curies":[{"name":"wp","href":"https:\/\/api.w.org\/{rel}","templated":true}]}}