{"id":243,"date":"2015-05-28T05:54:47","date_gmt":"2015-05-28T03:54:47","guid":{"rendered":"http:\/\/wp.kristdemokraterna.se\/dalarna\/?page_id=243"},"modified":"2024-03-03T20:14:22","modified_gmt":"2024-03-03T19:14:22","slug":"landstingsfullmaktige","status":"publish","type":"page","link":"https:\/\/wp.kristdemokraterna.se\/dalarna\/landstinget\/landstingsfullmaktige\/","title":{"rendered":"Regionfullm\u00e4ktige"},"content":{"rendered":"<p><strong>Ordinarie ledam\u00f6ter:<br \/>\n<\/strong>Birgitta Sacr\u00e9deus, Mora<br \/>\nHelena V\u00e5deg\u00e5rd, S\u00e4ter<br \/>\nJonas Hillerstr\u00f6m, Borl\u00e4nge<br \/>\nTorsten Larsson, Dala-J\u00e4rna<br \/>\nRoy Uppg\u00e5rd, Avesta<br \/>\nAnders Bengtsson, Gagnef<\/p>\n","protected":false},"excerpt":{"rendered":"<p>Ordinarie ledam\u00f6ter: Birgitta Sacr\u00e9deus, Mora Helena V\u00e5deg\u00e5rd, S\u00e4ter Jonas Hillerstr\u00f6m, Borl\u00e4nge Torsten Larsson, Dala-J\u00e4rna Roy Uppg\u00e5rd, Avesta Anders Bengtsson, Gagnef<\/p>\n","protected":false},"author":704,"featured_media":0,"parent":51,"menu_order":0,"comment_status":"closed","ping_status":"closed","template":"","meta":{"_acf_changed":false,"footnotes":""},"class_list":["post-243","page","type-page","status-publish","hentry"],"acf":[],"yoast_head":"<!-- This site is optimized with the Yoast SEO plugin v27.4 - https:\/\/yoast.com\/product\/yoast-seo-wordpress\/ -->\n<title>Regionfullm\u00e4ktige - Kristdemokraterna Dalarna<\/title>\n<meta name=\"robots\" content=\"index, follow, max-snippet:-1, max-image-preview:large, max-video-preview:-1\" \/>\n<link rel=\"canonical\" href=\"https:\/\/wp.kristdemokraterna.se\/dalarna\/landstinget\/landstingsfullmaktige\/\" \/>\n<meta property=\"og:locale\" content=\"sv_SE\" \/>\n<meta property=\"og:type\" content=\"article\" \/>\n<meta property=\"og:title\" content=\"Regionfullm\u00e4ktige - Kristdemokraterna Dalarna\" \/>\n<meta property=\"og:description\" content=\"Ordinarie ledam\u00f6ter: Birgitta Sacr\u00e9deus, Mora Helena V\u00e5deg\u00e5rd, S\u00e4ter Jonas Hillerstr\u00f6m, Borl\u00e4nge Torsten Larsson, Dala-J\u00e4rna Roy Uppg\u00e5rd, Avesta Anders Bengtsson, Gagnef\" \/>\n<meta property=\"og:url\" content=\"https:\/\/wp.kristdemokraterna.se\/dalarna\/landstinget\/landstingsfullmaktige\/\" \/>\n<meta property=\"og:site_name\" content=\"Kristdemokraterna Dalarna\" \/>\n<meta property=\"article:modified_time\" content=\"2024-03-03T19:14:22+00:00\" \/>\n<meta name=\"twitter:card\" content=\"summary_large_image\" \/>\n<meta name=\"twitter:label1\" content=\"Ber\u00e4knad l\u00e4stid\" \/>\n\t<meta name=\"twitter:data1\" content=\"1 minut\" \/>\n<script type=\"application\/ld+json\" class=\"yoast-schema-graph\">{\"@context\":\"https:\\\/\\\/schema.org\",\"@graph\":[{\"@type\":\"WebPage\",\"@id\":\"https:\\\/\\\/wp.kristdemokraterna.se\\\/dalarna\\\/landstinget\\\/landstingsfullmaktige\\\/\",\"url\":\"https:\\\/\\\/wp.kristdemokraterna.se\\\/dalarna\\\/landstinget\\\/landstingsfullmaktige\\\/\",\"name\":\"Regionfullm\u00e4ktige - Kristdemokraterna Dalarna\",\"isPartOf\":{\"@id\":\"https:\\\/\\\/wp.kristdemokraterna.se\\\/dalarna\\\/#website\"},\"datePublished\":\"2015-05-28T03:54:47+00:00\",\"dateModified\":\"2024-03-03T19:14:22+00:00\",\"breadcrumb\":{\"@id\":\"https:\\\/\\\/wp.kristdemokraterna.se\\\/dalarna\\\/landstinget\\\/landstingsfullmaktige\\\/#breadcrumb\"},\"inLanguage\":\"sv-SE\",\"potentialAction\":[{\"@type\":\"ReadAction\",\"target\":[\"https:\\\/\\\/wp.kristdemokraterna.se\\\/dalarna\\\/landstinget\\\/landstingsfullmaktige\\\/\"]}]},{\"@type\":\"BreadcrumbList\",\"@id\":\"https:\\\/\\\/wp.kristdemokraterna.se\\\/dalarna\\\/landstinget\\\/landstingsfullmaktige\\\/#breadcrumb\",\"itemListElement\":[{\"@type\":\"ListItem\",\"position\":1,\"name\":\"Hem\",\"item\":\"https:\\\/\\\/wp.kristdemokraterna.se\\\/dalarna\\\/\"},{\"@type\":\"ListItem\",\"position\":2,\"name\":\"Region Dalarna\",\"item\":\"https:\\\/\\\/wp.kristdemokraterna.se\\\/dalarna\\\/landstinget\\\/\"},{\"@type\":\"ListItem\",\"position\":3,\"name\":\"Regionfullm\u00e4ktige\"}]},{\"@type\":\"WebSite\",\"@id\":\"https:\\\/\\\/wp.kristdemokraterna.se\\\/dalarna\\\/#website\",\"url\":\"https:\\\/\\\/wp.kristdemokraterna.se\\\/dalarna\\\/\",\"name\":\"Kristdemokraterna Dalarna\",\"description\":\"\",\"publisher\":{\"@id\":\"https:\\\/\\\/wp.kristdemokraterna.se\\\/dalarna\\\/#organization\"},\"inLanguage\":\"sv-SE\"},{\"@type\":\"Organization\",\"@id\":\"https:\\\/\\\/wp.kristdemokraterna.se\\\/dalarna\\\/#organization\",\"name\":\"Kristdemokraterna Dalarna\",\"url\":\"https:\\\/\\\/wp.kristdemokraterna.se\\\/dalarna\\\/\",\"logo\":{\"@type\":\"ImageObject\",\"inLanguage\":\"sv-SE\",\"@id\":\"https:\\\/\\\/wp.kristdemokraterna.se\\\/dalarna\\\/#\\\/schema\\\/logo\\\/image\\\/\",\"url\":\"https:\\\/\\\/wp.kristdemokraterna.se\\\/dalarna\\\/files\\\/2022\\\/08\\\/dalarna-sida-bla-300dpi.png\",\"contentUrl\":\"https:\\\/\\\/wp.kristdemokraterna.se\\\/dalarna\\\/files\\\/2022\\\/08\\\/dalarna-sida-bla-300dpi.png\",\"width\":1477,\"height\":681,\"caption\":\"Kristdemokraterna Dalarna\"},\"image\":{\"@id\":\"https:\\\/\\\/wp.kristdemokraterna.se\\\/dalarna\\\/#\\\/schema\\\/logo\\\/image\\\/\"}}]}<\/script>\n<!-- \/ Yoast SEO plugin. -->","yoast_head_json":{"title":"Regionfullm\u00e4ktige - Kristdemokraterna Dalarna","robots":{"index":"index","follow":"follow","max-snippet":"max-snippet:-1","max-image-preview":"max-image-preview:large","max-video-preview":"max-video-preview:-1"},"canonical":"https:\/\/wp.kristdemokraterna.se\/dalarna\/landstinget\/landstingsfullmaktige\/","og_locale":"sv_SE","og_type":"article","og_title":"Regionfullm\u00e4ktige - Kristdemokraterna Dalarna","og_description":"Ordinarie ledam\u00f6ter: Birgitta Sacr\u00e9deus, Mora Helena V\u00e5deg\u00e5rd, S\u00e4ter Jonas Hillerstr\u00f6m, Borl\u00e4nge Torsten Larsson, Dala-J\u00e4rna Roy Uppg\u00e5rd, Avesta Anders Bengtsson, Gagnef","og_url":"https:\/\/wp.kristdemokraterna.se\/dalarna\/landstinget\/landstingsfullmaktige\/","og_site_name":"Kristdemokraterna Dalarna","article_modified_time":"2024-03-03T19:14:22+00:00","twitter_card":"summary_large_image","twitter_misc":{"Ber\u00e4knad l\u00e4stid":"1 minut"},"schema":{"@context":"https:\/\/schema.org","@graph":[{"@type":"WebPage","@id":"https:\/\/wp.kristdemokraterna.se\/dalarna\/landstinget\/landstingsfullmaktige\/","url":"https:\/\/wp.kristdemokraterna.se\/dalarna\/landstinget\/landstingsfullmaktige\/","name":"Regionfullm\u00e4ktige - Kristdemokraterna Dalarna","isPartOf":{"@id":"https:\/\/wp.kristdemokraterna.se\/dalarna\/#website"},"datePublished":"2015-05-28T03:54:47+00:00","dateModified":"2024-03-03T19:14:22+00:00","breadcrumb":{"@id":"https:\/\/wp.kristdemokraterna.se\/dalarna\/landstinget\/landstingsfullmaktige\/#breadcrumb"},"inLanguage":"sv-SE","potentialAction":[{"@type":"ReadAction","target":["https:\/\/wp.kristdemokraterna.se\/dalarna\/landstinget\/landstingsfullmaktige\/"]}]},{"@type":"BreadcrumbList","@id":"https:\/\/wp.kristdemokraterna.se\/dalarna\/landstinget\/landstingsfullmaktige\/#breadcrumb","itemListElement":[{"@type":"ListItem","position":1,"name":"Hem","item":"https:\/\/wp.kristdemokraterna.se\/dalarna\/"},{"@type":"ListItem","position":2,"name":"Region Dalarna","item":"https:\/\/wp.kristdemokraterna.se\/dalarna\/landstinget\/"},{"@type":"ListItem","position":3,"name":"Regionfullm\u00e4ktige"}]},{"@type":"WebSite","@id":"https:\/\/wp.kristdemokraterna.se\/dalarna\/#website","url":"https:\/\/wp.kristdemokraterna.se\/dalarna\/","name":"Kristdemokraterna Dalarna","description":"","publisher":{"@id":"https:\/\/wp.kristdemokraterna.se\/dalarna\/#organization"},"inLanguage":"sv-SE"},{"@type":"Organization","@id":"https:\/\/wp.kristdemokraterna.se\/dalarna\/#organization","name":"Kristdemokraterna Dalarna","url":"https:\/\/wp.kristdemokraterna.se\/dalarna\/","logo":{"@type":"ImageObject","inLanguage":"sv-SE","@id":"https:\/\/wp.kristdemokraterna.se\/dalarna\/#\/schema\/logo\/image\/","url":"https:\/\/wp.kristdemokraterna.se\/dalarna\/files\/2022\/08\/dalarna-sida-bla-300dpi.png","contentUrl":"https:\/\/wp.kristdemokraterna.se\/dalarna\/files\/2022\/08\/dalarna-sida-bla-300dpi.png","width":1477,"height":681,"caption":"Kristdemokraterna Dalarna"},"image":{"@id":"https:\/\/wp.kristdemokraterna.se\/dalarna\/#\/schema\/logo\/image\/"}}]}},"_links":{"self":[{"href":"https:\/\/wp.kristdemokraterna.se\/dalarna\/wp-json\/wp\/v2\/pages\/243","targetHints":{"allow":["GET"]}}],"collection":[{"href":"https:\/\/wp.kristdemokraterna.se\/dalarna\/wp-json\/wp\/v2\/pages"}],"about":[{"href":"https:\/\/wp.kristdemokraterna.se\/dalarna\/wp-json\/wp\/v2\/types\/page"}],"author":[{"embeddable":true,"href":"https:\/\/wp.kristdemokraterna.se\/dalarna\/wp-json\/wp\/v2\/users\/704"}],"replies":[{"embeddable":true,"href":"https:\/\/wp.kristdemokraterna.se\/dalarna\/wp-json\/wp\/v2\/comments?post=243"}],"version-history":[{"count":8,"href":"https:\/\/wp.kristdemokraterna.se\/dalarna\/wp-json\/wp\/v2\/pages\/243\/revisions"}],"predecessor-version":[{"id":925,"href":"https:\/\/wp.kristdemokraterna.se\/dalarna\/wp-json\/wp\/v2\/pages\/243\/revisions\/925"}],"up":[{"embeddable":true,"href":"https:\/\/wp.kristdemokraterna.se\/dalarna\/wp-json\/wp\/v2\/pages\/51"}],"wp:attachment":[{"href":"https:\/\/wp.kristdemokraterna.se\/dalarna\/wp-json\/wp\/v2\/media?parent=243"}],"curies":[{"name":"wp","href":"https:\/\/api.w.org\/{rel}","templated":true}]}}

Regionfullmäktige

<p><strong>Ordinarie ledamöter:<br />
</strong>Birgitta Sacrédeus, Mora<br />
Helena Vådegård, Säter<br />
Jonas Hillerström, Borlänge<br />
Torsten Larsson, Dala-Järna<br />
Roy Uppgård, Avesta<br />
Anders Bengtsson, Gagnef</p>

<p>Ordinarie ledamöter: Birgitta Sacrédeus, Mora Helena Vådegård, Säter Jonas Hillerström, Borlänge Torsten Larsson, Dala-Järna Roy Uppgård, Avesta Anders Bengtsson, Gagnef</p>

<!-- This site is optimized with the Yoast SEO plugin v27.4 - https://yoast.com/product/yoast-seo-wordpress/ -->
<title>Regionfullmäktige - Kristdemokraterna Dalarna</title>
<meta name="robots" content="index, follow, max-snippet:-1, max-image-preview:large, max-video-preview:-1" />
<link rel="canonical" href="https://wp.kristdemokraterna.se/dalarna/landstinget/landstingsfullmaktige/" />
<meta property="og:locale" content="sv_SE" />
<meta property="og:type" content="article" />
<meta property="og:title" content="Regionfullmäktige - Kristdemokraterna Dalarna" />
<meta property="og:description" content="Ordinarie ledamöter: Birgitta Sacrédeus, Mora Helena Vådegård, Säter Jonas Hillerström, Borlänge Torsten Larsson, Dala-Järna Roy Uppgård, Avesta Anders Bengtsson, Gagnef" />
<meta property="og:url" content="https://wp.kristdemokraterna.se/dalarna/landstinget/landstingsfullmaktige/" />
<meta property="og:site_name" content="Kristdemokraterna Dalarna" />
<meta property="article:modified_time" content="2024-03-03T19:14:22+00:00" />
<meta name="twitter:card" content="summary_large_image" />
<meta name="twitter:label1" content="Beräknad lästid" />
	<meta name="twitter:data1" content="1 minut" />
<script type="application/ld+json" class="yoast-schema-graph">{"@context":"https:\/\/schema.org","@graph":[{"@type":"WebPage","@id":"https:\/\/wp.kristdemokraterna.se\/dalarna\/landstinget\/landstingsfullmaktige\/","url":"https:\/\/wp.kristdemokraterna.se\/dalarna\/landstinget\/landstingsfullmaktige\/","name":"Regionfullmäktige - Kristdemokraterna Dalarna","isPartOf":{"@id":"https:\/\/wp.kristdemokraterna.se\/dalarna\/#website"},"datePublished":"2015-05-28T03:54:47+00:00","dateModified":"2024-03-03T19:14:22+00:00","breadcrumb":{"@id":"https:\/\/wp.kristdemokraterna.se\/dalarna\/landstinget\/landstingsfullmaktige\/#breadcrumb"},"inLanguage":"sv-SE","potentialAction":[{"@type":"ReadAction","target":["https:\/\/wp.kristdemokraterna.se\/dalarna\/landstinget\/landstingsfullmaktige\/"]}]},{"@type":"BreadcrumbList","@id":"https:\/\/wp.kristdemokraterna.se\/dalarna\/landstinget\/landstingsfullmaktige\/#breadcrumb","itemListElement":[{"@type":"ListItem","position":1,"name":"Hem","item":"https:\/\/wp.kristdemokraterna.se\/dalarna\/"},{"@type":"ListItem","position":2,"name":"Region Dalarna","item":"https:\/\/wp.kristdemokraterna.se\/dalarna\/landstinget\/"},{"@type":"ListItem","position":3,"name":"Regionfullmäktige"}]},{"@type":"WebSite","@id":"https:\/\/wp.kristdemokraterna.se\/dalarna\/#website","url":"https:\/\/wp.kristdemokraterna.se\/dalarna\/","name":"Kristdemokraterna Dalarna","description":"","publisher":{"@id":"https:\/\/wp.kristdemokraterna.se\/dalarna\/#organization"},"inLanguage":"sv-SE"},{"@type":"Organization","@id":"https:\/\/wp.kristdemokraterna.se\/dalarna\/#organization","name":"Kristdemokraterna Dalarna","url":"https:\/\/wp.kristdemokraterna.se\/dalarna\/","logo":{"@type":"ImageObject","inLanguage":"sv-SE","@id":"https:\/\/wp.kristdemokraterna.se\/dalarna\/#\/schema\/logo\/image\/","url":"https:\/\/wp.kristdemokraterna.se\/dalarna\/files\/2022\/08\/dalarna-sida-bla-300dpi.png","contentUrl":"https:\/\/wp.kristdemokraterna.se\/dalarna\/files\/2022\/08\/dalarna-sida-bla-300dpi.png","width":1477,"height":681,"caption":"Kristdemokraterna Dalarna"},"image":{"@id":"https:\/\/wp.kristdemokraterna.se\/dalarna\/#\/schema\/logo\/image\/"}}]}</script>
<!-- / Yoast SEO plugin. -->

Regionfullmäktige - Kristdemokraterna Dalarna

Ordinarie ledamöter: Birgitta Sacrédeus, Mora Helena Vådegård, Säter Jonas Hillerström, Borlänge Torsten Larsson, Dala-Järna Roy Uppgård, Avesta Anders Bengtsson, Gagnef
