{"id":473,"date":"2018-07-04T12:02:38","date_gmt":"2018-07-04T10:02:38","guid":{"rendered":"http:\/\/wp.kristdemokraterna.se\/dalarna\/?page_id=473"},"modified":"2022-08-02T12:09:00","modified_gmt":"2022-08-02T10:09:00","slug":"riksdag","status":"publish","type":"page","link":"https:\/\/wp.kristdemokraterna.se\/dalarna\/riksdag\/","title":{"rendered":"Riksdag"},"content":{"rendered":"<ul>\n<li>Familjer i Dalarna ska k\u00e4nna sig trygga att polisen kommer n\u00e4r man ringer och att br\u00e4nslepriserna ligger p\u00e5 rimliga niv\u00e5er.<\/li>\n<li>V\u00e5r samh\u00e4llsgemenskap hotas av v\u00e4xande klyftor. Vi m\u00e5ste ge fler chansen till arbete och st\u00e4lla h\u00f6gre krav p\u00e5 integration.<\/li>\n<li>Vargstammen hotar n\u00e4ringen och m\u00e4nniskors frihet. Den m\u00e5ste minska kraftigt. Vi lovar en ny inriktning p\u00e5 jakt- och rovdjurspolitiken.<\/li>\n<\/ul>\n<p><em>All information om v\u00e5r politik hittar du <a href=\"https:\/\/kristdemokraterna.se\/var-politik\">H\u00c4R<\/a>.<\/em><\/p>\n","protected":false},"excerpt":{"rendered":"<p>Familjer i Dalarna ska k\u00e4nna sig trygga att polisen kommer n\u00e4r man ringer och att br\u00e4nslepriserna ligger p\u00e5 rimliga niv\u00e5er. V\u00e5r samh\u00e4llsgemenskap hotas av v\u00e4xande klyftor. Vi m\u00e5ste ge fler chansen till arbete och st\u00e4lla h\u00f6gre krav p\u00e5 integration. Vargstammen hotar n\u00e4ringen och m\u00e4nniskors frihet. Den m\u00e5ste minska kraftigt. Vi lovar en ny inriktning p\u00e5 <a class=\"read-more-link\" href=\"https:\/\/wp.kristdemokraterna.se\/dalarna\/riksdag\/\">Read More<\/a><\/p>\n","protected":false},"author":790,"featured_media":0,"parent":0,"menu_order":0,"comment_status":"closed","ping_status":"closed","template":"","meta":{"_acf_changed":false,"footnotes":""},"class_list":["post-473","page","type-page","status-publish","hentry"],"acf":[],"yoast_head":"<!-- This site is optimized with the Yoast SEO plugin v27.4 - https:\/\/yoast.com\/product\/yoast-seo-wordpress\/ -->\n<title>Riksdag - Kristdemokraterna Dalarna<\/title>\n<meta name=\"robots\" content=\"index, follow, max-snippet:-1, max-image-preview:large, max-video-preview:-1\" \/>\n<link rel=\"canonical\" href=\"https:\/\/wp.kristdemokraterna.se\/dalarna\/riksdag\/\" \/>\n<meta property=\"og:locale\" content=\"sv_SE\" \/>\n<meta property=\"og:type\" content=\"article\" \/>\n<meta property=\"og:title\" content=\"Riksdag - Kristdemokraterna Dalarna\" \/>\n<meta property=\"og:description\" content=\"Familjer i Dalarna ska k\u00e4nna sig trygga att polisen kommer n\u00e4r man ringer och att br\u00e4nslepriserna ligger p\u00e5 rimliga niv\u00e5er. V\u00e5r samh\u00e4llsgemenskap hotas av v\u00e4xande klyftor. Vi m\u00e5ste ge fler chansen till arbete och st\u00e4lla h\u00f6gre krav p\u00e5 integration. Vargstammen hotar n\u00e4ringen och m\u00e4nniskors frihet. Den m\u00e5ste minska kraftigt. Vi lovar en ny inriktning p\u00e5 Read More\" \/>\n<meta property=\"og:url\" content=\"https:\/\/wp.kristdemokraterna.se\/dalarna\/riksdag\/\" \/>\n<meta property=\"og:site_name\" content=\"Kristdemokraterna Dalarna\" \/>\n<meta property=\"article:modified_time\" content=\"2022-08-02T10:09:00+00:00\" \/>\n<meta name=\"twitter:card\" content=\"summary_large_image\" \/>\n<meta name=\"twitter:label1\" content=\"Ber\u00e4knad l\u00e4stid\" \/>\n\t<meta name=\"twitter:data1\" content=\"1 minut\" \/>\n<script type=\"application\/ld+json\" class=\"yoast-schema-graph\">{\"@context\":\"https:\\\/\\\/schema.org\",\"@graph\":[{\"@type\":\"WebPage\",\"@id\":\"https:\\\/\\\/wp.kristdemokraterna.se\\\/dalarna\\\/riksdag\\\/\",\"url\":\"https:\\\/\\\/wp.kristdemokraterna.se\\\/dalarna\\\/riksdag\\\/\",\"name\":\"Riksdag - Kristdemokraterna Dalarna\",\"isPartOf\":{\"@id\":\"https:\\\/\\\/wp.kristdemokraterna.se\\\/dalarna\\\/#website\"},\"datePublished\":\"2018-07-04T10:02:38+00:00\",\"dateModified\":\"2022-08-02T10:09:00+00:00\",\"breadcrumb\":{\"@id\":\"https:\\\/\\\/wp.kristdemokraterna.se\\\/dalarna\\\/riksdag\\\/#breadcrumb\"},\"inLanguage\":\"sv-SE\",\"potentialAction\":[{\"@type\":\"ReadAction\",\"target\":[\"https:\\\/\\\/wp.kristdemokraterna.se\\\/dalarna\\\/riksdag\\\/\"]}]},{\"@type\":\"BreadcrumbList\",\"@id\":\"https:\\\/\\\/wp.kristdemokraterna.se\\\/dalarna\\\/riksdag\\\/#breadcrumb\",\"itemListElement\":[{\"@type\":\"ListItem\",\"position\":1,\"name\":\"Hem\",\"item\":\"https:\\\/\\\/wp.kristdemokraterna.se\\\/dalarna\\\/\"},{\"@type\":\"ListItem\",\"position\":2,\"name\":\"Riksdag\"}]},{\"@type\":\"WebSite\",\"@id\":\"https:\\\/\\\/wp.kristdemokraterna.se\\\/dalarna\\\/#website\",\"url\":\"https:\\\/\\\/wp.kristdemokraterna.se\\\/dalarna\\\/\",\"name\":\"Kristdemokraterna Dalarna\",\"description\":\"\",\"publisher\":{\"@id\":\"https:\\\/\\\/wp.kristdemokraterna.se\\\/dalarna\\\/#organization\"},\"inLanguage\":\"sv-SE\"},{\"@type\":\"Organization\",\"@id\":\"https:\\\/\\\/wp.kristdemokraterna.se\\\/dalarna\\\/#organization\",\"name\":\"Kristdemokraterna Dalarna\",\"url\":\"https:\\\/\\\/wp.kristdemokraterna.se\\\/dalarna\\\/\",\"logo\":{\"@type\":\"ImageObject\",\"inLanguage\":\"sv-SE\",\"@id\":\"https:\\\/\\\/wp.kristdemokraterna.se\\\/dalarna\\\/#\\\/schema\\\/logo\\\/image\\\/\",\"url\":\"https:\\\/\\\/wp.kristdemokraterna.se\\\/dalarna\\\/files\\\/2022\\\/08\\\/dalarna-sida-bla-300dpi.png\",\"contentUrl\":\"https:\\\/\\\/wp.kristdemokraterna.se\\\/dalarna\\\/files\\\/2022\\\/08\\\/dalarna-sida-bla-300dpi.png\",\"width\":1477,\"height\":681,\"caption\":\"Kristdemokraterna Dalarna\"},\"image\":{\"@id\":\"https:\\\/\\\/wp.kristdemokraterna.se\\\/dalarna\\\/#\\\/schema\\\/logo\\\/image\\\/\"}}]}<\/script>\n<!-- \/ Yoast SEO plugin. -->","yoast_head_json":{"title":"Riksdag - Kristdemokraterna Dalarna","robots":{"index":"index","follow":"follow","max-snippet":"max-snippet:-1","max-image-preview":"max-image-preview:large","max-video-preview":"max-video-preview:-1"},"canonical":"https:\/\/wp.kristdemokraterna.se\/dalarna\/riksdag\/","og_locale":"sv_SE","og_type":"article","og_title":"Riksdag - Kristdemokraterna Dalarna","og_description":"Familjer i Dalarna ska k\u00e4nna sig trygga att polisen kommer n\u00e4r man ringer och att br\u00e4nslepriserna ligger p\u00e5 rimliga niv\u00e5er. V\u00e5r samh\u00e4llsgemenskap hotas av v\u00e4xande klyftor. Vi m\u00e5ste ge fler chansen till arbete och st\u00e4lla h\u00f6gre krav p\u00e5 integration. Vargstammen hotar n\u00e4ringen och m\u00e4nniskors frihet. Den m\u00e5ste minska kraftigt. Vi lovar en ny inriktning p\u00e5 Read More","og_url":"https:\/\/wp.kristdemokraterna.se\/dalarna\/riksdag\/","og_site_name":"Kristdemokraterna Dalarna","article_modified_time":"2022-08-02T10:09:00+00:00","twitter_card":"summary_large_image","twitter_misc":{"Ber\u00e4knad l\u00e4stid":"1 minut"},"schema":{"@context":"https:\/\/schema.org","@graph":[{"@type":"WebPage","@id":"https:\/\/wp.kristdemokraterna.se\/dalarna\/riksdag\/","url":"https:\/\/wp.kristdemokraterna.se\/dalarna\/riksdag\/","name":"Riksdag - Kristdemokraterna Dalarna","isPartOf":{"@id":"https:\/\/wp.kristdemokraterna.se\/dalarna\/#website"},"datePublished":"2018-07-04T10:02:38+00:00","dateModified":"2022-08-02T10:09:00+00:00","breadcrumb":{"@id":"https:\/\/wp.kristdemokraterna.se\/dalarna\/riksdag\/#breadcrumb"},"inLanguage":"sv-SE","potentialAction":[{"@type":"ReadAction","target":["https:\/\/wp.kristdemokraterna.se\/dalarna\/riksdag\/"]}]},{"@type":"BreadcrumbList","@id":"https:\/\/wp.kristdemokraterna.se\/dalarna\/riksdag\/#breadcrumb","itemListElement":[{"@type":"ListItem","position":1,"name":"Hem","item":"https:\/\/wp.kristdemokraterna.se\/dalarna\/"},{"@type":"ListItem","position":2,"name":"Riksdag"}]},{"@type":"WebSite","@id":"https:\/\/wp.kristdemokraterna.se\/dalarna\/#website","url":"https:\/\/wp.kristdemokraterna.se\/dalarna\/","name":"Kristdemokraterna Dalarna","description":"","publisher":{"@id":"https:\/\/wp.kristdemokraterna.se\/dalarna\/#organization"},"inLanguage":"sv-SE"},{"@type":"Organization","@id":"https:\/\/wp.kristdemokraterna.se\/dalarna\/#organization","name":"Kristdemokraterna Dalarna","url":"https:\/\/wp.kristdemokraterna.se\/dalarna\/","logo":{"@type":"ImageObject","inLanguage":"sv-SE","@id":"https:\/\/wp.kristdemokraterna.se\/dalarna\/#\/schema\/logo\/image\/","url":"https:\/\/wp.kristdemokraterna.se\/dalarna\/files\/2022\/08\/dalarna-sida-bla-300dpi.png","contentUrl":"https:\/\/wp.kristdemokraterna.se\/dalarna\/files\/2022\/08\/dalarna-sida-bla-300dpi.png","width":1477,"height":681,"caption":"Kristdemokraterna Dalarna"},"image":{"@id":"https:\/\/wp.kristdemokraterna.se\/dalarna\/#\/schema\/logo\/image\/"}}]}},"_links":{"self":[{"href":"https:\/\/wp.kristdemokraterna.se\/dalarna\/wp-json\/wp\/v2\/pages\/473","targetHints":{"allow":["GET"]}}],"collection":[{"href":"https:\/\/wp.kristdemokraterna.se\/dalarna\/wp-json\/wp\/v2\/pages"}],"about":[{"href":"https:\/\/wp.kristdemokraterna.se\/dalarna\/wp-json\/wp\/v2\/types\/page"}],"author":[{"embeddable":true,"href":"https:\/\/wp.kristdemokraterna.se\/dalarna\/wp-json\/wp\/v2\/users\/790"}],"replies":[{"embeddable":true,"href":"https:\/\/wp.kristdemokraterna.se\/dalarna\/wp-json\/wp\/v2\/comments?post=473"}],"version-history":[{"count":6,"href":"https:\/\/wp.kristdemokraterna.se\/dalarna\/wp-json\/wp\/v2\/pages\/473\/revisions"}],"predecessor-version":[{"id":790,"href":"https:\/\/wp.kristdemokraterna.se\/dalarna\/wp-json\/wp\/v2\/pages\/473\/revisions\/790"}],"wp:attachment":[{"href":"https:\/\/wp.kristdemokraterna.se\/dalarna\/wp-json\/wp\/v2\/media?parent=473"}],"curies":[{"name":"wp","href":"https:\/\/api.w.org\/{rel}","templated":true}]}}

<ul>
<li>Familjer i Dalarna ska känna sig trygga att polisen kommer när man ringer och att bränslepriserna ligger på rimliga nivåer.</li>
<li>Vår samhällsgemenskap hotas av växande klyftor. Vi måste ge fler chansen till arbete och ställa högre krav på integration.</li>
<li>Vargstammen hotar näringen och människors frihet. Den måste minska kraftigt. Vi lovar en ny inriktning på jakt- och rovdjurspolitiken.</li>
</ul>
<p><em>All information om vår politik hittar du <a href="https://kristdemokraterna.se/var-politik">HÄR</a>.</em></p>

<p>Familjer i Dalarna ska känna sig trygga att polisen kommer när man ringer och att bränslepriserna ligger på rimliga nivåer. Vår samhällsgemenskap hotas av växande klyftor. Vi måste ge fler chansen till arbete och ställa högre krav på integration. Vargstammen hotar näringen och människors frihet. Den måste minska kraftigt. Vi lovar en ny inriktning på <a class="read-more-link" href="https://wp.kristdemokraterna.se/dalarna/riksdag/">Read More</a></p>

<!-- This site is optimized with the Yoast SEO plugin v27.4 - https://yoast.com/product/yoast-seo-wordpress/ -->
<title>Riksdag - Kristdemokraterna Dalarna</title>
<meta name="robots" content="index, follow, max-snippet:-1, max-image-preview:large, max-video-preview:-1" />
<link rel="canonical" href="https://wp.kristdemokraterna.se/dalarna/riksdag/" />
<meta property="og:locale" content="sv_SE" />
<meta property="og:type" content="article" />
<meta property="og:title" content="Riksdag - Kristdemokraterna Dalarna" />
<meta property="og:description" content="Familjer i Dalarna ska känna sig trygga att polisen kommer när man ringer och att bränslepriserna ligger på rimliga nivåer. Vår samhällsgemenskap hotas av växande klyftor. Vi måste ge fler chansen till arbete och ställa högre krav på integration. Vargstammen hotar näringen och människors frihet. Den måste minska kraftigt. Vi lovar en ny inriktning på Read More" />
<meta property="og:url" content="https://wp.kristdemokraterna.se/dalarna/riksdag/" />
<meta property="og:site_name" content="Kristdemokraterna Dalarna" />
<meta property="article:modified_time" content="2022-08-02T10:09:00+00:00" />
<meta name="twitter:card" content="summary_large_image" />
<meta name="twitter:label1" content="Beräknad lästid" />
	<meta name="twitter:data1" content="1 minut" />
<script type="application/ld+json" class="yoast-schema-graph">{"@context":"https:\/\/schema.org","@graph":[{"@type":"WebPage","@id":"https:\/\/wp.kristdemokraterna.se\/dalarna\/riksdag\/","url":"https:\/\/wp.kristdemokraterna.se\/dalarna\/riksdag\/","name":"Riksdag - Kristdemokraterna Dalarna","isPartOf":{"@id":"https:\/\/wp.kristdemokraterna.se\/dalarna\/#website"},"datePublished":"2018-07-04T10:02:38+00:00","dateModified":"2022-08-02T10:09:00+00:00","breadcrumb":{"@id":"https:\/\/wp.kristdemokraterna.se\/dalarna\/riksdag\/#breadcrumb"},"inLanguage":"sv-SE","potentialAction":[{"@type":"ReadAction","target":["https:\/\/wp.kristdemokraterna.se\/dalarna\/riksdag\/"]}]},{"@type":"BreadcrumbList","@id":"https:\/\/wp.kristdemokraterna.se\/dalarna\/riksdag\/#breadcrumb","itemListElement":[{"@type":"ListItem","position":1,"name":"Hem","item":"https:\/\/wp.kristdemokraterna.se\/dalarna\/"},{"@type":"ListItem","position":2,"name":"Riksdag"}]},{"@type":"WebSite","@id":"https:\/\/wp.kristdemokraterna.se\/dalarna\/#website","url":"https:\/\/wp.kristdemokraterna.se\/dalarna\/","name":"Kristdemokraterna Dalarna","description":"","publisher":{"@id":"https:\/\/wp.kristdemokraterna.se\/dalarna\/#organization"},"inLanguage":"sv-SE"},{"@type":"Organization","@id":"https:\/\/wp.kristdemokraterna.se\/dalarna\/#organization","name":"Kristdemokraterna Dalarna","url":"https:\/\/wp.kristdemokraterna.se\/dalarna\/","logo":{"@type":"ImageObject","inLanguage":"sv-SE","@id":"https:\/\/wp.kristdemokraterna.se\/dalarna\/#\/schema\/logo\/image\/","url":"https:\/\/wp.kristdemokraterna.se\/dalarna\/files\/2022\/08\/dalarna-sida-bla-300dpi.png","contentUrl":"https:\/\/wp.kristdemokraterna.se\/dalarna\/files\/2022\/08\/dalarna-sida-bla-300dpi.png","width":1477,"height":681,"caption":"Kristdemokraterna Dalarna"},"image":{"@id":"https:\/\/wp.kristdemokraterna.se\/dalarna\/#\/schema\/logo\/image\/"}}]}</script>
<!-- / Yoast SEO plugin. -->

Familjer i Dalarna ska känna sig trygga att polisen kommer när man ringer och att bränslepriserna ligger på rimliga nivåer. Vår samhällsgemenskap hotas av växande klyftor. Vi måste ge fler chansen till arbete och ställa högre krav på integration. Vargstammen hotar näringen och människors frihet. Den måste minska kraftigt. Vi lovar en ny inriktning på Read More
