{"id":576,"date":"2019-03-12T16:25:14","date_gmt":"2019-03-12T15:25:14","guid":{"rendered":"http:\/\/wp.kristdemokraterna.se\/dalarna\/?page_id=576"},"modified":"2024-03-03T20:11:58","modified_gmt":"2024-03-03T19:11:58","slug":"birgitta-sacredeus","status":"publish","type":"page","link":"https:\/\/wp.kristdemokraterna.se\/dalarna\/landstinget\/birgitta-sacredeus\/","title":{"rendered":"Birgitta Sacr\u00e9deus"},"content":{"rendered":"<p><img loading=\"lazy\" decoding=\"async\" class=\"wp-image-589 size-large aligncenter\" src=\"http:\/\/wp.kristdemokraterna.se\/dalarna\/files\/2019\/06\/54200984_394787424637403_2127168091912667136_n-kopia-540x536.jpg\" alt=\"\" width=\"540\" height=\"536\" srcset=\"https:\/\/wp.kristdemokraterna.se\/dalarna\/files\/2019\/06\/54200984_394787424637403_2127168091912667136_n-kopia-540x536.jpg 540w, https:\/\/wp.kristdemokraterna.se\/dalarna\/files\/2019\/06\/54200984_394787424637403_2127168091912667136_n-kopia-150x150.jpg 150w, https:\/\/wp.kristdemokraterna.se\/dalarna\/files\/2019\/06\/54200984_394787424637403_2127168091912667136_n-kopia-300x298.jpg 300w, https:\/\/wp.kristdemokraterna.se\/dalarna\/files\/2019\/06\/54200984_394787424637403_2127168091912667136_n-kopia-768x762.jpg 768w, https:\/\/wp.kristdemokraterna.se\/dalarna\/files\/2019\/06\/54200984_394787424637403_2127168091912667136_n-kopia-202x200.jpg 202w, https:\/\/wp.kristdemokraterna.se\/dalarna\/files\/2019\/06\/54200984_394787424637403_2127168091912667136_n-kopia-370x367.jpg 370w, https:\/\/wp.kristdemokraterna.se\/dalarna\/files\/2019\/06\/54200984_394787424637403_2127168091912667136_n-kopia-90x90.jpg 90w, https:\/\/wp.kristdemokraterna.se\/dalarna\/files\/2019\/06\/54200984_394787424637403_2127168091912667136_n-kopia-770x764.jpg 770w, https:\/\/wp.kristdemokraterna.se\/dalarna\/files\/2019\/06\/54200984_394787424637403_2127168091912667136_n-kopia-450x446.jpg 450w, https:\/\/wp.kristdemokraterna.se\/dalarna\/files\/2019\/06\/54200984_394787424637403_2127168091912667136_n-kopia-280x278.jpg 280w, https:\/\/wp.kristdemokraterna.se\/dalarna\/files\/2019\/06\/54200984_394787424637403_2127168091912667136_n-kopia-340x337.jpg 340w, https:\/\/wp.kristdemokraterna.se\/dalarna\/files\/2019\/06\/54200984_394787424637403_2127168091912667136_n-kopia-200x198.jpg 200w, https:\/\/wp.kristdemokraterna.se\/dalarna\/files\/2019\/06\/54200984_394787424637403_2127168091912667136_n-kopia-56x56.jpg 56w\" sizes=\"auto, (max-width: 540px) 100vw, 540px\" \/><\/p>\n<p>Birgitta Sacr\u00e9deus \u00e4r regionr\u00e5d och ordf\u00f6rande i regionala utvecklingsn\u00e4mnden.<\/p>\n<h4>Kontakt<\/h4>\n<p>E-post: <a href=\"mailto:birgitta.sacredeus@regiondalarna.se\">birgitta.sacredeus@regiondalarna.se<\/a><br \/>\nTelefon: 070-573 34 47<\/p>\n","protected":false},"excerpt":{"rendered":"<p>Birgitta Sacr\u00e9deus \u00e4r regionr\u00e5d och ordf\u00f6rande i regionala utvecklingsn\u00e4mnden. Kontakt E-post: birgitta.sacredeus@regiondalarna.se Telefon: 070-573 34 47<\/p>\n","protected":false},"author":790,"featured_media":0,"parent":51,"menu_order":0,"comment_status":"closed","ping_status":"closed","template":"","meta":{"_acf_changed":false,"footnotes":""},"class_list":["post-576","page","type-page","status-publish","hentry"],"acf":[],"yoast_head":"<!-- This site is optimized with the Yoast SEO plugin v27.4 - https:\/\/yoast.com\/product\/yoast-seo-wordpress\/ -->\n<title>Birgitta Sacr\u00e9deus - Kristdemokraterna Dalarna<\/title>\n<meta name=\"robots\" content=\"index, follow, max-snippet:-1, max-image-preview:large, max-video-preview:-1\" \/>\n<link rel=\"canonical\" href=\"https:\/\/wp.kristdemokraterna.se\/dalarna\/landstinget\/birgitta-sacredeus\/\" \/>\n<meta property=\"og:locale\" content=\"sv_SE\" \/>\n<meta property=\"og:type\" content=\"article\" \/>\n<meta property=\"og:title\" content=\"Birgitta Sacr\u00e9deus - Kristdemokraterna Dalarna\" \/>\n<meta property=\"og:description\" content=\"Birgitta Sacr\u00e9deus \u00e4r regionr\u00e5d och ordf\u00f6rande i regionala utvecklingsn\u00e4mnden. Kontakt E-post: birgitta.sacredeus@regiondalarna.se Telefon: 070-573 34 47\" \/>\n<meta property=\"og:url\" content=\"https:\/\/wp.kristdemokraterna.se\/dalarna\/landstinget\/birgitta-sacredeus\/\" \/>\n<meta property=\"og:site_name\" content=\"Kristdemokraterna Dalarna\" \/>\n<meta property=\"article:modified_time\" content=\"2024-03-03T19:11:58+00:00\" \/>\n<meta property=\"og:image\" content=\"http:\/\/wp.kristdemokraterna.se\/dalarna\/files\/2019\/06\/54200984_394787424637403_2127168091912667136_n-kopia-540x536.jpg\" \/>\n<meta name=\"twitter:card\" content=\"summary_large_image\" \/>\n<meta name=\"twitter:label1\" content=\"Ber\u00e4knad l\u00e4stid\" \/>\n\t<meta name=\"twitter:data1\" content=\"1 minut\" \/>\n<script type=\"application\/ld+json\" class=\"yoast-schema-graph\">{\"@context\":\"https:\\\/\\\/schema.org\",\"@graph\":[{\"@type\":\"WebPage\",\"@id\":\"https:\\\/\\\/wp.kristdemokraterna.se\\\/dalarna\\\/landstinget\\\/birgitta-sacredeus\\\/\",\"url\":\"https:\\\/\\\/wp.kristdemokraterna.se\\\/dalarna\\\/landstinget\\\/birgitta-sacredeus\\\/\",\"name\":\"Birgitta Sacr\u00e9deus - Kristdemokraterna Dalarna\",\"isPartOf\":{\"@id\":\"https:\\\/\\\/wp.kristdemokraterna.se\\\/dalarna\\\/#website\"},\"primaryImageOfPage\":{\"@id\":\"https:\\\/\\\/wp.kristdemokraterna.se\\\/dalarna\\\/landstinget\\\/birgitta-sacredeus\\\/#primaryimage\"},\"image\":{\"@id\":\"https:\\\/\\\/wp.kristdemokraterna.se\\\/dalarna\\\/landstinget\\\/birgitta-sacredeus\\\/#primaryimage\"},\"thumbnailUrl\":\"http:\\\/\\\/wp.kristdemokraterna.se\\\/dalarna\\\/files\\\/2019\\\/06\\\/54200984_394787424637403_2127168091912667136_n-kopia-540x536.jpg\",\"datePublished\":\"2019-03-12T15:25:14+00:00\",\"dateModified\":\"2024-03-03T19:11:58+00:00\",\"breadcrumb\":{\"@id\":\"https:\\\/\\\/wp.kristdemokraterna.se\\\/dalarna\\\/landstinget\\\/birgitta-sacredeus\\\/#breadcrumb\"},\"inLanguage\":\"sv-SE\",\"potentialAction\":[{\"@type\":\"ReadAction\",\"target\":[\"https:\\\/\\\/wp.kristdemokraterna.se\\\/dalarna\\\/landstinget\\\/birgitta-sacredeus\\\/\"]}]},{\"@type\":\"ImageObject\",\"inLanguage\":\"sv-SE\",\"@id\":\"https:\\\/\\\/wp.kristdemokraterna.se\\\/dalarna\\\/landstinget\\\/birgitta-sacredeus\\\/#primaryimage\",\"url\":\"http:\\\/\\\/wp.kristdemokraterna.se\\\/dalarna\\\/files\\\/2019\\\/06\\\/54200984_394787424637403_2127168091912667136_n-kopia-540x536.jpg\",\"contentUrl\":\"http:\\\/\\\/wp.kristdemokraterna.se\\\/dalarna\\\/files\\\/2019\\\/06\\\/54200984_394787424637403_2127168091912667136_n-kopia-540x536.jpg\"},{\"@type\":\"BreadcrumbList\",\"@id\":\"https:\\\/\\\/wp.kristdemokraterna.se\\\/dalarna\\\/landstinget\\\/birgitta-sacredeus\\\/#breadcrumb\",\"itemListElement\":[{\"@type\":\"ListItem\",\"position\":1,\"name\":\"Hem\",\"item\":\"https:\\\/\\\/wp.kristdemokraterna.se\\\/dalarna\\\/\"},{\"@type\":\"ListItem\",\"position\":2,\"name\":\"Region Dalarna\",\"item\":\"https:\\\/\\\/wp.kristdemokraterna.se\\\/dalarna\\\/landstinget\\\/\"},{\"@type\":\"ListItem\",\"position\":3,\"name\":\"Birgitta Sacr\u00e9deus\"}]},{\"@type\":\"WebSite\",\"@id\":\"https:\\\/\\\/wp.kristdemokraterna.se\\\/dalarna\\\/#website\",\"url\":\"https:\\\/\\\/wp.kristdemokraterna.se\\\/dalarna\\\/\",\"name\":\"Kristdemokraterna Dalarna\",\"description\":\"\",\"publisher\":{\"@id\":\"https:\\\/\\\/wp.kristdemokraterna.se\\\/dalarna\\\/#organization\"},\"inLanguage\":\"sv-SE\"},{\"@type\":\"Organization\",\"@id\":\"https:\\\/\\\/wp.kristdemokraterna.se\\\/dalarna\\\/#organization\",\"name\":\"Kristdemokraterna Dalarna\",\"url\":\"https:\\\/\\\/wp.kristdemokraterna.se\\\/dalarna\\\/\",\"logo\":{\"@type\":\"ImageObject\",\"inLanguage\":\"sv-SE\",\"@id\":\"https:\\\/\\\/wp.kristdemokraterna.se\\\/dalarna\\\/#\\\/schema\\\/logo\\\/image\\\/\",\"url\":\"https:\\\/\\\/wp.kristdemokraterna.se\\\/dalarna\\\/files\\\/2022\\\/08\\\/dalarna-sida-bla-300dpi.png\",\"contentUrl\":\"https:\\\/\\\/wp.kristdemokraterna.se\\\/dalarna\\\/files\\\/2022\\\/08\\\/dalarna-sida-bla-300dpi.png\",\"width\":1477,\"height\":681,\"caption\":\"Kristdemokraterna Dalarna\"},\"image\":{\"@id\":\"https:\\\/\\\/wp.kristdemokraterna.se\\\/dalarna\\\/#\\\/schema\\\/logo\\\/image\\\/\"}}]}<\/script>\n<!-- \/ Yoast SEO plugin. -->","yoast_head_json":{"title":"Birgitta Sacr\u00e9deus - Kristdemokraterna Dalarna","robots":{"index":"index","follow":"follow","max-snippet":"max-snippet:-1","max-image-preview":"max-image-preview:large","max-video-preview":"max-video-preview:-1"},"canonical":"https:\/\/wp.kristdemokraterna.se\/dalarna\/landstinget\/birgitta-sacredeus\/","og_locale":"sv_SE","og_type":"article","og_title":"Birgitta Sacr\u00e9deus - Kristdemokraterna Dalarna","og_description":"Birgitta Sacr\u00e9deus \u00e4r regionr\u00e5d och ordf\u00f6rande i regionala utvecklingsn\u00e4mnden. Kontakt E-post: birgitta.sacredeus@regiondalarna.se Telefon: 070-573 34 47","og_url":"https:\/\/wp.kristdemokraterna.se\/dalarna\/landstinget\/birgitta-sacredeus\/","og_site_name":"Kristdemokraterna Dalarna","article_modified_time":"2024-03-03T19:11:58+00:00","og_image":[{"url":"http:\/\/wp.kristdemokraterna.se\/dalarna\/files\/2019\/06\/54200984_394787424637403_2127168091912667136_n-kopia-540x536.jpg","type":"","width":"","height":""}],"twitter_card":"summary_large_image","twitter_misc":{"Ber\u00e4knad l\u00e4stid":"1 minut"},"schema":{"@context":"https:\/\/schema.org","@graph":[{"@type":"WebPage","@id":"https:\/\/wp.kristdemokraterna.se\/dalarna\/landstinget\/birgitta-sacredeus\/","url":"https:\/\/wp.kristdemokraterna.se\/dalarna\/landstinget\/birgitta-sacredeus\/","name":"Birgitta Sacr\u00e9deus - Kristdemokraterna Dalarna","isPartOf":{"@id":"https:\/\/wp.kristdemokraterna.se\/dalarna\/#website"},"primaryImageOfPage":{"@id":"https:\/\/wp.kristdemokraterna.se\/dalarna\/landstinget\/birgitta-sacredeus\/#primaryimage"},"image":{"@id":"https:\/\/wp.kristdemokraterna.se\/dalarna\/landstinget\/birgitta-sacredeus\/#primaryimage"},"thumbnailUrl":"http:\/\/wp.kristdemokraterna.se\/dalarna\/files\/2019\/06\/54200984_394787424637403_2127168091912667136_n-kopia-540x536.jpg","datePublished":"2019-03-12T15:25:14+00:00","dateModified":"2024-03-03T19:11:58+00:00","breadcrumb":{"@id":"https:\/\/wp.kristdemokraterna.se\/dalarna\/landstinget\/birgitta-sacredeus\/#breadcrumb"},"inLanguage":"sv-SE","potentialAction":[{"@type":"ReadAction","target":["https:\/\/wp.kristdemokraterna.se\/dalarna\/landstinget\/birgitta-sacredeus\/"]}]},{"@type":"ImageObject","inLanguage":"sv-SE","@id":"https:\/\/wp.kristdemokraterna.se\/dalarna\/landstinget\/birgitta-sacredeus\/#primaryimage","url":"http:\/\/wp.kristdemokraterna.se\/dalarna\/files\/2019\/06\/54200984_394787424637403_2127168091912667136_n-kopia-540x536.jpg","contentUrl":"http:\/\/wp.kristdemokraterna.se\/dalarna\/files\/2019\/06\/54200984_394787424637403_2127168091912667136_n-kopia-540x536.jpg"},{"@type":"BreadcrumbList","@id":"https:\/\/wp.kristdemokraterna.se\/dalarna\/landstinget\/birgitta-sacredeus\/#breadcrumb","itemListElement":[{"@type":"ListItem","position":1,"name":"Hem","item":"https:\/\/wp.kristdemokraterna.se\/dalarna\/"},{"@type":"ListItem","position":2,"name":"Region Dalarna","item":"https:\/\/wp.kristdemokraterna.se\/dalarna\/landstinget\/"},{"@type":"ListItem","position":3,"name":"Birgitta Sacr\u00e9deus"}]},{"@type":"WebSite","@id":"https:\/\/wp.kristdemokraterna.se\/dalarna\/#website","url":"https:\/\/wp.kristdemokraterna.se\/dalarna\/","name":"Kristdemokraterna Dalarna","description":"","publisher":{"@id":"https:\/\/wp.kristdemokraterna.se\/dalarna\/#organization"},"inLanguage":"sv-SE"},{"@type":"Organization","@id":"https:\/\/wp.kristdemokraterna.se\/dalarna\/#organization","name":"Kristdemokraterna Dalarna","url":"https:\/\/wp.kristdemokraterna.se\/dalarna\/","logo":{"@type":"ImageObject","inLanguage":"sv-SE","@id":"https:\/\/wp.kristdemokraterna.se\/dalarna\/#\/schema\/logo\/image\/","url":"https:\/\/wp.kristdemokraterna.se\/dalarna\/files\/2022\/08\/dalarna-sida-bla-300dpi.png","contentUrl":"https:\/\/wp.kristdemokraterna.se\/dalarna\/files\/2022\/08\/dalarna-sida-bla-300dpi.png","width":1477,"height":681,"caption":"Kristdemokraterna Dalarna"},"image":{"@id":"https:\/\/wp.kristdemokraterna.se\/dalarna\/#\/schema\/logo\/image\/"}}]}},"_links":{"self":[{"href":"https:\/\/wp.kristdemokraterna.se\/dalarna\/wp-json\/wp\/v2\/pages\/576","targetHints":{"allow":["GET"]}}],"collection":[{"href":"https:\/\/wp.kristdemokraterna.se\/dalarna\/wp-json\/wp\/v2\/pages"}],"about":[{"href":"https:\/\/wp.kristdemokraterna.se\/dalarna\/wp-json\/wp\/v2\/types\/page"}],"author":[{"embeddable":true,"href":"https:\/\/wp.kristdemokraterna.se\/dalarna\/wp-json\/wp\/v2\/users\/790"}],"replies":[{"embeddable":true,"href":"https:\/\/wp.kristdemokraterna.se\/dalarna\/wp-json\/wp\/v2\/comments?post=576"}],"version-history":[{"count":6,"href":"https:\/\/wp.kristdemokraterna.se\/dalarna\/wp-json\/wp\/v2\/pages\/576\/revisions"}],"predecessor-version":[{"id":923,"href":"https:\/\/wp.kristdemokraterna.se\/dalarna\/wp-json\/wp\/v2\/pages\/576\/revisions\/923"}],"up":[{"embeddable":true,"href":"https:\/\/wp.kristdemokraterna.se\/dalarna\/wp-json\/wp\/v2\/pages\/51"}],"wp:attachment":[{"href":"https:\/\/wp.kristdemokraterna.se\/dalarna\/wp-json\/wp\/v2\/media?parent=576"}],"curies":[{"name":"wp","href":"https:\/\/api.w.org\/{rel}","templated":true}]}}