{"id":697,"date":"2022-06-17T15:16:25","date_gmt":"2022-06-17T13:16:25","guid":{"rendered":"https:\/\/wp.kristdemokraterna.se\/dalarna\/?page_id=697"},"modified":"2022-08-02T12:10:57","modified_gmt":"2022-08-02T10:10:57","slug":"rattvik","status":"publish","type":"page","link":"https:\/\/wp.kristdemokraterna.se\/dalarna\/kommun\/rattvik\/","title":{"rendered":"R\u00e4ttvik"},"content":{"rendered":"<ul>\n<li>Mer resurser till omsorgen!<\/li>\n<li>En landsbygdsanpassad viltf\u00f6rvaltning! Skog, jakt och fiske \u00e4r viktig f\u00f6r v\u00e5r bygd. V\u00e4rna om<br \/>\ndetta!<\/li>\n<li>Nej till ytterligare Vindkraft! V\u00e5ra skogsbygder \u00e4r unika &#8211; freda dem ifr\u00e5n os\u00e4ker och<br \/>\nkortsiktig vindkraft!<\/li>\n<li>Bygg fler cykelv\u00e4gar! F\u00f6r folkh\u00e4lsa, tillg\u00e4nglighet, bes\u00f6ksn\u00e4ringen och milj\u00f6n!<\/li>\n<li>Instegsboende f\u00f6r \u00e4ldre! Bygg sm\u00e5 enkla radhus i v\u00e5ra byar, f\u00f6r levande byar och b\u00e4ttre<br \/>\nbostadscirkulation.<\/li>\n<li>En G\u00e5ngl\u00e5tspark och gr\u00f6n oas! Bygg en trivsam park p\u00e5 tillg\u00e4nglig mark vid Folkmusikens Hus!<\/li>\n<\/ul>\n<div id=\"attachment_700\" style=\"width: 550px\" class=\"wp-caption alignnone\"><img loading=\"lazy\" decoding=\"async\" aria-describedby=\"caption-attachment-700\" class=\"wp-image-700 size-large\" src=\"http:\/\/wp.kristdemokraterna.se\/dalarna\/files\/2022\/06\/rattvik-540x315.jpg\" alt=\"\" width=\"540\" height=\"315\" srcset=\"https:\/\/wp.kristdemokraterna.se\/dalarna\/files\/2022\/06\/rattvik-540x315.jpg 540w, https:\/\/wp.kristdemokraterna.se\/dalarna\/files\/2022\/06\/rattvik-300x175.jpg 300w, https:\/\/wp.kristdemokraterna.se\/dalarna\/files\/2022\/06\/rattvik-768x449.jpg 768w, https:\/\/wp.kristdemokraterna.se\/dalarna\/files\/2022\/06\/rattvik-1536x897.jpg 1536w, https:\/\/wp.kristdemokraterna.se\/dalarna\/files\/2022\/06\/rattvik-2048x1196.jpg 2048w, https:\/\/wp.kristdemokraterna.se\/dalarna\/files\/2022\/06\/rattvik-342x200.jpg 342w, https:\/\/wp.kristdemokraterna.se\/dalarna\/files\/2022\/06\/rattvik-370x216.jpg 370w, https:\/\/wp.kristdemokraterna.se\/dalarna\/files\/2022\/06\/rattvik-770x450.jpg 770w, https:\/\/wp.kristdemokraterna.se\/dalarna\/files\/2022\/06\/rattvik-450x263.jpg 450w, https:\/\/wp.kristdemokraterna.se\/dalarna\/files\/2022\/06\/rattvik-280x164.jpg 280w, https:\/\/wp.kristdemokraterna.se\/dalarna\/files\/2022\/06\/rattvik-340x199.jpg 340w, https:\/\/wp.kristdemokraterna.se\/dalarna\/files\/2022\/06\/rattvik-200x117.jpg 200w, https:\/\/wp.kristdemokraterna.se\/dalarna\/files\/2022\/06\/rattvik-96x56.jpg 96w\" sizes=\"auto, (max-width: 540px) 100vw, 540px\" \/><p id=\"caption-attachment-700\" class=\"wp-caption-text\">KD R\u00e4ttviks toppkandidater: Anders Gravsj\u00f6, Per M\u00e5rthans, Michael Jacobs<\/p><\/div>\n<h2>Kontakt:<\/h2>\n<h4>Facebook: <a href=\"https:\/\/www.facebook.com\/rattvikkd\">Kristdemokraterna R\u00e4ttvik<\/a><\/h4>\n<p><strong>Ordf\u00f6rande<\/strong>: Michael Jacobs<br \/>\nTel: 072 &#8211; 300 65 24<br \/>\nMail: lmjadvokat@outlook.com<\/p>\n<p><strong>Gruppledare<\/strong>: Per M\u00e5rthans<br \/>\nTel: 070 &#8211; 581 29 92<br \/>\nMail: per.marthans@gmail.com<\/p>\n<div><\/div>\n","protected":false},"excerpt":{"rendered":"<p>Mer resurser till omsorgen! En landsbygdsanpassad viltf\u00f6rvaltning! Skog, jakt och fiske \u00e4r viktig f\u00f6r v\u00e5r bygd. V\u00e4rna om detta! Nej till ytterligare Vindkraft! V\u00e5ra skogsbygder \u00e4r unika &#8211; freda dem ifr\u00e5n os\u00e4ker och kortsiktig vindkraft! Bygg fler cykelv\u00e4gar! F\u00f6r folkh\u00e4lsa, tillg\u00e4nglighet, bes\u00f6ksn\u00e4ringen och milj\u00f6n! Instegsboende f\u00f6r \u00e4ldre! Bygg sm\u00e5 enkla radhus i v\u00e5ra byar, f\u00f6r <a class=\"read-more-link\" href=\"https:\/\/wp.kristdemokraterna.se\/dalarna\/kommun\/rattvik\/\">Read More<\/a><\/p>\n","protected":false},"author":790,"featured_media":0,"parent":61,"menu_order":0,"comment_status":"closed","ping_status":"closed","template":"","meta":{"_acf_changed":false,"footnotes":""},"class_list":["post-697","page","type-page","status-publish","hentry"],"acf":[],"yoast_head":"<!-- This site is optimized with the Yoast SEO plugin v27.4 - https:\/\/yoast.com\/product\/yoast-seo-wordpress\/ -->\n<title>R\u00e4ttvik - Kristdemokraterna Dalarna<\/title>\n<meta name=\"robots\" content=\"index, follow, max-snippet:-1, max-image-preview:large, max-video-preview:-1\" \/>\n<link rel=\"canonical\" href=\"https:\/\/wp.kristdemokraterna.se\/dalarna\/kommun\/rattvik\/\" \/>\n<meta property=\"og:locale\" content=\"sv_SE\" \/>\n<meta property=\"og:type\" content=\"article\" \/>\n<meta property=\"og:title\" content=\"R\u00e4ttvik - Kristdemokraterna Dalarna\" \/>\n<meta property=\"og:description\" content=\"Mer resurser till omsorgen! En landsbygdsanpassad viltf\u00f6rvaltning! Skog, jakt och fiske \u00e4r viktig f\u00f6r v\u00e5r bygd. V\u00e4rna om detta! Nej till ytterligare Vindkraft! V\u00e5ra skogsbygder \u00e4r unika &#8211; freda dem ifr\u00e5n os\u00e4ker och kortsiktig vindkraft! Bygg fler cykelv\u00e4gar! F\u00f6r folkh\u00e4lsa, tillg\u00e4nglighet, bes\u00f6ksn\u00e4ringen och milj\u00f6n! Instegsboende f\u00f6r \u00e4ldre! Bygg sm\u00e5 enkla radhus i v\u00e5ra byar, f\u00f6r Read More\" \/>\n<meta property=\"og:url\" content=\"https:\/\/wp.kristdemokraterna.se\/dalarna\/kommun\/rattvik\/\" \/>\n<meta property=\"og:site_name\" content=\"Kristdemokraterna Dalarna\" \/>\n<meta property=\"article:modified_time\" content=\"2022-08-02T10:10:57+00:00\" \/>\n<meta property=\"og:image\" content=\"http:\/\/wp.kristdemokraterna.se\/dalarna\/files\/2022\/06\/rattvik-540x315.jpg\" \/>\n<meta name=\"twitter:card\" content=\"summary_large_image\" \/>\n<meta name=\"twitter:label1\" content=\"Ber\u00e4knad l\u00e4stid\" \/>\n\t<meta name=\"twitter:data1\" content=\"1 minut\" \/>\n<script type=\"application\/ld+json\" class=\"yoast-schema-graph\">{\"@context\":\"https:\\\/\\\/schema.org\",\"@graph\":[{\"@type\":\"WebPage\",\"@id\":\"https:\\\/\\\/wp.kristdemokraterna.se\\\/dalarna\\\/kommun\\\/rattvik\\\/\",\"url\":\"https:\\\/\\\/wp.kristdemokraterna.se\\\/dalarna\\\/kommun\\\/rattvik\\\/\",\"name\":\"R\u00e4ttvik - Kristdemokraterna Dalarna\",\"isPartOf\":{\"@id\":\"https:\\\/\\\/wp.kristdemokraterna.se\\\/dalarna\\\/#website\"},\"primaryImageOfPage\":{\"@id\":\"https:\\\/\\\/wp.kristdemokraterna.se\\\/dalarna\\\/kommun\\\/rattvik\\\/#primaryimage\"},\"image\":{\"@id\":\"https:\\\/\\\/wp.kristdemokraterna.se\\\/dalarna\\\/kommun\\\/rattvik\\\/#primaryimage\"},\"thumbnailUrl\":\"http:\\\/\\\/wp.kristdemokraterna.se\\\/dalarna\\\/files\\\/2022\\\/06\\\/rattvik-540x315.jpg\",\"datePublished\":\"2022-06-17T13:16:25+00:00\",\"dateModified\":\"2022-08-02T10:10:57+00:00\",\"breadcrumb\":{\"@id\":\"https:\\\/\\\/wp.kristdemokraterna.se\\\/dalarna\\\/kommun\\\/rattvik\\\/#breadcrumb\"},\"inLanguage\":\"sv-SE\",\"potentialAction\":[{\"@type\":\"ReadAction\",\"target\":[\"https:\\\/\\\/wp.kristdemokraterna.se\\\/dalarna\\\/kommun\\\/rattvik\\\/\"]}]},{\"@type\":\"ImageObject\",\"inLanguage\":\"sv-SE\",\"@id\":\"https:\\\/\\\/wp.kristdemokraterna.se\\\/dalarna\\\/kommun\\\/rattvik\\\/#primaryimage\",\"url\":\"http:\\\/\\\/wp.kristdemokraterna.se\\\/dalarna\\\/files\\\/2022\\\/06\\\/rattvik-540x315.jpg\",\"contentUrl\":\"http:\\\/\\\/wp.kristdemokraterna.se\\\/dalarna\\\/files\\\/2022\\\/06\\\/rattvik-540x315.jpg\"},{\"@type\":\"BreadcrumbList\",\"@id\":\"https:\\\/\\\/wp.kristdemokraterna.se\\\/dalarna\\\/kommun\\\/rattvik\\\/#breadcrumb\",\"itemListElement\":[{\"@type\":\"ListItem\",\"position\":1,\"name\":\"Hem\",\"item\":\"https:\\\/\\\/wp.kristdemokraterna.se\\\/dalarna\\\/\"},{\"@type\":\"ListItem\",\"position\":2,\"name\":\"Kommun\",\"item\":\"https:\\\/\\\/wp.kristdemokraterna.se\\\/dalarna\\\/kommun\\\/\"},{\"@type\":\"ListItem\",\"position\":3,\"name\":\"R\u00e4ttvik\"}]},{\"@type\":\"WebSite\",\"@id\":\"https:\\\/\\\/wp.kristdemokraterna.se\\\/dalarna\\\/#website\",\"url\":\"https:\\\/\\\/wp.kristdemokraterna.se\\\/dalarna\\\/\",\"name\":\"Kristdemokraterna Dalarna\",\"description\":\"\",\"publisher\":{\"@id\":\"https:\\\/\\\/wp.kristdemokraterna.se\\\/dalarna\\\/#organization\"},\"inLanguage\":\"sv-SE\"},{\"@type\":\"Organization\",\"@id\":\"https:\\\/\\\/wp.kristdemokraterna.se\\\/dalarna\\\/#organization\",\"name\":\"Kristdemokraterna Dalarna\",\"url\":\"https:\\\/\\\/wp.kristdemokraterna.se\\\/dalarna\\\/\",\"logo\":{\"@type\":\"ImageObject\",\"inLanguage\":\"sv-SE\",\"@id\":\"https:\\\/\\\/wp.kristdemokraterna.se\\\/dalarna\\\/#\\\/schema\\\/logo\\\/image\\\/\",\"url\":\"https:\\\/\\\/wp.kristdemokraterna.se\\\/dalarna\\\/files\\\/2022\\\/08\\\/dalarna-sida-bla-300dpi.png\",\"contentUrl\":\"https:\\\/\\\/wp.kristdemokraterna.se\\\/dalarna\\\/files\\\/2022\\\/08\\\/dalarna-sida-bla-300dpi.png\",\"width\":1477,\"height\":681,\"caption\":\"Kristdemokraterna Dalarna\"},\"image\":{\"@id\":\"https:\\\/\\\/wp.kristdemokraterna.se\\\/dalarna\\\/#\\\/schema\\\/logo\\\/image\\\/\"}}]}<\/script>\n<!-- \/ Yoast SEO plugin. -->","yoast_head_json":{"title":"R\u00e4ttvik - Kristdemokraterna Dalarna","robots":{"index":"index","follow":"follow","max-snippet":"max-snippet:-1","max-image-preview":"max-image-preview:large","max-video-preview":"max-video-preview:-1"},"canonical":"https:\/\/wp.kristdemokraterna.se\/dalarna\/kommun\/rattvik\/","og_locale":"sv_SE","og_type":"article","og_title":"R\u00e4ttvik - Kristdemokraterna Dalarna","og_description":"Mer resurser till omsorgen! En landsbygdsanpassad viltf\u00f6rvaltning! Skog, jakt och fiske \u00e4r viktig f\u00f6r v\u00e5r bygd. V\u00e4rna om detta! Nej till ytterligare Vindkraft! V\u00e5ra skogsbygder \u00e4r unika &#8211; freda dem ifr\u00e5n os\u00e4ker och kortsiktig vindkraft! Bygg fler cykelv\u00e4gar! F\u00f6r folkh\u00e4lsa, tillg\u00e4nglighet, bes\u00f6ksn\u00e4ringen och milj\u00f6n! Instegsboende f\u00f6r \u00e4ldre! Bygg sm\u00e5 enkla radhus i v\u00e5ra byar, f\u00f6r Read More","og_url":"https:\/\/wp.kristdemokraterna.se\/dalarna\/kommun\/rattvik\/","og_site_name":"Kristdemokraterna Dalarna","article_modified_time":"2022-08-02T10:10:57+00:00","og_image":[{"url":"http:\/\/wp.kristdemokraterna.se\/dalarna\/files\/2022\/06\/rattvik-540x315.jpg","type":"","width":"","height":""}],"twitter_card":"summary_large_image","twitter_misc":{"Ber\u00e4knad l\u00e4stid":"1 minut"},"schema":{"@context":"https:\/\/schema.org","@graph":[{"@type":"WebPage","@id":"https:\/\/wp.kristdemokraterna.se\/dalarna\/kommun\/rattvik\/","url":"https:\/\/wp.kristdemokraterna.se\/dalarna\/kommun\/rattvik\/","name":"R\u00e4ttvik - Kristdemokraterna Dalarna","isPartOf":{"@id":"https:\/\/wp.kristdemokraterna.se\/dalarna\/#website"},"primaryImageOfPage":{"@id":"https:\/\/wp.kristdemokraterna.se\/dalarna\/kommun\/rattvik\/#primaryimage"},"image":{"@id":"https:\/\/wp.kristdemokraterna.se\/dalarna\/kommun\/rattvik\/#primaryimage"},"thumbnailUrl":"http:\/\/wp.kristdemokraterna.se\/dalarna\/files\/2022\/06\/rattvik-540x315.jpg","datePublished":"2022-06-17T13:16:25+00:00","dateModified":"2022-08-02T10:10:57+00:00","breadcrumb":{"@id":"https:\/\/wp.kristdemokraterna.se\/dalarna\/kommun\/rattvik\/#breadcrumb"},"inLanguage":"sv-SE","potentialAction":[{"@type":"ReadAction","target":["https:\/\/wp.kristdemokraterna.se\/dalarna\/kommun\/rattvik\/"]}]},{"@type":"ImageObject","inLanguage":"sv-SE","@id":"https:\/\/wp.kristdemokraterna.se\/dalarna\/kommun\/rattvik\/#primaryimage","url":"http:\/\/wp.kristdemokraterna.se\/dalarna\/files\/2022\/06\/rattvik-540x315.jpg","contentUrl":"http:\/\/wp.kristdemokraterna.se\/dalarna\/files\/2022\/06\/rattvik-540x315.jpg"},{"@type":"BreadcrumbList","@id":"https:\/\/wp.kristdemokraterna.se\/dalarna\/kommun\/rattvik\/#breadcrumb","itemListElement":[{"@type":"ListItem","position":1,"name":"Hem","item":"https:\/\/wp.kristdemokraterna.se\/dalarna\/"},{"@type":"ListItem","position":2,"name":"Kommun","item":"https:\/\/wp.kristdemokraterna.se\/dalarna\/kommun\/"},{"@type":"ListItem","position":3,"name":"R\u00e4ttvik"}]},{"@type":"WebSite","@id":"https:\/\/wp.kristdemokraterna.se\/dalarna\/#website","url":"https:\/\/wp.kristdemokraterna.se\/dalarna\/","name":"Kristdemokraterna Dalarna","description":"","publisher":{"@id":"https:\/\/wp.kristdemokraterna.se\/dalarna\/#organization"},"inLanguage":"sv-SE"},{"@type":"Organization","@id":"https:\/\/wp.kristdemokraterna.se\/dalarna\/#organization","name":"Kristdemokraterna Dalarna","url":"https:\/\/wp.kristdemokraterna.se\/dalarna\/","logo":{"@type":"ImageObject","inLanguage":"sv-SE","@id":"https:\/\/wp.kristdemokraterna.se\/dalarna\/#\/schema\/logo\/image\/","url":"https:\/\/wp.kristdemokraterna.se\/dalarna\/files\/2022\/08\/dalarna-sida-bla-300dpi.png","contentUrl":"https:\/\/wp.kristdemokraterna.se\/dalarna\/files\/2022\/08\/dalarna-sida-bla-300dpi.png","width":1477,"height":681,"caption":"Kristdemokraterna Dalarna"},"image":{"@id":"https:\/\/wp.kristdemokraterna.se\/dalarna\/#\/schema\/logo\/image\/"}}]}},"_links":{"self":[{"href":"https:\/\/wp.kristdemokraterna.se\/dalarna\/wp-json\/wp\/v2\/pages\/697","targetHints":{"allow":["GET"]}}],"collection":[{"href":"https:\/\/wp.kristdemokraterna.se\/dalarna\/wp-json\/wp\/v2\/pages"}],"about":[{"href":"https:\/\/wp.kristdemokraterna.se\/dalarna\/wp-json\/wp\/v2\/types\/page"}],"author":[{"embeddable":true,"href":"https:\/\/wp.kristdemokraterna.se\/dalarna\/wp-json\/wp\/v2\/users\/790"}],"replies":[{"embeddable":true,"href":"https:\/\/wp.kristdemokraterna.se\/dalarna\/wp-json\/wp\/v2\/comments?post=697"}],"version-history":[{"count":6,"href":"https:\/\/wp.kristdemokraterna.se\/dalarna\/wp-json\/wp\/v2\/pages\/697\/revisions"}],"predecessor-version":[{"id":791,"href":"https:\/\/wp.kristdemokraterna.se\/dalarna\/wp-json\/wp\/v2\/pages\/697\/revisions\/791"}],"up":[{"embeddable":true,"href":"https:\/\/wp.kristdemokraterna.se\/dalarna\/wp-json\/wp\/v2\/pages\/61"}],"wp:attachment":[{"href":"https:\/\/wp.kristdemokraterna.se\/dalarna\/wp-json\/wp\/v2\/media?parent=697"}],"curies":[{"name":"wp","href":"https:\/\/api.w.org\/{rel}","templated":true}]}}