{"version":"1.0","provider_name":"Danderyd","provider_url":"https:\/\/wp.kristdemokraterna.se\/danderyd","title":"Styrelse KD Danderyd - Danderyd","type":"rich","width":600,"height":338,"html":"<blockquote class=\"wp-embedded-content\" data-secret=\"gvnimdVJbU\"><a href=\"https:\/\/wp.kristdemokraterna.se\/danderyd\/vara-politiker\/\">Styrelse KD Danderyd<\/a><\/blockquote><iframe sandbox=\"allow-scripts\" security=\"restricted\" src=\"https:\/\/wp.kristdemokraterna.se\/danderyd\/vara-politiker\/embed\/#?secret=gvnimdVJbU\" width=\"600\" height=\"338\" title=\"\u201dStyrelse KD Danderyd\u201d &ndash; Danderyd\" data-secret=\"gvnimdVJbU\" frameborder=\"0\" marginwidth=\"0\" marginheight=\"0\" scrolling=\"no\" class=\"wp-embedded-content\"><\/iframe><script type=\"text\/javascript\">\n\/* <![CDATA[ *\/\n\/*! This file is auto-generated *\/\n!function(d,l){\"use strict\";l.querySelector&&d.addEventListener&&\"undefined\"!=typeof URL&&(d.wp=d.wp||{},d.wp.receiveEmbedMessage||(d.wp.receiveEmbedMessage=function(e){var t=e.data;if((t||t.secret||t.message||t.value)&&!\/[^a-zA-Z0-9]\/.test(t.secret)){for(var s,r,n,a=l.querySelectorAll('iframe[data-secret=\"'+t.secret+'\"]'),o=l.querySelectorAll('blockquote[data-secret=\"'+t.secret+'\"]'),c=new RegExp(\"^https?:$\",\"i\"),i=0;i<o.length;i++)o[i].style.display=\"none\";for(i=0;i<a.length;i++)s=a[i],e.source===s.contentWindow&&(s.removeAttribute(\"style\"),\"height\"===t.message?(1e3<(r=parseInt(t.value,10))?r=1e3:~~r<200&&(r=200),s.height=r):\"link\"===t.message&&(r=new URL(s.getAttribute(\"src\")),n=new URL(t.value),c.test(n.protocol))&&n.host===r.host&&l.activeElement===s&&(d.top.location.href=t.value))}},d.addEventListener(\"message\",d.wp.receiveEmbedMessage,!1),l.addEventListener(\"DOMContentLoaded\",function(){for(var e,t,s=l.querySelectorAll(\"iframe.wp-embedded-content\"),r=0;r<s.length;r++)(t=(e=s[r]).getAttribute(\"data-secret\"))||(t=Math.random().toString(36).substring(2,12),e.src+=\"#?secret=\"+t,e.setAttribute(\"data-secret\",t)),e.contentWindow.postMessage({message:\"ready\",secret:t},\"*\")},!1)))}(window,document);\n\/\/# sourceURL=https:\/\/wp.kristdemokraterna.se\/danderyd\/wp-includes\/js\/wp-embed.min.js\n\/* ]]> *\/\n<\/script>\n","description":"Styrelsen Gunnar Liljegren Ordf\u00f6rande Se aktiva uppdrag Kontakt: Gunnar.Liljegren@danderyd.se Gunilla Bellman Vice ordf\u00f6rande Se aktiva uppdrag Kontakt: Gunilla.Bellman@danderyd.se Sara Degr\u00e9r, l\u00e4s mer GRUPPLEDARE\u00a0 Se aktiva uppdrag Kontakt: Sara.Degrer@danderyd.se H\u00e5kan Johanson Se aktiva uppdrag Kontakt: Hakan.Johansson@danderyd.se Pierre Campenfeldt Se aktiva uppdrag Kontakt: Pierre.Campenfeldt@danderyd.se Erik Baggstr\u00f6m, l\u00e4s mer Se aktiva uppdrag Kontakt: Erik.Baggstrom@danderyd.se Anders Hultgren Se aktiva Read More"}

Styrelsen Gunnar Liljegren Ordförande Se aktiva uppdrag Kontakt: Gunnar.Liljegren@danderyd.se Gunilla Bellman Vice ordförande Se aktiva uppdrag Kontakt: Gunilla.Bellman@danderyd.se Sara Degrér, läs mer GRUPPLEDARE  Se aktiva uppdrag Kontakt: Sara.Degrer@danderyd.se Håkan Johanson Se aktiva uppdrag Kontakt: Hakan.Johansson@danderyd.se Pierre Campenfeldt Se aktiva uppdrag Kontakt: Pierre.Campenfeldt@danderyd.se Erik Baggström, läs mer Se aktiva uppdrag Kontakt: Erik.Baggstrom@danderyd.se Anders Hultgren Se aktiva Read More
