{"id":1192,"date":"2021-03-28T16:26:18","date_gmt":"2021-03-28T14:26:18","guid":{"rendered":"https:\/\/wp.kristdemokraterna.se\/danderyd\/?page_id=1192"},"modified":"2025-09-25T12:36:23","modified_gmt":"2025-09-25T10:36:23","slug":"vara-politiker","status":"publish","type":"page","link":"https:\/\/wp.kristdemokraterna.se\/danderyd\/vara-politiker\/","title":{"rendered":"Styrelse KD Danderyd"},"content":{"rendered":"<p><strong class=\"title\">Styrelsen<\/strong><\/p>\n<div class=\"person-row\">\n<div class=\"person-box\"><img loading=\"lazy\" decoding=\"async\" class=\"aligncenter wp-image-1446 size-medium\" src=\"http:\/\/wp.kristdemokraterna.se\/danderyd\/files\/2022\/08\/gunnar_scaled300.jpg\" alt=\"Gunnar Liljegren\" width=\"300\" height=\"300\" \/><br \/>\n<strong class=\"title\">Gunnar Liljegren<\/strong><br \/>\n<strong>Ordf\u00f6rande<\/strong><br \/>\n<a href=\"https:\/\/danderyd.tromanpublik.se\/viewPerson.jsf?id=fe6b4090-d59c-49d0-9e11-8a8401436ded\">Se aktiva uppdrag<\/a><br \/>\nKontakt: <a href=\"mailto:gunnar.liljegren@danderyd.se\">Gunnar.Liljegren@danderyd.se<\/a><\/div>\n<div class=\"person-box\"><img loading=\"lazy\" decoding=\"async\" class=\"aligncenter size-medium wp-image-740\" src=\"http:\/\/wp.kristdemokraterna.se\/danderyd\/files\/2024\/11\/gunilla-slottet-okt-2024-scaled.jpeg\" alt=\"\" width=\"300\" height=\"300\" \/><br \/>\n<strong class=\"title\">Gunilla Bellman<\/strong><br \/>\n<strong>Vice ordf\u00f6rande<\/strong><br \/>\n<a href=\"https:\/\/danderyd.tromanpublik.se\/person\/7babd49f-3deb-4fb2-9d29-0bf42f0b0a3a\">Se aktiva uppdrag<\/a><br \/>\nKontakt: <a href=\"mailto:gunilla.bellman@danderyd.se\">Gunilla.Bellman@danderyd.se<\/a><\/div>\n<div class=\"person-box\"><img loading=\"lazy\" decoding=\"async\" class=\"aligncenter\" src=\"https:\/\/www.mitti.se\/image-3.70743.34960.20221109183806.613e055251?size=512\" alt=\"Nyheter - Mitt i\" width=\"216\" height=\"324\" \/><br \/>\n<strong class=\"title\">Sara Degr\u00e9r, <a href=\"https:\/\/wp.kristdemokraterna.se\/danderyd\/sara-degrer\/\">l\u00e4s mer<\/a><\/strong><br \/>\n<strong>GRUPPLEDARE\u00a0<\/strong><br \/>\n<a href=\"https:\/\/danderyd.tromanpublik.se\/viewPerson.jsf?id=0c5da0cd-8fde-4b45-9a1a-3f427577b9f5\">Se aktiva uppdrag<\/a><br \/>\nKontakt: <a href=\"mailto:sara.degrer@danderyd.se\">Sara.Degrer@danderyd.se<\/a><\/div>\n<div class=\"person-box\"><img loading=\"lazy\" decoding=\"async\" class=\"aligncenter size-medium wp-image-677\" src=\"https:\/\/wp.kristdemokraterna.se\/danderyd\/files\/2018\/07\/hakan-johanson-mindre-300x300.jpg\" alt=\"H\u00e5kan Johanson\" width=\"300\" height=\"300\" srcset=\"https:\/\/wp.kristdemokraterna.se\/danderyd\/files\/2018\/07\/hakan-johanson-mindre-300x300.jpg 300w, https:\/\/wp.kristdemokraterna.se\/danderyd\/files\/2018\/07\/hakan-johanson-mindre-540x540.jpg 540w, https:\/\/wp.kristdemokraterna.se\/danderyd\/files\/2018\/07\/hakan-johanson-mindre-150x150.jpg 150w, https:\/\/wp.kristdemokraterna.se\/danderyd\/files\/2018\/07\/hakan-johanson-mindre-768x768.jpg 768w, https:\/\/wp.kristdemokraterna.se\/danderyd\/files\/2018\/07\/hakan-johanson-mindre-200x200.jpg 200w, https:\/\/wp.kristdemokraterna.se\/danderyd\/files\/2018\/07\/hakan-johanson-mindre-370x370.jpg 370w, https:\/\/wp.kristdemokraterna.se\/danderyd\/files\/2018\/07\/hakan-johanson-mindre-90x90.jpg 90w, https:\/\/wp.kristdemokraterna.se\/danderyd\/files\/2018\/07\/hakan-johanson-mindre-770x770.jpg 770w, https:\/\/wp.kristdemokraterna.se\/danderyd\/files\/2018\/07\/hakan-johanson-mindre-450x450.jpg 450w, https:\/\/wp.kristdemokraterna.se\/danderyd\/files\/2018\/07\/hakan-johanson-mindre-280x280.jpg 280w, https:\/\/wp.kristdemokraterna.se\/danderyd\/files\/2018\/07\/hakan-johanson-mindre-340x340.jpg 340w, https:\/\/wp.kristdemokraterna.se\/danderyd\/files\/2018\/07\/hakan-johanson-mindre-56x56.jpg 56w, https:\/\/wp.kristdemokraterna.se\/danderyd\/files\/2018\/07\/hakan-johanson-mindre.jpg 1000w\" sizes=\"auto, (max-width: 300px) 100vw, 300px\" \/><br \/>\n<strong class=\"title\">H\u00e5kan Johanson<\/strong><br \/>\n<a href=\"https:\/\/danderyd.tromanpublik.se\/viewPerson.jsf?id=c70eb306-05ab-4aac-801f-7d877bee7eec\">Se aktiva uppdrag<\/a><br \/>\nKontakt: <a href=\"mailto:hakan.johansson@danderyd.se\">Hakan.Johansson@danderyd.se<\/a><\/div>\n<div class=\"person-box\"><img loading=\"lazy\" decoding=\"async\" class=\"aligncenter size-medium wp-image-740\" src=\"https:\/\/wp.kristdemokraterna.se\/danderyd\/files\/2022\/04\/pierre-scaled.jpg\" alt=\"Pierre Campenfeldt\" width=\"300\" height=\"300\" \/><br \/>\n<strong class=\"title\">Pierre Campenfeldt<\/strong><br \/>\n<a href=\"https:\/\/danderyd.tromanpublik.se\/person\/4ae20dc0-8c13-451d-ad03-f81607e1ebdf\">Se aktiva uppdrag<\/a><br \/>\nKontakt: <a href=\"mailto:pierre.campenfeldt@danderyd.se\">Pierre.Campenfeldt@danderyd.se<\/a><\/div>\n<div class=\"person-box\"><img loading=\"lazy\" decoding=\"async\" class=\"aligncenter size-medium wp-image-1137\" src=\"https:\/\/wp.kristdemokraterna.se\/danderyd\/files\/2020\/11\/image1-300x300.jpeg\" alt=\"Erik Baggstr\u00f6m\" width=\"300\" height=\"300\" \/><br \/>\n<strong class=\"title\">Erik Baggstr\u00f6m, <a href=\"https:\/\/wp.kristdemokraterna.se\/danderyd\/erik-baggstrom\/\">l\u00e4s mer<\/a><\/strong><br \/>\n<a href=\"https:\/\/danderyd.tromanpublik.se\/viewPerson.jsf?id=62113b22-311c-4d75-853d-968f64eac31c\">Se aktiva uppdrag<\/a><br \/>\nKontakt: <a href=\"mailto:erik.baggstrom@danderyd.se\">Erik.Baggstrom@danderyd.se<\/a><\/div>\n<div class=\"person-box\"><img loading=\"lazy\" decoding=\"async\" class=\"aligncenter size-medium wp-image-1400\" src=\"http:\/\/wp.kristdemokraterna.se\/danderyd\/files\/2022\/04\/anders-scaled-200x300.jpg\" alt=\"\" width=\"200\" height=\"300\" srcset=\"https:\/\/wp.kristdemokraterna.se\/danderyd\/files\/2022\/04\/anders-scaled-200x300.jpg 200w, https:\/\/wp.kristdemokraterna.se\/danderyd\/files\/2022\/04\/anders-scaled-360x540.jpg 360w, https:\/\/wp.kristdemokraterna.se\/danderyd\/files\/2022\/04\/anders-scaled-768x1152.jpg 768w, https:\/\/wp.kristdemokraterna.se\/danderyd\/files\/2022\/04\/anders-scaled-1024x1536.jpg 1024w, https:\/\/wp.kristdemokraterna.se\/danderyd\/files\/2022\/04\/anders-scaled-1366x2048.jpg 1366w, https:\/\/wp.kristdemokraterna.se\/danderyd\/files\/2022\/04\/anders-scaled-133x200.jpg 133w, https:\/\/wp.kristdemokraterna.se\/danderyd\/files\/2022\/04\/anders-scaled-370x555.jpg 370w, https:\/\/wp.kristdemokraterna.se\/danderyd\/files\/2022\/04\/anders-scaled-770x1155.jpg 770w, https:\/\/wp.kristdemokraterna.se\/danderyd\/files\/2022\/04\/anders-scaled-450x675.jpg 450w, https:\/\/wp.kristdemokraterna.se\/danderyd\/files\/2022\/04\/anders-scaled-268x402.jpg 268w, https:\/\/wp.kristdemokraterna.se\/danderyd\/files\/2022\/04\/anders-scaled-340x510.jpg 340w, https:\/\/wp.kristdemokraterna.se\/danderyd\/files\/2022\/04\/anders-scaled-37x56.jpg 37w, https:\/\/wp.kristdemokraterna.se\/danderyd\/files\/2022\/04\/anders-scaled.jpg 1707w\" sizes=\"auto, (max-width: 200px) 100vw, 200px\" \/><br \/>\n<strong class=\"title\">Anders Hultgren<\/strong><br \/>\n<a href=\"https:\/\/danderyd.tromanpublik.se\/viewPerson.jsf?id=91107b59-ee5b-44fe-a1ed-b4fc804dac79\">Se aktiva uppdrag<\/a><br \/>\nKontakt: <a href=\"mailto:anders.hultgren@danderyd.se\">Anders.Hultgren@danderyd.se<\/a><\/div>\n<div class=\"person-box\"><img loading=\"lazy\" decoding=\"async\" class=\"aligncenter size-medium wp-image-1400\" src=\"http:\/\/wp.kristdemokraterna.se\/danderyd\/files\/2021\/11\/owe-s-foto-2021.jpg\" alt=\"\" width=\"200\" height=\"300\" \/><br \/>\n<strong class=\"title\">Owe Svanteg\u00e5rd<\/strong><br \/>\n<a href=\"https:\/\/danderyd.tromanpublik.se\/person\/c81f0e8a-378b-4732-ac17-f81a3b4c14aa\">Se aktiva uppdrag<\/a><br \/>\nKontakt: <a href=\"mailto:owe.svantegard@danderyd.se\">Owe.Svantegard@danderyd.se<\/a><\/div>\n<\/div>\n<div class=\"person-box\"><img loading=\"lazy\" decoding=\"async\" class=\"aligncenter size-medium wp-image-1400\" src=\"http:\/\/wp.kristdemokraterna.se\/danderyd\/files\/2025\/05\/matildaanttonen.jpeg\" alt=\"\" width=\"200\" height=\"300\" \/><br \/>\n<strong class=\"title\">Matilda Anttonen<\/strong><br \/>\n<strong>Ers\u00e4ttare<\/strong><br \/>\nKontakt: <a href=\"mailto:matildaanttonen@gmail.com\">matildaanttonen@gmail.com<\/a><\/div>\n<div class=\"person-box\"><img loading=\"lazy\" decoding=\"async\" class=\"aligncenter size-medium wp-image-1400\" src=\"http:\/\/wp.kristdemokraterna.se\/danderyd\/files\/2025\/05\/viktor-scaled.jpeg\" alt=\"\" width=\"200\" height=\"300\" \/><br \/>\n<strong class=\"title\">Viktor Lindh\u00e9 von Ehren<\/strong><br \/>\n<strong>Ers\u00e4ttare<\/strong><br \/>\nKontakt: <a href=\"mailto:viktor.lvehren@gmail.com\">viktor.lvehren@gmail.com<\/a><\/div>\n","protected":false},"excerpt":{"rendered":"<p>Styrelsen Gunnar Liljegren Ordf\u00f6rande Se aktiva uppdrag Kontakt: Gunnar.Liljegren@danderyd.se Gunilla Bellman Vice ordf\u00f6rande Se aktiva uppdrag Kontakt: Gunilla.Bellman@danderyd.se Sara Degr\u00e9r, l\u00e4s mer GRUPPLEDARE\u00a0 Se aktiva uppdrag Kontakt: Sara.Degrer@danderyd.se H\u00e5kan Johanson Se aktiva uppdrag Kontakt: Hakan.Johansson@danderyd.se Pierre Campenfeldt Se aktiva uppdrag Kontakt: Pierre.Campenfeldt@danderyd.se Erik Baggstr\u00f6m, l\u00e4s mer Se aktiva uppdrag Kontakt: Erik.Baggstrom@danderyd.se Anders Hultgren Se aktiva <a class=\"read-more-link\" href=\"https:\/\/wp.kristdemokraterna.se\/danderyd\/vara-politiker\/\">Read More<\/a><\/p>\n","protected":false},"author":549,"featured_media":0,"parent":0,"menu_order":0,"comment_status":"closed","ping_status":"closed","template":"","meta":{"_acf_changed":false,"footnotes":""},"class_list":["post-1192","page","type-page","status-publish","hentry"],"acf":[],"yoast_head":"<!-- This site is optimized with the Yoast SEO plugin v27.3 - https:\/\/yoast.com\/product\/yoast-seo-wordpress\/ -->\n<title>Styrelse KD Danderyd - Danderyd<\/title>\n<meta name=\"robots\" content=\"index, follow, max-snippet:-1, max-image-preview:large, max-video-preview:-1\" \/>\n<link rel=\"canonical\" href=\"https:\/\/wp.kristdemokraterna.se\/danderyd\/vara-politiker\/\" \/>\n<meta property=\"og:locale\" content=\"sv_SE\" \/>\n<meta property=\"og:type\" content=\"article\" \/>\n<meta property=\"og:title\" content=\"Styrelse KD Danderyd - Danderyd\" \/>\n<meta property=\"og:description\" content=\"Styrelsen Gunnar Liljegren Ordf\u00f6rande Se aktiva uppdrag Kontakt: Gunnar.Liljegren@danderyd.se Gunilla Bellman Vice ordf\u00f6rande Se aktiva uppdrag Kontakt: Gunilla.Bellman@danderyd.se Sara Degr\u00e9r, l\u00e4s mer GRUPPLEDARE\u00a0 Se aktiva uppdrag Kontakt: Sara.Degrer@danderyd.se H\u00e5kan Johanson Se aktiva uppdrag Kontakt: Hakan.Johansson@danderyd.se Pierre Campenfeldt Se aktiva uppdrag Kontakt: Pierre.Campenfeldt@danderyd.se Erik Baggstr\u00f6m, l\u00e4s mer Se aktiva uppdrag Kontakt: Erik.Baggstrom@danderyd.se Anders Hultgren Se aktiva Read More\" \/>\n<meta property=\"og:url\" content=\"https:\/\/wp.kristdemokraterna.se\/danderyd\/vara-politiker\/\" \/>\n<meta property=\"og:site_name\" content=\"Danderyd\" \/>\n<meta property=\"article:modified_time\" content=\"2025-09-25T10:36:23+00:00\" \/>\n<meta name=\"twitter:card\" content=\"summary_large_image\" \/>\n<meta name=\"twitter:label1\" content=\"Ber\u00e4knad l\u00e4stid\" \/>\n\t<meta name=\"twitter:data1\" content=\"3 minuter\" \/>\n<script type=\"application\/ld+json\" class=\"yoast-schema-graph\">{\"@context\":\"https:\\\/\\\/schema.org\",\"@graph\":[{\"@type\":\"WebPage\",\"@id\":\"https:\\\/\\\/wp.kristdemokraterna.se\\\/danderyd\\\/vara-politiker\\\/\",\"url\":\"https:\\\/\\\/wp.kristdemokraterna.se\\\/danderyd\\\/vara-politiker\\\/\",\"name\":\"Styrelse KD Danderyd - Danderyd\",\"isPartOf\":{\"@id\":\"https:\\\/\\\/wp.kristdemokraterna.se\\\/danderyd\\\/#website\"},\"primaryImageOfPage\":{\"@id\":\"https:\\\/\\\/wp.kristdemokraterna.se\\\/danderyd\\\/vara-politiker\\\/#primaryimage\"},\"image\":{\"@id\":\"https:\\\/\\\/wp.kristdemokraterna.se\\\/danderyd\\\/vara-politiker\\\/#primaryimage\"},\"thumbnailUrl\":\"http:\\\/\\\/wp.kristdemokraterna.se\\\/danderyd\\\/files\\\/2022\\\/08\\\/gunnar_scaled300.jpg\",\"datePublished\":\"2021-03-28T14:26:18+00:00\",\"dateModified\":\"2025-09-25T10:36:23+00:00\",\"breadcrumb\":{\"@id\":\"https:\\\/\\\/wp.kristdemokraterna.se\\\/danderyd\\\/vara-politiker\\\/#breadcrumb\"},\"inLanguage\":\"sv-SE\",\"potentialAction\":[{\"@type\":\"ReadAction\",\"target\":[\"https:\\\/\\\/wp.kristdemokraterna.se\\\/danderyd\\\/vara-politiker\\\/\"]}]},{\"@type\":\"ImageObject\",\"inLanguage\":\"sv-SE\",\"@id\":\"https:\\\/\\\/wp.kristdemokraterna.se\\\/danderyd\\\/vara-politiker\\\/#primaryimage\",\"url\":\"\",\"contentUrl\":\"\"},{\"@type\":\"BreadcrumbList\",\"@id\":\"https:\\\/\\\/wp.kristdemokraterna.se\\\/danderyd\\\/vara-politiker\\\/#breadcrumb\",\"itemListElement\":[{\"@type\":\"ListItem\",\"position\":1,\"name\":\"Hem\",\"item\":\"https:\\\/\\\/wp.kristdemokraterna.se\\\/danderyd\\\/\"},{\"@type\":\"ListItem\",\"position\":2,\"name\":\"Styrelse KD Danderyd\"}]},{\"@type\":\"WebSite\",\"@id\":\"https:\\\/\\\/wp.kristdemokraterna.se\\\/danderyd\\\/#website\",\"url\":\"https:\\\/\\\/wp.kristdemokraterna.se\\\/danderyd\\\/\",\"name\":\"Danderyd\",\"description\":\"&quot;Frihet, ansvar och gemenskap&quot;\",\"inLanguage\":\"sv-SE\"}]}<\/script>\n<!-- \/ Yoast SEO plugin. -->","yoast_head_json":{"title":"Styrelse KD Danderyd - Danderyd","robots":{"index":"index","follow":"follow","max-snippet":"max-snippet:-1","max-image-preview":"max-image-preview:large","max-video-preview":"max-video-preview:-1"},"canonical":"https:\/\/wp.kristdemokraterna.se\/danderyd\/vara-politiker\/","og_locale":"sv_SE","og_type":"article","og_title":"Styrelse KD Danderyd - Danderyd","og_description":"Styrelsen Gunnar Liljegren Ordf\u00f6rande Se aktiva uppdrag Kontakt: Gunnar.Liljegren@danderyd.se Gunilla Bellman Vice ordf\u00f6rande Se aktiva uppdrag Kontakt: Gunilla.Bellman@danderyd.se Sara Degr\u00e9r, l\u00e4s mer GRUPPLEDARE\u00a0 Se aktiva uppdrag Kontakt: Sara.Degrer@danderyd.se H\u00e5kan Johanson Se aktiva uppdrag Kontakt: Hakan.Johansson@danderyd.se Pierre Campenfeldt Se aktiva uppdrag Kontakt: Pierre.Campenfeldt@danderyd.se Erik Baggstr\u00f6m, l\u00e4s mer Se aktiva uppdrag Kontakt: Erik.Baggstrom@danderyd.se Anders Hultgren Se aktiva Read More","og_url":"https:\/\/wp.kristdemokraterna.se\/danderyd\/vara-politiker\/","og_site_name":"Danderyd","article_modified_time":"2025-09-25T10:36:23+00:00","twitter_card":"summary_large_image","twitter_misc":{"Ber\u00e4knad l\u00e4stid":"3 minuter"},"schema":{"@context":"https:\/\/schema.org","@graph":[{"@type":"WebPage","@id":"https:\/\/wp.kristdemokraterna.se\/danderyd\/vara-politiker\/","url":"https:\/\/wp.kristdemokraterna.se\/danderyd\/vara-politiker\/","name":"Styrelse KD Danderyd - Danderyd","isPartOf":{"@id":"https:\/\/wp.kristdemokraterna.se\/danderyd\/#website"},"primaryImageOfPage":{"@id":"https:\/\/wp.kristdemokraterna.se\/danderyd\/vara-politiker\/#primaryimage"},"image":{"@id":"https:\/\/wp.kristdemokraterna.se\/danderyd\/vara-politiker\/#primaryimage"},"thumbnailUrl":"http:\/\/wp.kristdemokraterna.se\/danderyd\/files\/2022\/08\/gunnar_scaled300.jpg","datePublished":"2021-03-28T14:26:18+00:00","dateModified":"2025-09-25T10:36:23+00:00","breadcrumb":{"@id":"https:\/\/wp.kristdemokraterna.se\/danderyd\/vara-politiker\/#breadcrumb"},"inLanguage":"sv-SE","potentialAction":[{"@type":"ReadAction","target":["https:\/\/wp.kristdemokraterna.se\/danderyd\/vara-politiker\/"]}]},{"@type":"ImageObject","inLanguage":"sv-SE","@id":"https:\/\/wp.kristdemokraterna.se\/danderyd\/vara-politiker\/#primaryimage","url":"","contentUrl":""},{"@type":"BreadcrumbList","@id":"https:\/\/wp.kristdemokraterna.se\/danderyd\/vara-politiker\/#breadcrumb","itemListElement":[{"@type":"ListItem","position":1,"name":"Hem","item":"https:\/\/wp.kristdemokraterna.se\/danderyd\/"},{"@type":"ListItem","position":2,"name":"Styrelse KD Danderyd"}]},{"@type":"WebSite","@id":"https:\/\/wp.kristdemokraterna.se\/danderyd\/#website","url":"https:\/\/wp.kristdemokraterna.se\/danderyd\/","name":"Danderyd","description":"&quot;Frihet, ansvar och gemenskap&quot;","inLanguage":"sv-SE"}]}},"_links":{"self":[{"href":"https:\/\/wp.kristdemokraterna.se\/danderyd\/wp-json\/wp\/v2\/pages\/1192","targetHints":{"allow":["GET"]}}],"collection":[{"href":"https:\/\/wp.kristdemokraterna.se\/danderyd\/wp-json\/wp\/v2\/pages"}],"about":[{"href":"https:\/\/wp.kristdemokraterna.se\/danderyd\/wp-json\/wp\/v2\/types\/page"}],"author":[{"embeddable":true,"href":"https:\/\/wp.kristdemokraterna.se\/danderyd\/wp-json\/wp\/v2\/users\/549"}],"replies":[{"embeddable":true,"href":"https:\/\/wp.kristdemokraterna.se\/danderyd\/wp-json\/wp\/v2\/comments?post=1192"}],"version-history":[{"count":99,"href":"https:\/\/wp.kristdemokraterna.se\/danderyd\/wp-json\/wp\/v2\/pages\/1192\/revisions"}],"predecessor-version":[{"id":1552,"href":"https:\/\/wp.kristdemokraterna.se\/danderyd\/wp-json\/wp\/v2\/pages\/1192\/revisions\/1552"}],"wp:attachment":[{"href":"https:\/\/wp.kristdemokraterna.se\/danderyd\/wp-json\/wp\/v2\/media?parent=1192"}],"curies":[{"name":"wp","href":"https:\/\/api.w.org\/{rel}","templated":true}]}}