{"id":49,"date":"2014-06-03T19:42:17","date_gmt":"2014-06-03T17:42:17","guid":{"rendered":"http:\/\/wp.kristdemokraterna.se\/danderyd\/?page_id=49"},"modified":"2020-11-18T10:26:47","modified_gmt":"2020-11-18T09:26:47","slug":"vara-politiker-old","status":"publish","type":"page","link":"https:\/\/wp.kristdemokraterna.se\/danderyd\/vara-politiker-old\/","title":{"rendered":"V\u00e5ra politiker-OLD"},"content":{"rendered":"<p><strong>Partiavdelningsstyrelsen:<\/strong><\/p>\n<div style=\"overflow: hidden\">\n<div style=\"float: left;width: 20%;min-width: 237px;margin: 10px;min-height: 363px\">\n<p><img loading=\"lazy\" decoding=\"async\" class=\"alignnone size-full wp-image-677\" src=\"http:\/\/wp.kristdemokraterna.se\/danderyd\/files\/2018\/07\/hakan-johanson-mindre.jpg\" alt=\"\" width=\"1000\" height=\"1000\" srcset=\"https:\/\/wp.kristdemokraterna.se\/danderyd\/files\/2018\/07\/hakan-johanson-mindre.jpg 1000w, https:\/\/wp.kristdemokraterna.se\/danderyd\/files\/2018\/07\/hakan-johanson-mindre-300x300.jpg 300w, https:\/\/wp.kristdemokraterna.se\/danderyd\/files\/2018\/07\/hakan-johanson-mindre-540x540.jpg 540w, https:\/\/wp.kristdemokraterna.se\/danderyd\/files\/2018\/07\/hakan-johanson-mindre-150x150.jpg 150w, https:\/\/wp.kristdemokraterna.se\/danderyd\/files\/2018\/07\/hakan-johanson-mindre-768x768.jpg 768w, https:\/\/wp.kristdemokraterna.se\/danderyd\/files\/2018\/07\/hakan-johanson-mindre-200x200.jpg 200w, https:\/\/wp.kristdemokraterna.se\/danderyd\/files\/2018\/07\/hakan-johanson-mindre-370x370.jpg 370w, https:\/\/wp.kristdemokraterna.se\/danderyd\/files\/2018\/07\/hakan-johanson-mindre-90x90.jpg 90w, https:\/\/wp.kristdemokraterna.se\/danderyd\/files\/2018\/07\/hakan-johanson-mindre-770x770.jpg 770w, https:\/\/wp.kristdemokraterna.se\/danderyd\/files\/2018\/07\/hakan-johanson-mindre-450x450.jpg 450w, https:\/\/wp.kristdemokraterna.se\/danderyd\/files\/2018\/07\/hakan-johanson-mindre-280x280.jpg 280w, https:\/\/wp.kristdemokraterna.se\/danderyd\/files\/2018\/07\/hakan-johanson-mindre-340x340.jpg 340w, https:\/\/wp.kristdemokraterna.se\/danderyd\/files\/2018\/07\/hakan-johanson-mindre-56x56.jpg 56w\" sizes=\"auto, (max-width: 1000px) 100vw, 1000px\" \/><\/p>\n<p><strong>H\u00e5kan Johanson<\/strong><br \/>\nOrdf\u00f6rande<br \/>\nhakan.johanson@telia.com<br \/>\n<a href=\"\/danderyd\/hakan-johanson\">L\u00e4s mer<\/a><\/p>\n<\/div>\n<div style=\"float: left;width: 20%;min-width: 237px;margin: 10px;min-height: 363px\">\n<div style=\"text-align: center\"><img loading=\"lazy\" decoding=\"async\" class=\"alignnone size-medium wp-image-676\" src=\"http:\/\/wp.kristdemokraterna.se\/danderyd\/files\/2018\/07\/anders-hultgren-mindre-300x300.jpg\" alt=\"\" width=\"300\" height=\"300\" srcset=\"https:\/\/wp.kristdemokraterna.se\/danderyd\/files\/2018\/07\/anders-hultgren-mindre-300x300.jpg 300w, https:\/\/wp.kristdemokraterna.se\/danderyd\/files\/2018\/07\/anders-hultgren-mindre-540x540.jpg 540w, https:\/\/wp.kristdemokraterna.se\/danderyd\/files\/2018\/07\/anders-hultgren-mindre-150x150.jpg 150w, https:\/\/wp.kristdemokraterna.se\/danderyd\/files\/2018\/07\/anders-hultgren-mindre-768x768.jpg 768w, https:\/\/wp.kristdemokraterna.se\/danderyd\/files\/2018\/07\/anders-hultgren-mindre-200x200.jpg 200w, https:\/\/wp.kristdemokraterna.se\/danderyd\/files\/2018\/07\/anders-hultgren-mindre-370x370.jpg 370w, https:\/\/wp.kristdemokraterna.se\/danderyd\/files\/2018\/07\/anders-hultgren-mindre-90x90.jpg 90w, https:\/\/wp.kristdemokraterna.se\/danderyd\/files\/2018\/07\/anders-hultgren-mindre-770x770.jpg 770w, https:\/\/wp.kristdemokraterna.se\/danderyd\/files\/2018\/07\/anders-hultgren-mindre-450x450.jpg 450w, https:\/\/wp.kristdemokraterna.se\/danderyd\/files\/2018\/07\/anders-hultgren-mindre-280x280.jpg 280w, https:\/\/wp.kristdemokraterna.se\/danderyd\/files\/2018\/07\/anders-hultgren-mindre-340x340.jpg 340w, https:\/\/wp.kristdemokraterna.se\/danderyd\/files\/2018\/07\/anders-hultgren-mindre-56x56.jpg 56w, https:\/\/wp.kristdemokraterna.se\/danderyd\/files\/2018\/07\/anders-hultgren-mindre.jpg 1000w\" sizes=\"auto, (max-width: 300px) 100vw, 300px\" \/><\/div>\n<p><strong>Anders Hultgren<\/strong><br \/>\nLedamot<br \/>\nanders.hultgren@allocation.se<br \/>\n<a href=\"\/danderyd\/anders-hultgren\">L\u00e4s mer<\/a><\/p>\n<\/div>\n<div style=\"float: left;width: 20%;min-width: 237px;margin: 10px;min-height: 363px\">\n<div style=\"text-align: center\"><img loading=\"lazy\" decoding=\"async\" class=\"alignnone size-medium wp-image-739\" src=\"http:\/\/wp.kristdemokraterna.se\/danderyd\/files\/2018\/08\/gunnar-liljegren-300x300.jpg\" alt=\"\" width=\"300\" height=\"300\" srcset=\"https:\/\/wp.kristdemokraterna.se\/danderyd\/files\/2018\/08\/gunnar-liljegren-300x300.jpg 300w, https:\/\/wp.kristdemokraterna.se\/danderyd\/files\/2018\/08\/gunnar-liljegren-540x540.jpg 540w, https:\/\/wp.kristdemokraterna.se\/danderyd\/files\/2018\/08\/gunnar-liljegren-150x150.jpg 150w, https:\/\/wp.kristdemokraterna.se\/danderyd\/files\/2018\/08\/gunnar-liljegren-768x768.jpg 768w, https:\/\/wp.kristdemokraterna.se\/danderyd\/files\/2018\/08\/gunnar-liljegren-1536x1536.jpg 1536w, https:\/\/wp.kristdemokraterna.se\/danderyd\/files\/2018\/08\/gunnar-liljegren-2048x2048.jpg 2048w, https:\/\/wp.kristdemokraterna.se\/danderyd\/files\/2018\/08\/gunnar-liljegren-200x200.jpg 200w, https:\/\/wp.kristdemokraterna.se\/danderyd\/files\/2018\/08\/gunnar-liljegren-370x370.jpg 370w, https:\/\/wp.kristdemokraterna.se\/danderyd\/files\/2018\/08\/gunnar-liljegren-90x90.jpg 90w, https:\/\/wp.kristdemokraterna.se\/danderyd\/files\/2018\/08\/gunnar-liljegren-770x770.jpg 770w, https:\/\/wp.kristdemokraterna.se\/danderyd\/files\/2018\/08\/gunnar-liljegren-450x450.jpg 450w, https:\/\/wp.kristdemokraterna.se\/danderyd\/files\/2018\/08\/gunnar-liljegren-280x280.jpg 280w, https:\/\/wp.kristdemokraterna.se\/danderyd\/files\/2018\/08\/gunnar-liljegren-340x340.jpg 340w, https:\/\/wp.kristdemokraterna.se\/danderyd\/files\/2018\/08\/gunnar-liljegren-56x56.jpg 56w\" sizes=\"auto, (max-width: 300px) 100vw, 300px\" \/><\/div>\n<p><strong>Gunnar Liljegren<\/strong><br \/>\nLedamot<br \/>\ngunnar.liljegren@netsales.se<\/p>\n<\/div>\n<div style=\"float: left;width: 20%;min-width: 237px;margin: 10px;min-height: 363px\">\n<div style=\"text-align: center\"><img loading=\"lazy\" decoding=\"async\" class=\"alignnone size-medium wp-image-679\" src=\"http:\/\/wp.kristdemokraterna.se\/danderyd\/files\/2018\/07\/milles-lindgren-mindre-300x300.jpg\" alt=\"\" width=\"300\" height=\"300\" srcset=\"https:\/\/wp.kristdemokraterna.se\/danderyd\/files\/2018\/07\/milles-lindgren-mindre-300x300.jpg 300w, https:\/\/wp.kristdemokraterna.se\/danderyd\/files\/2018\/07\/milles-lindgren-mindre-540x540.jpg 540w, https:\/\/wp.kristdemokraterna.se\/danderyd\/files\/2018\/07\/milles-lindgren-mindre-150x150.jpg 150w, https:\/\/wp.kristdemokraterna.se\/danderyd\/files\/2018\/07\/milles-lindgren-mindre-768x768.jpg 768w, https:\/\/wp.kristdemokraterna.se\/danderyd\/files\/2018\/07\/milles-lindgren-mindre-1536x1536.jpg 1536w, https:\/\/wp.kristdemokraterna.se\/danderyd\/files\/2018\/07\/milles-lindgren-mindre-2048x2048.jpg 2048w, https:\/\/wp.kristdemokraterna.se\/danderyd\/files\/2018\/07\/milles-lindgren-mindre-200x200.jpg 200w, https:\/\/wp.kristdemokraterna.se\/danderyd\/files\/2018\/07\/milles-lindgren-mindre-370x370.jpg 370w, https:\/\/wp.kristdemokraterna.se\/danderyd\/files\/2018\/07\/milles-lindgren-mindre-90x90.jpg 90w, https:\/\/wp.kristdemokraterna.se\/danderyd\/files\/2018\/07\/milles-lindgren-mindre-770x770.jpg 770w, https:\/\/wp.kristdemokraterna.se\/danderyd\/files\/2018\/07\/milles-lindgren-mindre-450x450.jpg 450w, https:\/\/wp.kristdemokraterna.se\/danderyd\/files\/2018\/07\/milles-lindgren-mindre-280x280.jpg 280w, https:\/\/wp.kristdemokraterna.se\/danderyd\/files\/2018\/07\/milles-lindgren-mindre-340x340.jpg 340w, https:\/\/wp.kristdemokraterna.se\/danderyd\/files\/2018\/07\/milles-lindgren-mindre-56x56.jpg 56w\" sizes=\"auto, (max-width: 300px) 100vw, 300px\" \/><\/div>\n<p><strong>Milles Lindgren<\/strong><br \/>\nLedamot<br \/>\nmilles.lindgren@gmail.com<br \/>\n<a href=\"\/danderyd\/milles-lindgren\">L\u00e4s mer<\/a><\/p>\n<\/div>\n<div style=\"float: left;width: 20%;min-width: 237px;margin: 10px;min-height: 363px\">\n<div style=\"text-align: center\"><img loading=\"lazy\" decoding=\"async\" class=\"alignnone size-medium wp-image-733\" src=\"http:\/\/wp.kristdemokraterna.se\/danderyd\/files\/2018\/08\/eva-borelius-zatterstrom-300x300.jpg\" alt=\"\" width=\"300\" height=\"300\" srcset=\"https:\/\/wp.kristdemokraterna.se\/danderyd\/files\/2018\/08\/eva-borelius-zatterstrom-300x300.jpg 300w, https:\/\/wp.kristdemokraterna.se\/danderyd\/files\/2018\/08\/eva-borelius-zatterstrom-540x540.jpg 540w, https:\/\/wp.kristdemokraterna.se\/danderyd\/files\/2018\/08\/eva-borelius-zatterstrom-150x150.jpg 150w, https:\/\/wp.kristdemokraterna.se\/danderyd\/files\/2018\/08\/eva-borelius-zatterstrom-768x768.jpg 768w, https:\/\/wp.kristdemokraterna.se\/danderyd\/files\/2018\/08\/eva-borelius-zatterstrom-1536x1536.jpg 1536w, https:\/\/wp.kristdemokraterna.se\/danderyd\/files\/2018\/08\/eva-borelius-zatterstrom-2048x2048.jpg 2048w, https:\/\/wp.kristdemokraterna.se\/danderyd\/files\/2018\/08\/eva-borelius-zatterstrom-200x200.jpg 200w, https:\/\/wp.kristdemokraterna.se\/danderyd\/files\/2018\/08\/eva-borelius-zatterstrom-370x370.jpg 370w, https:\/\/wp.kristdemokraterna.se\/danderyd\/files\/2018\/08\/eva-borelius-zatterstrom-90x90.jpg 90w, https:\/\/wp.kristdemokraterna.se\/danderyd\/files\/2018\/08\/eva-borelius-zatterstrom-770x770.jpg 770w, https:\/\/wp.kristdemokraterna.se\/danderyd\/files\/2018\/08\/eva-borelius-zatterstrom-450x450.jpg 450w, https:\/\/wp.kristdemokraterna.se\/danderyd\/files\/2018\/08\/eva-borelius-zatterstrom-280x280.jpg 280w, https:\/\/wp.kristdemokraterna.se\/danderyd\/files\/2018\/08\/eva-borelius-zatterstrom-340x340.jpg 340w, https:\/\/wp.kristdemokraterna.se\/danderyd\/files\/2018\/08\/eva-borelius-zatterstrom-56x56.jpg 56w\" sizes=\"auto, (max-width: 300px) 100vw, 300px\" \/><\/div>\n<p><strong>Eva Borelius Z\u00e4tterstr\u00f6m<\/strong><br \/>\nLedamot<br \/>\nevabzatterstrom@gmail.com<\/p>\n<p><a href=\"\/danderyd\/eva-borelius-zatterstrom\">L\u00e4s mer<\/a><\/p>\n<\/div>\n<div style=\"float: left;width: 20%;min-width: 237px;margin: 10px;min-height: 363px\">\n<p><strong>Erik Baggstr\u00f6m<\/strong><br \/>\nLedamot<br \/>\nbaggstrom@telia.com<\/p>\n<p><strong>Kjetil Anthonisen<\/strong><br \/>\nLedamot<br \/>\nkjetil.anthonisen@danderyd.se<\/p>\n<p><strong>Sara Degr\u00e9r<\/strong><br \/>\nLedamot<br \/>\nsara.degrer@danderyd.se<\/p>\n<p>&nbsp;<\/p>\n<p>&nbsp;<\/p>\n<\/div>\n<div style=\"float: left;width: 20%;min-width: 237px;margin: 10px;min-height: 363px\">\n<p>&nbsp;<\/p>\n<p>&nbsp;<\/p>\n<p>&nbsp;<\/p>\n<p>&nbsp;<\/p>\n<p>&nbsp;<\/p>\n<p>&nbsp;<\/p>\n<p>&nbsp;<\/p>\n<p>&nbsp;<\/p>\n<p>&nbsp;<\/p>\n<p>&nbsp;<\/p>\n<p>&nbsp;<\/p>\n<p>&nbsp;<\/p>\n<\/div>\n<div style=\"float: left;width: 20%;min-width: 237px;margin: 10px;min-height: 363px\">\n<p>&nbsp;<\/p>\n<p>&nbsp;<\/p>\n<p>&nbsp;<\/p>\n<p>&nbsp;<\/p>\n<p>&nbsp;<\/p>\n<p>&nbsp;<\/p>\n<\/div>\n<div style=\"float: left;width: 20%;min-width: 237px;margin: 10px;min-height: 363px\">\n<div style=\"text-align: center\"><\/div>\n<p>&nbsp;<\/p>\n<\/div>\n<\/div>\n<p><strong>Fastighetsn\u00e4mnden:<\/strong><br \/>\nH\u00e5kan Johanson, ordf\u00f6rande<\/p>\n<p><strong>Kommunstyrelsens produktionsutskott:<\/strong><br \/>\nH\u00e5kan Johanson, ledamot<\/p>\n<p><strong>Kultur- och fritidsn\u00e4mnden:<\/strong><br \/>\nMilles Lindgren, ordinarie ledamot<\/p>\n<p><strong>Milj\u00f6- och h\u00e4lsoskyddsn\u00e4mnden:<\/strong><br \/>\nSara Degr\u00e9r, v ordf<\/p>\n<p><strong>Socialn\u00e4mnden:<\/strong><br \/>\nEva Zetterstr\u00f6m-Borelius, v ordf<br \/>\nEwa Bergman, ers\u00e4ttare<\/p>\n<p><strong>Tekniska n\u00e4mnden:<\/strong><br \/>\nMikael Guldstrand, ledamot<br \/>\nKjetil Anthonisen, ers\u00e4ttare<\/p>\n<p><strong>Utbildningsn\u00e4mnden:<\/strong><br \/>\nGunnar Liljegren, ordinarie ledamot,<\/p>\n<p><strong>Brottsf\u00f6rebyggande r\u00e5det Trygg i Danderyd:<\/strong> Gunnar Liljegren, ordf\u00f6rande<\/p>\n<p><strong>Valn\u00e4mnden:<\/strong><br \/>\nMilles Lindgren, ledamot<br \/>\nEva Zetterstr\u00f6m- Borelius, ers\u00e4ttare<\/p>\n<p><strong>Kommunrevisionen:<\/strong><br \/>\nChristina Hermelin, revisor<\/p>\n<p><strong>Djursholms AB:<\/strong><br \/>\nAnders Hultgren, vice ordf<\/p>\n","protected":false},"excerpt":{"rendered":"<p>Partiavdelningsstyrelsen: H\u00e5kan Johanson Ordf\u00f6rande hakan.johanson@telia.com L\u00e4s mer Anders Hultgren Ledamot anders.hultgren@allocation.se L\u00e4s mer Gunnar Liljegren Ledamot gunnar.liljegren@netsales.se Milles Lindgren Ledamot milles.lindgren@gmail.com L\u00e4s mer Eva Borelius Z\u00e4tterstr\u00f6m Ledamot evabzatterstrom@gmail.com L\u00e4s mer Erik Baggstr\u00f6m Ledamot baggstrom@telia.com Kjetil Anthonisen Ledamot kjetil.anthonisen@danderyd.se Sara Degr\u00e9r Ledamot sara.degrer@danderyd.se &nbsp; &nbsp; &nbsp; &nbsp; &nbsp; &nbsp; &nbsp; &nbsp; &nbsp; &nbsp; &nbsp; &nbsp; &nbsp; <a class=\"read-more-link\" href=\"https:\/\/wp.kristdemokraterna.se\/danderyd\/vara-politiker-old\/\">Read More<\/a><\/p>\n","protected":false},"author":549,"featured_media":0,"parent":0,"menu_order":0,"comment_status":"closed","ping_status":"closed","template":"","meta":{"_acf_changed":false,"footnotes":""},"class_list":["post-49","page","type-page","status-publish","hentry"],"acf":[],"yoast_head":"<!-- This site is optimized with the Yoast SEO plugin v27.4 - https:\/\/yoast.com\/product\/yoast-seo-wordpress\/ -->\n<title>V\u00e5ra politiker-OLD - Danderyd<\/title>\n<meta name=\"robots\" content=\"index, follow, max-snippet:-1, max-image-preview:large, max-video-preview:-1\" \/>\n<link rel=\"canonical\" href=\"https:\/\/wp.kristdemokraterna.se\/danderyd\/vara-politiker-old\/\" \/>\n<meta property=\"og:locale\" content=\"sv_SE\" \/>\n<meta property=\"og:type\" content=\"article\" \/>\n<meta property=\"og:title\" content=\"V\u00e5ra politiker-OLD - Danderyd\" \/>\n<meta property=\"og:description\" content=\"Partiavdelningsstyrelsen: H\u00e5kan Johanson Ordf\u00f6rande hakan.johanson@telia.com L\u00e4s mer Anders Hultgren Ledamot anders.hultgren@allocation.se L\u00e4s mer Gunnar Liljegren Ledamot gunnar.liljegren@netsales.se Milles Lindgren Ledamot milles.lindgren@gmail.com L\u00e4s mer Eva Borelius Z\u00e4tterstr\u00f6m Ledamot evabzatterstrom@gmail.com L\u00e4s mer Erik Baggstr\u00f6m Ledamot baggstrom@telia.com Kjetil Anthonisen Ledamot kjetil.anthonisen@danderyd.se Sara Degr\u00e9r Ledamot sara.degrer@danderyd.se &nbsp; &nbsp; &nbsp; &nbsp; &nbsp; &nbsp; &nbsp; &nbsp; &nbsp; &nbsp; &nbsp; &nbsp; &nbsp; Read More\" \/>\n<meta property=\"og:url\" content=\"https:\/\/wp.kristdemokraterna.se\/danderyd\/vara-politiker-old\/\" \/>\n<meta property=\"og:site_name\" content=\"Danderyd\" \/>\n<meta property=\"article:modified_time\" content=\"2020-11-18T09:26:47+00:00\" \/>\n<meta property=\"og:image\" content=\"http:\/\/wp.kristdemokraterna.se\/danderyd\/files\/2018\/07\/hakan-johanson-mindre.jpg\" \/>\n<meta name=\"twitter:card\" content=\"summary_large_image\" \/>\n<meta name=\"twitter:label1\" content=\"Ber\u00e4knad l\u00e4stid\" \/>\n\t<meta name=\"twitter:data1\" content=\"1 minut\" \/>\n<script type=\"application\/ld+json\" class=\"yoast-schema-graph\">{\"@context\":\"https:\\\/\\\/schema.org\",\"@graph\":[{\"@type\":\"WebPage\",\"@id\":\"https:\\\/\\\/wp.kristdemokraterna.se\\\/danderyd\\\/vara-politiker-old\\\/\",\"url\":\"https:\\\/\\\/wp.kristdemokraterna.se\\\/danderyd\\\/vara-politiker-old\\\/\",\"name\":\"V\u00e5ra politiker-OLD - Danderyd\",\"isPartOf\":{\"@id\":\"https:\\\/\\\/wp.kristdemokraterna.se\\\/danderyd\\\/#website\"},\"primaryImageOfPage\":{\"@id\":\"https:\\\/\\\/wp.kristdemokraterna.se\\\/danderyd\\\/vara-politiker-old\\\/#primaryimage\"},\"image\":{\"@id\":\"https:\\\/\\\/wp.kristdemokraterna.se\\\/danderyd\\\/vara-politiker-old\\\/#primaryimage\"},\"thumbnailUrl\":\"http:\\\/\\\/wp.kristdemokraterna.se\\\/danderyd\\\/files\\\/2018\\\/07\\\/hakan-johanson-mindre.jpg\",\"datePublished\":\"2014-06-03T17:42:17+00:00\",\"dateModified\":\"2020-11-18T09:26:47+00:00\",\"breadcrumb\":{\"@id\":\"https:\\\/\\\/wp.kristdemokraterna.se\\\/danderyd\\\/vara-politiker-old\\\/#breadcrumb\"},\"inLanguage\":\"sv-SE\",\"potentialAction\":[{\"@type\":\"ReadAction\",\"target\":[\"https:\\\/\\\/wp.kristdemokraterna.se\\\/danderyd\\\/vara-politiker-old\\\/\"]}]},{\"@type\":\"ImageObject\",\"inLanguage\":\"sv-SE\",\"@id\":\"https:\\\/\\\/wp.kristdemokraterna.se\\\/danderyd\\\/vara-politiker-old\\\/#primaryimage\",\"url\":\"https:\\\/\\\/wp.kristdemokraterna.se\\\/danderyd\\\/files\\\/2018\\\/07\\\/hakan-johanson-mindre.jpg\",\"contentUrl\":\"https:\\\/\\\/wp.kristdemokraterna.se\\\/danderyd\\\/files\\\/2018\\\/07\\\/hakan-johanson-mindre.jpg\",\"width\":1000,\"height\":1000,\"caption\":\"H\u00e5kan Johanson\"},{\"@type\":\"BreadcrumbList\",\"@id\":\"https:\\\/\\\/wp.kristdemokraterna.se\\\/danderyd\\\/vara-politiker-old\\\/#breadcrumb\",\"itemListElement\":[{\"@type\":\"ListItem\",\"position\":1,\"name\":\"Hem\",\"item\":\"https:\\\/\\\/wp.kristdemokraterna.se\\\/danderyd\\\/\"},{\"@type\":\"ListItem\",\"position\":2,\"name\":\"V\u00e5ra politiker-OLD\"}]},{\"@type\":\"WebSite\",\"@id\":\"https:\\\/\\\/wp.kristdemokraterna.se\\\/danderyd\\\/#website\",\"url\":\"https:\\\/\\\/wp.kristdemokraterna.se\\\/danderyd\\\/\",\"name\":\"Danderyd\",\"description\":\"&quot;Frihet, ansvar och gemenskap&quot;\",\"inLanguage\":\"sv-SE\"}]}<\/script>\n<!-- \/ Yoast SEO plugin. -->","yoast_head_json":{"title":"V\u00e5ra politiker-OLD - Danderyd","robots":{"index":"index","follow":"follow","max-snippet":"max-snippet:-1","max-image-preview":"max-image-preview:large","max-video-preview":"max-video-preview:-1"},"canonical":"https:\/\/wp.kristdemokraterna.se\/danderyd\/vara-politiker-old\/","og_locale":"sv_SE","og_type":"article","og_title":"V\u00e5ra politiker-OLD - Danderyd","og_description":"Partiavdelningsstyrelsen: H\u00e5kan Johanson Ordf\u00f6rande hakan.johanson@telia.com L\u00e4s mer Anders Hultgren Ledamot anders.hultgren@allocation.se L\u00e4s mer Gunnar Liljegren Ledamot gunnar.liljegren@netsales.se Milles Lindgren Ledamot milles.lindgren@gmail.com L\u00e4s mer Eva Borelius Z\u00e4tterstr\u00f6m Ledamot evabzatterstrom@gmail.com L\u00e4s mer Erik Baggstr\u00f6m Ledamot baggstrom@telia.com Kjetil Anthonisen Ledamot kjetil.anthonisen@danderyd.se Sara Degr\u00e9r Ledamot sara.degrer@danderyd.se &nbsp; &nbsp; &nbsp; &nbsp; &nbsp; &nbsp; &nbsp; &nbsp; &nbsp; &nbsp; &nbsp; &nbsp; &nbsp; Read More","og_url":"https:\/\/wp.kristdemokraterna.se\/danderyd\/vara-politiker-old\/","og_site_name":"Danderyd","article_modified_time":"2020-11-18T09:26:47+00:00","og_image":[{"url":"http:\/\/wp.kristdemokraterna.se\/danderyd\/files\/2018\/07\/hakan-johanson-mindre.jpg","type":"","width":"","height":""}],"twitter_card":"summary_large_image","twitter_misc":{"Ber\u00e4knad l\u00e4stid":"1 minut"},"schema":{"@context":"https:\/\/schema.org","@graph":[{"@type":"WebPage","@id":"https:\/\/wp.kristdemokraterna.se\/danderyd\/vara-politiker-old\/","url":"https:\/\/wp.kristdemokraterna.se\/danderyd\/vara-politiker-old\/","name":"V\u00e5ra politiker-OLD - Danderyd","isPartOf":{"@id":"https:\/\/wp.kristdemokraterna.se\/danderyd\/#website"},"primaryImageOfPage":{"@id":"https:\/\/wp.kristdemokraterna.se\/danderyd\/vara-politiker-old\/#primaryimage"},"image":{"@id":"https:\/\/wp.kristdemokraterna.se\/danderyd\/vara-politiker-old\/#primaryimage"},"thumbnailUrl":"http:\/\/wp.kristdemokraterna.se\/danderyd\/files\/2018\/07\/hakan-johanson-mindre.jpg","datePublished":"2014-06-03T17:42:17+00:00","dateModified":"2020-11-18T09:26:47+00:00","breadcrumb":{"@id":"https:\/\/wp.kristdemokraterna.se\/danderyd\/vara-politiker-old\/#breadcrumb"},"inLanguage":"sv-SE","potentialAction":[{"@type":"ReadAction","target":["https:\/\/wp.kristdemokraterna.se\/danderyd\/vara-politiker-old\/"]}]},{"@type":"ImageObject","inLanguage":"sv-SE","@id":"https:\/\/wp.kristdemokraterna.se\/danderyd\/vara-politiker-old\/#primaryimage","url":"https:\/\/wp.kristdemokraterna.se\/danderyd\/files\/2018\/07\/hakan-johanson-mindre.jpg","contentUrl":"https:\/\/wp.kristdemokraterna.se\/danderyd\/files\/2018\/07\/hakan-johanson-mindre.jpg","width":1000,"height":1000,"caption":"H\u00e5kan Johanson"},{"@type":"BreadcrumbList","@id":"https:\/\/wp.kristdemokraterna.se\/danderyd\/vara-politiker-old\/#breadcrumb","itemListElement":[{"@type":"ListItem","position":1,"name":"Hem","item":"https:\/\/wp.kristdemokraterna.se\/danderyd\/"},{"@type":"ListItem","position":2,"name":"V\u00e5ra politiker-OLD"}]},{"@type":"WebSite","@id":"https:\/\/wp.kristdemokraterna.se\/danderyd\/#website","url":"https:\/\/wp.kristdemokraterna.se\/danderyd\/","name":"Danderyd","description":"&quot;Frihet, ansvar och gemenskap&quot;","inLanguage":"sv-SE"}]}},"_links":{"self":[{"href":"https:\/\/wp.kristdemokraterna.se\/danderyd\/wp-json\/wp\/v2\/pages\/49","targetHints":{"allow":["GET"]}}],"collection":[{"href":"https:\/\/wp.kristdemokraterna.se\/danderyd\/wp-json\/wp\/v2\/pages"}],"about":[{"href":"https:\/\/wp.kristdemokraterna.se\/danderyd\/wp-json\/wp\/v2\/types\/page"}],"author":[{"embeddable":true,"href":"https:\/\/wp.kristdemokraterna.se\/danderyd\/wp-json\/wp\/v2\/users\/549"}],"replies":[{"embeddable":true,"href":"https:\/\/wp.kristdemokraterna.se\/danderyd\/wp-json\/wp\/v2\/comments?post=49"}],"version-history":[{"count":41,"href":"https:\/\/wp.kristdemokraterna.se\/danderyd\/wp-json\/wp\/v2\/pages\/49\/revisions"}],"predecessor-version":[{"id":577,"href":"https:\/\/wp.kristdemokraterna.se\/danderyd\/wp-json\/wp\/v2\/pages\/49\/revisions\/577"}],"wp:attachment":[{"href":"https:\/\/wp.kristdemokraterna.se\/danderyd\/wp-json\/wp\/v2\/media?parent=49"}],"curies":[{"name":"wp","href":"https:\/\/api.w.org\/{rel}","templated":true}]}}