{"id":96,"date":"2015-11-12T15:31:10","date_gmt":"2015-11-12T14:31:10","guid":{"rendered":"http:\/\/wp.kristdemokraterna.se\/danderyd\/?page_id=96"},"modified":"2023-08-17T15:06:16","modified_gmt":"2023-08-17T13:06:16","slug":"det-hander","status":"publish","type":"page","link":"https:\/\/wp.kristdemokraterna.se\/danderyd\/det-hander\/","title":{"rendered":"Kalendarium"},"content":{"rendered":"<p><strong>V\u00e4lkommen till KD Danderyd &#8211; du hittar oss i sociala medier och p\u00e5 Facebook s\u00e5 uppdaterar vi aktuella h\u00e4ndelser, aktiviteter och utspel<\/strong><\/p>\n<p>2023\/24<\/p>\n<p>Nu \u00e4r arbetet i kommunens n\u00e4mnder, styrelser och \u00f6vriga uppdrag ig\u00e5ng. Vi har nya och gamla medlemmar som f\u00e5tt f\u00f6rtroendeuppdrag och h\u00e4r hittar du mer om vem som g\u00f6r vad https:\/\/www.danderyd.se\/kommun-och-politik\/<\/p>\n<p>&nbsp;<\/p>\n<p>P\u00e5 g\u00e5ng<\/p>\n<ul>\n<li>Alla v\u00e5ra aktiviteter finns uppdaterade p\u00e5 facebook<\/li>\n<\/ul>\n<p>&nbsp;<\/p>\n<p>F\u00f6lj oss g\u00e4rna i sociala medier!<\/p>\n<p><img loading=\"lazy\" decoding=\"async\" class=\"aligncenter size-medium wp-image-1390\" src=\"http:\/\/wp.kristdemokraterna.se\/danderyd\/files\/2021\/11\/coverphoto-samha\u0308lle-300x124.jpg\" alt=\"\" width=\"300\" height=\"124\" srcset=\"https:\/\/wp.kristdemokraterna.se\/danderyd\/files\/2021\/11\/coverphoto-samha\u0308lle-300x124.jpg 300w, https:\/\/wp.kristdemokraterna.se\/danderyd\/files\/2021\/11\/coverphoto-samha\u0308lle-540x224.jpg 540w, https:\/\/wp.kristdemokraterna.se\/danderyd\/files\/2021\/11\/coverphoto-samha\u0308lle-768x318.jpg 768w, https:\/\/wp.kristdemokraterna.se\/danderyd\/files\/2021\/11\/coverphoto-samha\u0308lle-370x153.jpg 370w, https:\/\/wp.kristdemokraterna.se\/danderyd\/files\/2021\/11\/coverphoto-samha\u0308lle-770x319.jpg 770w, https:\/\/wp.kristdemokraterna.se\/danderyd\/files\/2021\/11\/coverphoto-samha\u0308lle-450x187.jpg 450w, https:\/\/wp.kristdemokraterna.se\/danderyd\/files\/2021\/11\/coverphoto-samha\u0308lle-280x116.jpg 280w, https:\/\/wp.kristdemokraterna.se\/danderyd\/files\/2021\/11\/coverphoto-samha\u0308lle-340x141.jpg 340w, https:\/\/wp.kristdemokraterna.se\/danderyd\/files\/2021\/11\/coverphoto-samha\u0308lle-200x83.jpg 200w, https:\/\/wp.kristdemokraterna.se\/danderyd\/files\/2021\/11\/coverphoto-samha\u0308lle-135x56.jpg 135w, https:\/\/wp.kristdemokraterna.se\/danderyd\/files\/2021\/11\/coverphoto-samha\u0308lle.jpg 820w\" sizes=\"auto, (max-width: 300px) 100vw, 300px\" \/><\/p>\n<p>&nbsp;<\/p>\n","protected":false},"excerpt":{"rendered":"<p>V\u00e4lkommen till KD Danderyd &#8211; du hittar oss i sociala medier och p\u00e5 Facebook s\u00e5 uppdaterar vi aktuella h\u00e4ndelser, aktiviteter och utspel 2023\/24 Nu \u00e4r arbetet i kommunens n\u00e4mnder, styrelser och \u00f6vriga uppdrag ig\u00e5ng. Vi har nya och gamla medlemmar som f\u00e5tt f\u00f6rtroendeuppdrag och h\u00e4r hittar du mer om vem som g\u00f6r vad https:\/\/www.danderyd.se\/kommun-och-politik\/ &nbsp; <a class=\"read-more-link\" href=\"https:\/\/wp.kristdemokraterna.se\/danderyd\/det-hander\/\">Read More<\/a><\/p>\n","protected":false},"author":549,"featured_media":0,"parent":0,"menu_order":0,"comment_status":"closed","ping_status":"closed","template":"","meta":{"_acf_changed":false,"footnotes":""},"class_list":["post-96","page","type-page","status-publish","hentry"],"acf":[],"yoast_head":"<!-- This site is optimized with the Yoast SEO plugin v27.4 - https:\/\/yoast.com\/product\/yoast-seo-wordpress\/ -->\n<title>Kalendarium - Danderyd<\/title>\n<meta name=\"robots\" content=\"index, follow, max-snippet:-1, max-image-preview:large, max-video-preview:-1\" \/>\n<link rel=\"canonical\" href=\"https:\/\/wp.kristdemokraterna.se\/danderyd\/det-hander\/\" \/>\n<meta property=\"og:locale\" content=\"sv_SE\" \/>\n<meta property=\"og:type\" content=\"article\" \/>\n<meta property=\"og:title\" content=\"Kalendarium - Danderyd\" \/>\n<meta property=\"og:description\" content=\"V\u00e4lkommen till KD Danderyd &#8211; du hittar oss i sociala medier och p\u00e5 Facebook s\u00e5 uppdaterar vi aktuella h\u00e4ndelser, aktiviteter och utspel 2023\/24 Nu \u00e4r arbetet i kommunens n\u00e4mnder, styrelser och \u00f6vriga uppdrag ig\u00e5ng. Vi har nya och gamla medlemmar som f\u00e5tt f\u00f6rtroendeuppdrag och h\u00e4r hittar du mer om vem som g\u00f6r vad https:\/\/www.danderyd.se\/kommun-och-politik\/ &nbsp; Read More\" \/>\n<meta property=\"og:url\" content=\"https:\/\/wp.kristdemokraterna.se\/danderyd\/det-hander\/\" \/>\n<meta property=\"og:site_name\" content=\"Danderyd\" \/>\n<meta property=\"article:modified_time\" content=\"2023-08-17T13:06:16+00:00\" \/>\n<meta name=\"twitter:card\" content=\"summary_large_image\" \/>\n<meta name=\"twitter:label1\" content=\"Ber\u00e4knad l\u00e4stid\" \/>\n\t<meta name=\"twitter:data1\" content=\"1 minut\" \/>\n<script type=\"application\/ld+json\" class=\"yoast-schema-graph\">{\"@context\":\"https:\\\/\\\/schema.org\",\"@graph\":[{\"@type\":\"WebPage\",\"@id\":\"https:\\\/\\\/wp.kristdemokraterna.se\\\/danderyd\\\/det-hander\\\/\",\"url\":\"https:\\\/\\\/wp.kristdemokraterna.se\\\/danderyd\\\/det-hander\\\/\",\"name\":\"Kalendarium - Danderyd\",\"isPartOf\":{\"@id\":\"https:\\\/\\\/wp.kristdemokraterna.se\\\/danderyd\\\/#website\"},\"datePublished\":\"2015-11-12T14:31:10+00:00\",\"dateModified\":\"2023-08-17T13:06:16+00:00\",\"breadcrumb\":{\"@id\":\"https:\\\/\\\/wp.kristdemokraterna.se\\\/danderyd\\\/det-hander\\\/#breadcrumb\"},\"inLanguage\":\"sv-SE\",\"potentialAction\":[{\"@type\":\"ReadAction\",\"target\":[\"https:\\\/\\\/wp.kristdemokraterna.se\\\/danderyd\\\/det-hander\\\/\"]}]},{\"@type\":\"BreadcrumbList\",\"@id\":\"https:\\\/\\\/wp.kristdemokraterna.se\\\/danderyd\\\/det-hander\\\/#breadcrumb\",\"itemListElement\":[{\"@type\":\"ListItem\",\"position\":1,\"name\":\"Hem\",\"item\":\"https:\\\/\\\/wp.kristdemokraterna.se\\\/danderyd\\\/\"},{\"@type\":\"ListItem\",\"position\":2,\"name\":\"Kalendarium\"}]},{\"@type\":\"WebSite\",\"@id\":\"https:\\\/\\\/wp.kristdemokraterna.se\\\/danderyd\\\/#website\",\"url\":\"https:\\\/\\\/wp.kristdemokraterna.se\\\/danderyd\\\/\",\"name\":\"Danderyd\",\"description\":\"&quot;Frihet, ansvar och gemenskap&quot;\",\"inLanguage\":\"sv-SE\"}]}<\/script>\n<!-- \/ Yoast SEO plugin. -->","yoast_head_json":{"title":"Kalendarium - Danderyd","robots":{"index":"index","follow":"follow","max-snippet":"max-snippet:-1","max-image-preview":"max-image-preview:large","max-video-preview":"max-video-preview:-1"},"canonical":"https:\/\/wp.kristdemokraterna.se\/danderyd\/det-hander\/","og_locale":"sv_SE","og_type":"article","og_title":"Kalendarium - Danderyd","og_description":"V\u00e4lkommen till KD Danderyd &#8211; du hittar oss i sociala medier och p\u00e5 Facebook s\u00e5 uppdaterar vi aktuella h\u00e4ndelser, aktiviteter och utspel 2023\/24 Nu \u00e4r arbetet i kommunens n\u00e4mnder, styrelser och \u00f6vriga uppdrag ig\u00e5ng. Vi har nya och gamla medlemmar som f\u00e5tt f\u00f6rtroendeuppdrag och h\u00e4r hittar du mer om vem som g\u00f6r vad https:\/\/www.danderyd.se\/kommun-och-politik\/ &nbsp; Read More","og_url":"https:\/\/wp.kristdemokraterna.se\/danderyd\/det-hander\/","og_site_name":"Danderyd","article_modified_time":"2023-08-17T13:06:16+00:00","twitter_card":"summary_large_image","twitter_misc":{"Ber\u00e4knad l\u00e4stid":"1 minut"},"schema":{"@context":"https:\/\/schema.org","@graph":[{"@type":"WebPage","@id":"https:\/\/wp.kristdemokraterna.se\/danderyd\/det-hander\/","url":"https:\/\/wp.kristdemokraterna.se\/danderyd\/det-hander\/","name":"Kalendarium - Danderyd","isPartOf":{"@id":"https:\/\/wp.kristdemokraterna.se\/danderyd\/#website"},"datePublished":"2015-11-12T14:31:10+00:00","dateModified":"2023-08-17T13:06:16+00:00","breadcrumb":{"@id":"https:\/\/wp.kristdemokraterna.se\/danderyd\/det-hander\/#breadcrumb"},"inLanguage":"sv-SE","potentialAction":[{"@type":"ReadAction","target":["https:\/\/wp.kristdemokraterna.se\/danderyd\/det-hander\/"]}]},{"@type":"BreadcrumbList","@id":"https:\/\/wp.kristdemokraterna.se\/danderyd\/det-hander\/#breadcrumb","itemListElement":[{"@type":"ListItem","position":1,"name":"Hem","item":"https:\/\/wp.kristdemokraterna.se\/danderyd\/"},{"@type":"ListItem","position":2,"name":"Kalendarium"}]},{"@type":"WebSite","@id":"https:\/\/wp.kristdemokraterna.se\/danderyd\/#website","url":"https:\/\/wp.kristdemokraterna.se\/danderyd\/","name":"Danderyd","description":"&quot;Frihet, ansvar och gemenskap&quot;","inLanguage":"sv-SE"}]}},"_links":{"self":[{"href":"https:\/\/wp.kristdemokraterna.se\/danderyd\/wp-json\/wp\/v2\/pages\/96","targetHints":{"allow":["GET"]}}],"collection":[{"href":"https:\/\/wp.kristdemokraterna.se\/danderyd\/wp-json\/wp\/v2\/pages"}],"about":[{"href":"https:\/\/wp.kristdemokraterna.se\/danderyd\/wp-json\/wp\/v2\/types\/page"}],"author":[{"embeddable":true,"href":"https:\/\/wp.kristdemokraterna.se\/danderyd\/wp-json\/wp\/v2\/users\/549"}],"replies":[{"embeddable":true,"href":"https:\/\/wp.kristdemokraterna.se\/danderyd\/wp-json\/wp\/v2\/comments?post=96"}],"version-history":[{"count":35,"href":"https:\/\/wp.kristdemokraterna.se\/danderyd\/wp-json\/wp\/v2\/pages\/96\/revisions"}],"predecessor-version":[{"id":1494,"href":"https:\/\/wp.kristdemokraterna.se\/danderyd\/wp-json\/wp\/v2\/pages\/96\/revisions\/1494"}],"wp:attachment":[{"href":"https:\/\/wp.kristdemokraterna.se\/danderyd\/wp-json\/wp\/v2\/media?parent=96"}],"curies":[{"name":"wp","href":"https:\/\/api.w.org\/{rel}","templated":true}]}}