{"id":211,"date":"2017-03-09T10:32:38","date_gmt":"2017-03-09T09:32:38","guid":{"rendered":"http:\/\/wp.kristdemokraterna.se\/ekero\/?page_id=211"},"modified":"2022-04-13T22:49:34","modified_gmt":"2022-04-13T20:49:34","slug":"hem","status":"publish","type":"page","link":"https:\/\/wp.kristdemokraterna.se\/ekero\/hem\/","title":{"rendered":"KD Eker\u00f6"},"content":{"rendered":"<p>P\u00e5 de h\u00e4r sidorna hittar du information om oss och v\u00e5r politik, samt kontaktuppgifter till v\u00e5ra Eker\u00f6politiker. Kontakta oss g\u00e4rna om du vill veta mer om\u00a0oss och vad det inneb\u00e4r att vara engagerad\u00a0som fritidspolitiker i kommunen &#8211;\u00a0kanske \u00e4r du snart en av oss ?<\/p>\n<h2><span style=\"color: #000080\">V<span style=\"color: #000000\">alr\u00f6relsen \u00e4r h\u00e4r &#8211; den 11 september best\u00e4mmer Du!<\/span><\/span><\/h2>\n<p><img loading=\"lazy\" decoding=\"async\" class=\"alignleft size-medium wp-image-248\" src=\"https:\/\/wp.kristdemokraterna.se\/ekero1\/files\/2018\/08\/kommunprogram-225x300.jpg\" alt=\"\" width=\"225\" height=\"300\" srcset=\"https:\/\/wp.kristdemokraterna.se\/ekero\/files\/2018\/08\/kommunprogram-225x300.jpg 225w, https:\/\/wp.kristdemokraterna.se\/ekero\/files\/2018\/08\/kommunprogram-150x200.jpg 150w, https:\/\/wp.kristdemokraterna.se\/ekero\/files\/2018\/08\/kommunprogram-370x493.jpg 370w, https:\/\/wp.kristdemokraterna.se\/ekero\/files\/2018\/08\/kommunprogram-450x600.jpg 450w, https:\/\/wp.kristdemokraterna.se\/ekero\/files\/2018\/08\/kommunprogram-280x373.jpg 280w, https:\/\/wp.kristdemokraterna.se\/ekero\/files\/2018\/08\/kommunprogram-340x453.jpg 340w, https:\/\/wp.kristdemokraterna.se\/ekero\/files\/2018\/08\/kommunprogram-42x56.jpg 42w, https:\/\/wp.kristdemokraterna.se\/ekero\/files\/2018\/08\/kommunprogram.jpg 480w\" sizes=\"auto, (max-width: 225px) 100vw, 225px\" \/>En r\u00f6st p\u00e5 KD Eker\u00f6 \u00e4r en r\u00f6st f\u00f6r en \u00e5terh\u00e5llsam utveckling av Eker\u00f6, med barnen och v\u00e5ra \u00e4ldre i centrum. L\u00e4s mer om vad du f\u00e5r f\u00f6r din r\u00f6st p\u00e5 KD, och om v\u00e5r plan f\u00f6r hur vi vill utveckla Eker\u00f6 i v\u00e5rt kommunpolitiska program nedan:<\/p>\n<p>L\u00e4nk: <a href=\"https:\/\/wp.kristdemokraterna.se\/ekero\/files\/2022\/04\/ekero_kommunprogram_2022.pdf\">Eker\u00f6_kommunprogram_2022<\/a><\/p>\n<p>Du hittar \u00e4ven mer information fr\u00e5n partiavdelningen p\u00e5 facebook:<br \/>\n<a href=\"https:\/\/www.facebook.com\/kdekero\/\">https:\/\/www.facebook.com\/kdekero\/<\/a><\/p>\n<p>&nbsp;<\/p>\n<p>Vill du ha mer information eller har fr\u00e5gor, s\u00e5 kontakt g\u00e4rna en av v\u00e5ra f\u00f6retr\u00e4dare som du hittar p\u00e5 kontaktsidan.<\/p>\n<p>&nbsp;<\/p>\n","protected":false},"excerpt":{"rendered":"<p>P\u00e5 de h\u00e4r sidorna hittar du information om oss och v\u00e5r politik, samt kontaktuppgifter till v\u00e5ra Eker\u00f6politiker. Kontakta oss g\u00e4rna om du vill veta mer om\u00a0oss och vad det inneb\u00e4r att vara engagerad\u00a0som fritidspolitiker i kommunen &#8211;\u00a0kanske \u00e4r du snart en av oss ? Valr\u00f6relsen \u00e4r h\u00e4r &#8211; den 11 september best\u00e4mmer Du! En r\u00f6st <a class=\"read-more-link\" href=\"https:\/\/wp.kristdemokraterna.se\/ekero\/hem\/\">L\u00e4s mer<\/a><\/p>\n","protected":false},"author":444,"featured_media":0,"parent":0,"menu_order":0,"comment_status":"closed","ping_status":"closed","template":"","meta":{"_acf_changed":false,"footnotes":""},"class_list":["post-211","page","type-page","status-publish","hentry"],"acf":[],"yoast_head":"<!-- This site is optimized with the Yoast SEO plugin v27.4 - https:\/\/yoast.com\/product\/yoast-seo-wordpress\/ -->\n<title>KD Eker\u00f6 - Kristdemokraterna | Eker\u00f6<\/title>\n<meta name=\"robots\" content=\"index, follow, max-snippet:-1, max-image-preview:large, max-video-preview:-1\" \/>\n<link rel=\"canonical\" href=\"https:\/\/wp.kristdemokraterna.se\/ekero\/hem\/\" \/>\n<meta property=\"og:locale\" content=\"sv_SE\" \/>\n<meta property=\"og:type\" content=\"article\" \/>\n<meta property=\"og:title\" content=\"KD Eker\u00f6 - Kristdemokraterna | Eker\u00f6\" \/>\n<meta property=\"og:description\" content=\"P\u00e5 de h\u00e4r sidorna hittar du information om oss och v\u00e5r politik, samt kontaktuppgifter till v\u00e5ra Eker\u00f6politiker. Kontakta oss g\u00e4rna om du vill veta mer om\u00a0oss och vad det inneb\u00e4r att vara engagerad\u00a0som fritidspolitiker i kommunen &#8211;\u00a0kanske \u00e4r du snart en av oss ? Valr\u00f6relsen \u00e4r h\u00e4r &#8211; den 11 september best\u00e4mmer Du! En r\u00f6st L\u00e4s mer\" \/>\n<meta property=\"og:url\" content=\"https:\/\/wp.kristdemokraterna.se\/ekero\/hem\/\" \/>\n<meta property=\"og:site_name\" content=\"Kristdemokraterna | Eker\u00f6\" \/>\n<meta property=\"article:modified_time\" content=\"2022-04-13T20:49:34+00:00\" \/>\n<meta property=\"og:image\" content=\"https:\/\/wp.kristdemokraterna.se\/ekero1\/files\/2018\/08\/kommunprogram-225x300.jpg\" \/>\n<meta name=\"twitter:card\" content=\"summary_large_image\" \/>\n<meta name=\"twitter:label1\" content=\"Ber\u00e4knad l\u00e4stid\" \/>\n\t<meta name=\"twitter:data1\" content=\"1 minut\" \/>\n<script type=\"application\/ld+json\" class=\"yoast-schema-graph\">{\"@context\":\"https:\\\/\\\/schema.org\",\"@graph\":[{\"@type\":\"WebPage\",\"@id\":\"https:\\\/\\\/wp.kristdemokraterna.se\\\/ekero\\\/hem\\\/\",\"url\":\"https:\\\/\\\/wp.kristdemokraterna.se\\\/ekero\\\/hem\\\/\",\"name\":\"KD Eker\u00f6 - Kristdemokraterna | Eker\u00f6\",\"isPartOf\":{\"@id\":\"https:\\\/\\\/wp.kristdemokraterna.se\\\/ekero\\\/#website\"},\"primaryImageOfPage\":{\"@id\":\"https:\\\/\\\/wp.kristdemokraterna.se\\\/ekero\\\/hem\\\/#primaryimage\"},\"image\":{\"@id\":\"https:\\\/\\\/wp.kristdemokraterna.se\\\/ekero\\\/hem\\\/#primaryimage\"},\"thumbnailUrl\":\"https:\\\/\\\/wp.kristdemokraterna.se\\\/ekero1\\\/files\\\/2018\\\/08\\\/kommunprogram-225x300.jpg\",\"datePublished\":\"2017-03-09T09:32:38+00:00\",\"dateModified\":\"2022-04-13T20:49:34+00:00\",\"breadcrumb\":{\"@id\":\"https:\\\/\\\/wp.kristdemokraterna.se\\\/ekero\\\/hem\\\/#breadcrumb\"},\"inLanguage\":\"sv-SE\",\"potentialAction\":[{\"@type\":\"ReadAction\",\"target\":[\"https:\\\/\\\/wp.kristdemokraterna.se\\\/ekero\\\/hem\\\/\"]}]},{\"@type\":\"ImageObject\",\"inLanguage\":\"sv-SE\",\"@id\":\"https:\\\/\\\/wp.kristdemokraterna.se\\\/ekero\\\/hem\\\/#primaryimage\",\"url\":\"https:\\\/\\\/wp.kristdemokraterna.se\\\/ekero1\\\/files\\\/2018\\\/08\\\/kommunprogram-225x300.jpg\",\"contentUrl\":\"https:\\\/\\\/wp.kristdemokraterna.se\\\/ekero1\\\/files\\\/2018\\\/08\\\/kommunprogram-225x300.jpg\"},{\"@type\":\"BreadcrumbList\",\"@id\":\"https:\\\/\\\/wp.kristdemokraterna.se\\\/ekero\\\/hem\\\/#breadcrumb\",\"itemListElement\":[{\"@type\":\"ListItem\",\"position\":1,\"name\":\"Hem\",\"item\":\"https:\\\/\\\/wp.kristdemokraterna.se\\\/ekero\\\/\"},{\"@type\":\"ListItem\",\"position\":2,\"name\":\"KD Eker\u00f6\"}]},{\"@type\":\"WebSite\",\"@id\":\"https:\\\/\\\/wp.kristdemokraterna.se\\\/ekero\\\/#website\",\"url\":\"https:\\\/\\\/wp.kristdemokraterna.se\\\/ekero\\\/\",\"name\":\"Kristdemokraterna | Eker\u00f6\",\"description\":\"En till Kristdemokraterna webbplats\",\"inLanguage\":\"sv-SE\"}]}<\/script>\n<!-- \/ Yoast SEO plugin. -->","yoast_head_json":{"title":"KD Eker\u00f6 - Kristdemokraterna | Eker\u00f6","robots":{"index":"index","follow":"follow","max-snippet":"max-snippet:-1","max-image-preview":"max-image-preview:large","max-video-preview":"max-video-preview:-1"},"canonical":"https:\/\/wp.kristdemokraterna.se\/ekero\/hem\/","og_locale":"sv_SE","og_type":"article","og_title":"KD Eker\u00f6 - Kristdemokraterna | Eker\u00f6","og_description":"P\u00e5 de h\u00e4r sidorna hittar du information om oss och v\u00e5r politik, samt kontaktuppgifter till v\u00e5ra Eker\u00f6politiker. Kontakta oss g\u00e4rna om du vill veta mer om\u00a0oss och vad det inneb\u00e4r att vara engagerad\u00a0som fritidspolitiker i kommunen &#8211;\u00a0kanske \u00e4r du snart en av oss ? Valr\u00f6relsen \u00e4r h\u00e4r &#8211; den 11 september best\u00e4mmer Du! En r\u00f6st L\u00e4s mer","og_url":"https:\/\/wp.kristdemokraterna.se\/ekero\/hem\/","og_site_name":"Kristdemokraterna | Eker\u00f6","article_modified_time":"2022-04-13T20:49:34+00:00","og_image":[{"url":"https:\/\/wp.kristdemokraterna.se\/ekero1\/files\/2018\/08\/kommunprogram-225x300.jpg","type":"","width":"","height":""}],"twitter_card":"summary_large_image","twitter_misc":{"Ber\u00e4knad l\u00e4stid":"1 minut"},"schema":{"@context":"https:\/\/schema.org","@graph":[{"@type":"WebPage","@id":"https:\/\/wp.kristdemokraterna.se\/ekero\/hem\/","url":"https:\/\/wp.kristdemokraterna.se\/ekero\/hem\/","name":"KD Eker\u00f6 - Kristdemokraterna | Eker\u00f6","isPartOf":{"@id":"https:\/\/wp.kristdemokraterna.se\/ekero\/#website"},"primaryImageOfPage":{"@id":"https:\/\/wp.kristdemokraterna.se\/ekero\/hem\/#primaryimage"},"image":{"@id":"https:\/\/wp.kristdemokraterna.se\/ekero\/hem\/#primaryimage"},"thumbnailUrl":"https:\/\/wp.kristdemokraterna.se\/ekero1\/files\/2018\/08\/kommunprogram-225x300.jpg","datePublished":"2017-03-09T09:32:38+00:00","dateModified":"2022-04-13T20:49:34+00:00","breadcrumb":{"@id":"https:\/\/wp.kristdemokraterna.se\/ekero\/hem\/#breadcrumb"},"inLanguage":"sv-SE","potentialAction":[{"@type":"ReadAction","target":["https:\/\/wp.kristdemokraterna.se\/ekero\/hem\/"]}]},{"@type":"ImageObject","inLanguage":"sv-SE","@id":"https:\/\/wp.kristdemokraterna.se\/ekero\/hem\/#primaryimage","url":"https:\/\/wp.kristdemokraterna.se\/ekero1\/files\/2018\/08\/kommunprogram-225x300.jpg","contentUrl":"https:\/\/wp.kristdemokraterna.se\/ekero1\/files\/2018\/08\/kommunprogram-225x300.jpg"},{"@type":"BreadcrumbList","@id":"https:\/\/wp.kristdemokraterna.se\/ekero\/hem\/#breadcrumb","itemListElement":[{"@type":"ListItem","position":1,"name":"Hem","item":"https:\/\/wp.kristdemokraterna.se\/ekero\/"},{"@type":"ListItem","position":2,"name":"KD Eker\u00f6"}]},{"@type":"WebSite","@id":"https:\/\/wp.kristdemokraterna.se\/ekero\/#website","url":"https:\/\/wp.kristdemokraterna.se\/ekero\/","name":"Kristdemokraterna | Eker\u00f6","description":"En till Kristdemokraterna webbplats","inLanguage":"sv-SE"}]}},"_links":{"self":[{"href":"https:\/\/wp.kristdemokraterna.se\/ekero\/wp-json\/wp\/v2\/pages\/211","targetHints":{"allow":["GET"]}}],"collection":[{"href":"https:\/\/wp.kristdemokraterna.se\/ekero\/wp-json\/wp\/v2\/pages"}],"about":[{"href":"https:\/\/wp.kristdemokraterna.se\/ekero\/wp-json\/wp\/v2\/types\/page"}],"author":[{"embeddable":true,"href":"https:\/\/wp.kristdemokraterna.se\/ekero\/wp-json\/wp\/v2\/users\/444"}],"replies":[{"embeddable":true,"href":"https:\/\/wp.kristdemokraterna.se\/ekero\/wp-json\/wp\/v2\/comments?post=211"}],"version-history":[{"count":5,"href":"https:\/\/wp.kristdemokraterna.se\/ekero\/wp-json\/wp\/v2\/pages\/211\/revisions"}],"predecessor-version":[{"id":562,"href":"https:\/\/wp.kristdemokraterna.se\/ekero\/wp-json\/wp\/v2\/pages\/211\/revisions\/562"}],"wp:attachment":[{"href":"https:\/\/wp.kristdemokraterna.se\/ekero\/wp-json\/wp\/v2\/media?parent=211"}],"curies":[{"name":"wp","href":"https:\/\/api.w.org\/{rel}","templated":true}]}}