{"id":536,"date":"2016-10-19T17:46:42","date_gmt":"2016-10-19T15:46:42","guid":{"rendered":"http:\/\/wp.kristdemokraterna.se\/ekero\/?page_id=176"},"modified":"2026-03-31T12:51:18","modified_gmt":"2026-03-31T10:51:18","slug":"politiker","status":"publish","type":"page","link":"https:\/\/wp.kristdemokraterna.se\/ekero\/textsida-med-vanster-sidebar\/politiker\/","title":{"rendered":"V\u00e5ra politiker"},"content":{"rendered":"<p>H\u00e4r finner du en aktuell f\u00f6rteckning \u00f6ver alla v\u00e5ra politiska uppdrag inom kommunen:<\/p>\n<p><strong>Sivert \u00c5kerljung<\/strong><br \/>\nKommunstyrelsen, Kommunstyrelsens arbetsutskott, Gruppledare kommunfullm\u00e4ktige, ordf\u00f6rande Kultur- och fritidsn\u00e4mnden.<\/p>\n<p><strong>Christina Blom Andersson<\/strong><br \/>\n1:e vice ordf. Socialn\u00e4mnden, ordf. Individutskottet, ledamot kommunfullm\u00e4ktige.<\/p>\n<p><strong>Peter \u00d6stergren<\/strong><br \/>\nByggnadsn\u00e4mnden, Eker\u00f6 bost\u00e4der, ers\u00e4ttare Kommunfullm\u00e4ktige, ers\u00e4ttare Kommunstyrelsen, ers\u00e4ttare Roslagsvatten<\/p>\n<p><strong>Thomas Swenson<\/strong><br \/>\nBarn- och ungdomsn\u00e4mnden, ers\u00e4ttare Eker\u00f6 bost\u00e4der, ers\u00e4ttare Kommunfullm\u00e4ktige<\/p>\n<p><strong>Lena Samuelsson<\/strong><br \/>\nN\u00e4ringslivsr\u00e5det, revisor Eker\u00f6 kommun<\/p>\n<p><strong>Johan Werner<\/strong><br \/>\nMilj\u00f6n\u00e4mnden, ers\u00e4ttare Barn- och utbildningsn\u00e4mnden, n\u00e4mndeman Solna tingsr\u00e4tt<\/p>\n<p><strong>Niklas Ernback<\/strong><br \/>\nErs\u00e4ttare Kultur- och fritidsn\u00e4mnden<\/p>\n<p><strong>Eva Qvarnstr\u00f6m<\/strong><br \/>\nErs\u00e4ttare Kultur- och fritidsn\u00e4mnden<\/p>\n<p><strong>Anders Andersson<\/strong><br \/>\nTekniska n\u00e4mnden<\/p>\n<p><strong>Patrik Antonsbacke<\/strong><br \/>\nErs\u00e4ttare Tekniska n\u00e4mnden<\/p>\n<p><strong>Siw Gustavsson<\/strong><br \/>\nErs\u00e4ttare milj\u00f6n\u00e4mnden<\/p>\n<p><strong>Jan Ericsson<\/strong><br \/>\nErs\u00e4ttare milj\u00f6n\u00e4mnden<\/p>\n<p><strong>Torbj\u00f6rn Engman<\/strong><br \/>\nErs\u00e4ttare byggnadsn\u00e4mnden<\/p>\n<p><strong>Anna-Carin St\u00e5lgren<\/strong><br \/>\nR\u00e5det f\u00f6r funktionsnedsatta<\/p>\n<p>&nbsp;<\/p>\n<p>&nbsp;<\/p>\n<p>&nbsp;<\/p>\n","protected":false},"excerpt":{"rendered":"<p>H\u00e4r finner du en aktuell f\u00f6rteckning \u00f6ver alla v\u00e5ra politiska uppdrag inom kommunen: Sivert \u00c5kerljung Kommunstyrelsen, Kommunstyrelsens arbetsutskott, Gruppledare kommunfullm\u00e4ktige, ordf\u00f6rande Kultur- och fritidsn\u00e4mnden. Christina Blom Andersson 1:e vice ordf. Socialn\u00e4mnden, ordf. Individutskottet, ledamot kommunfullm\u00e4ktige. Peter \u00d6stergren Byggnadsn\u00e4mnden, Eker\u00f6 bost\u00e4der, ers\u00e4ttare Kommunfullm\u00e4ktige, ers\u00e4ttare Kommunstyrelsen, ers\u00e4ttare Roslagsvatten Thomas Swenson Barn- och ungdomsn\u00e4mnden, ers\u00e4ttare Eker\u00f6 bost\u00e4der, ers\u00e4ttare <a class=\"read-more-link\" href=\"https:\/\/wp.kristdemokraterna.se\/ekero\/textsida-med-vanster-sidebar\/politiker\/\">L\u00e4s mer<\/a><\/p>\n","protected":false},"author":444,"featured_media":0,"parent":269,"menu_order":0,"comment_status":"closed","ping_status":"closed","template":"","meta":{"_acf_changed":false,"footnotes":""},"class_list":["post-536","page","type-page","status-publish","hentry"],"acf":[],"yoast_head":"<!-- This site is optimized with the Yoast SEO plugin v27.4 - https:\/\/yoast.com\/product\/yoast-seo-wordpress\/ -->\n<title>V\u00e5ra politiker - Kristdemokraterna | Eker\u00f6<\/title>\n<meta name=\"robots\" content=\"index, follow, max-snippet:-1, max-image-preview:large, max-video-preview:-1\" \/>\n<link rel=\"canonical\" href=\"https:\/\/wp.kristdemokraterna.se\/ekero\/textsida-med-vanster-sidebar\/politiker\/\" \/>\n<meta property=\"og:locale\" content=\"sv_SE\" \/>\n<meta property=\"og:type\" content=\"article\" \/>\n<meta property=\"og:title\" content=\"V\u00e5ra politiker - Kristdemokraterna | Eker\u00f6\" \/>\n<meta property=\"og:description\" content=\"H\u00e4r finner du en aktuell f\u00f6rteckning \u00f6ver alla v\u00e5ra politiska uppdrag inom kommunen: Sivert \u00c5kerljung Kommunstyrelsen, Kommunstyrelsens arbetsutskott, Gruppledare kommunfullm\u00e4ktige, ordf\u00f6rande Kultur- och fritidsn\u00e4mnden. Christina Blom Andersson 1:e vice ordf. Socialn\u00e4mnden, ordf. Individutskottet, ledamot kommunfullm\u00e4ktige. Peter \u00d6stergren Byggnadsn\u00e4mnden, Eker\u00f6 bost\u00e4der, ers\u00e4ttare Kommunfullm\u00e4ktige, ers\u00e4ttare Kommunstyrelsen, ers\u00e4ttare Roslagsvatten Thomas Swenson Barn- och ungdomsn\u00e4mnden, ers\u00e4ttare Eker\u00f6 bost\u00e4der, ers\u00e4ttare L\u00e4s mer\" \/>\n<meta property=\"og:url\" content=\"https:\/\/wp.kristdemokraterna.se\/ekero\/textsida-med-vanster-sidebar\/politiker\/\" \/>\n<meta property=\"og:site_name\" content=\"Kristdemokraterna | Eker\u00f6\" \/>\n<meta property=\"article:modified_time\" content=\"2026-03-31T10:51:18+00:00\" \/>\n<meta name=\"twitter:card\" content=\"summary_large_image\" \/>\n<meta name=\"twitter:label1\" content=\"Ber\u00e4knad l\u00e4stid\" \/>\n\t<meta name=\"twitter:data1\" content=\"1 minut\" \/>\n<script type=\"application\/ld+json\" class=\"yoast-schema-graph\">{\"@context\":\"https:\\\/\\\/schema.org\",\"@graph\":[{\"@type\":\"WebPage\",\"@id\":\"https:\\\/\\\/wp.kristdemokraterna.se\\\/ekero\\\/textsida-med-vanster-sidebar\\\/politiker\\\/\",\"url\":\"https:\\\/\\\/wp.kristdemokraterna.se\\\/ekero\\\/textsida-med-vanster-sidebar\\\/politiker\\\/\",\"name\":\"V\u00e5ra politiker - Kristdemokraterna | Eker\u00f6\",\"isPartOf\":{\"@id\":\"https:\\\/\\\/wp.kristdemokraterna.se\\\/ekero\\\/#website\"},\"datePublished\":\"2016-10-19T15:46:42+00:00\",\"dateModified\":\"2026-03-31T10:51:18+00:00\",\"breadcrumb\":{\"@id\":\"https:\\\/\\\/wp.kristdemokraterna.se\\\/ekero\\\/textsida-med-vanster-sidebar\\\/politiker\\\/#breadcrumb\"},\"inLanguage\":\"sv-SE\",\"potentialAction\":[{\"@type\":\"ReadAction\",\"target\":[\"https:\\\/\\\/wp.kristdemokraterna.se\\\/ekero\\\/textsida-med-vanster-sidebar\\\/politiker\\\/\"]}]},{\"@type\":\"BreadcrumbList\",\"@id\":\"https:\\\/\\\/wp.kristdemokraterna.se\\\/ekero\\\/textsida-med-vanster-sidebar\\\/politiker\\\/#breadcrumb\",\"itemListElement\":[{\"@type\":\"ListItem\",\"position\":1,\"name\":\"Hem\",\"item\":\"https:\\\/\\\/wp.kristdemokraterna.se\\\/ekero\\\/\"},{\"@type\":\"ListItem\",\"position\":2,\"name\":\"V\u00e5r partiavdelning\",\"item\":\"https:\\\/\\\/wp.kristdemokraterna.se\\\/ekero\\\/textsida-med-vanster-sidebar\\\/\"},{\"@type\":\"ListItem\",\"position\":3,\"name\":\"V\u00e5ra politiker\"}]},{\"@type\":\"WebSite\",\"@id\":\"https:\\\/\\\/wp.kristdemokraterna.se\\\/ekero\\\/#website\",\"url\":\"https:\\\/\\\/wp.kristdemokraterna.se\\\/ekero\\\/\",\"name\":\"Kristdemokraterna | Eker\u00f6\",\"description\":\"En till Kristdemokraterna webbplats\",\"inLanguage\":\"sv-SE\"}]}<\/script>\n<!-- \/ Yoast SEO plugin. -->","yoast_head_json":{"title":"V\u00e5ra politiker - Kristdemokraterna | Eker\u00f6","robots":{"index":"index","follow":"follow","max-snippet":"max-snippet:-1","max-image-preview":"max-image-preview:large","max-video-preview":"max-video-preview:-1"},"canonical":"https:\/\/wp.kristdemokraterna.se\/ekero\/textsida-med-vanster-sidebar\/politiker\/","og_locale":"sv_SE","og_type":"article","og_title":"V\u00e5ra politiker - Kristdemokraterna | Eker\u00f6","og_description":"H\u00e4r finner du en aktuell f\u00f6rteckning \u00f6ver alla v\u00e5ra politiska uppdrag inom kommunen: Sivert \u00c5kerljung Kommunstyrelsen, Kommunstyrelsens arbetsutskott, Gruppledare kommunfullm\u00e4ktige, ordf\u00f6rande Kultur- och fritidsn\u00e4mnden. Christina Blom Andersson 1:e vice ordf. Socialn\u00e4mnden, ordf. Individutskottet, ledamot kommunfullm\u00e4ktige. Peter \u00d6stergren Byggnadsn\u00e4mnden, Eker\u00f6 bost\u00e4der, ers\u00e4ttare Kommunfullm\u00e4ktige, ers\u00e4ttare Kommunstyrelsen, ers\u00e4ttare Roslagsvatten Thomas Swenson Barn- och ungdomsn\u00e4mnden, ers\u00e4ttare Eker\u00f6 bost\u00e4der, ers\u00e4ttare L\u00e4s mer","og_url":"https:\/\/wp.kristdemokraterna.se\/ekero\/textsida-med-vanster-sidebar\/politiker\/","og_site_name":"Kristdemokraterna | Eker\u00f6","article_modified_time":"2026-03-31T10:51:18+00:00","twitter_card":"summary_large_image","twitter_misc":{"Ber\u00e4knad l\u00e4stid":"1 minut"},"schema":{"@context":"https:\/\/schema.org","@graph":[{"@type":"WebPage","@id":"https:\/\/wp.kristdemokraterna.se\/ekero\/textsida-med-vanster-sidebar\/politiker\/","url":"https:\/\/wp.kristdemokraterna.se\/ekero\/textsida-med-vanster-sidebar\/politiker\/","name":"V\u00e5ra politiker - Kristdemokraterna | Eker\u00f6","isPartOf":{"@id":"https:\/\/wp.kristdemokraterna.se\/ekero\/#website"},"datePublished":"2016-10-19T15:46:42+00:00","dateModified":"2026-03-31T10:51:18+00:00","breadcrumb":{"@id":"https:\/\/wp.kristdemokraterna.se\/ekero\/textsida-med-vanster-sidebar\/politiker\/#breadcrumb"},"inLanguage":"sv-SE","potentialAction":[{"@type":"ReadAction","target":["https:\/\/wp.kristdemokraterna.se\/ekero\/textsida-med-vanster-sidebar\/politiker\/"]}]},{"@type":"BreadcrumbList","@id":"https:\/\/wp.kristdemokraterna.se\/ekero\/textsida-med-vanster-sidebar\/politiker\/#breadcrumb","itemListElement":[{"@type":"ListItem","position":1,"name":"Hem","item":"https:\/\/wp.kristdemokraterna.se\/ekero\/"},{"@type":"ListItem","position":2,"name":"V\u00e5r partiavdelning","item":"https:\/\/wp.kristdemokraterna.se\/ekero\/textsida-med-vanster-sidebar\/"},{"@type":"ListItem","position":3,"name":"V\u00e5ra politiker"}]},{"@type":"WebSite","@id":"https:\/\/wp.kristdemokraterna.se\/ekero\/#website","url":"https:\/\/wp.kristdemokraterna.se\/ekero\/","name":"Kristdemokraterna | Eker\u00f6","description":"En till Kristdemokraterna webbplats","inLanguage":"sv-SE"}]}},"_links":{"self":[{"href":"https:\/\/wp.kristdemokraterna.se\/ekero\/wp-json\/wp\/v2\/pages\/536","targetHints":{"allow":["GET"]}}],"collection":[{"href":"https:\/\/wp.kristdemokraterna.se\/ekero\/wp-json\/wp\/v2\/pages"}],"about":[{"href":"https:\/\/wp.kristdemokraterna.se\/ekero\/wp-json\/wp\/v2\/types\/page"}],"author":[{"embeddable":true,"href":"https:\/\/wp.kristdemokraterna.se\/ekero\/wp-json\/wp\/v2\/users\/444"}],"replies":[{"embeddable":true,"href":"https:\/\/wp.kristdemokraterna.se\/ekero\/wp-json\/wp\/v2\/comments?post=536"}],"version-history":[{"count":1,"href":"https:\/\/wp.kristdemokraterna.se\/ekero\/wp-json\/wp\/v2\/pages\/536\/revisions"}],"predecessor-version":[{"id":569,"href":"https:\/\/wp.kristdemokraterna.se\/ekero\/wp-json\/wp\/v2\/pages\/536\/revisions\/569"}],"up":[{"embeddable":true,"href":"https:\/\/wp.kristdemokraterna.se\/ekero\/wp-json\/wp\/v2\/pages\/269"}],"wp:attachment":[{"href":"https:\/\/wp.kristdemokraterna.se\/ekero\/wp-json\/wp\/v2\/media?parent=536"}],"curies":[{"name":"wp","href":"https:\/\/api.w.org\/{rel}","templated":true}]}}