{"id":23,"date":"2016-04-27T11:17:19","date_gmt":"2016-04-27T09:17:19","guid":{"rendered":"http:\/\/wp.kristdemokraterna.se\/emmaboda\/?page_id=23"},"modified":"2018-06-26T01:13:39","modified_gmt":"2018-06-25T23:13:39","slug":"blimedlem","status":"publish","type":"page","link":"https:\/\/wp.kristdemokraterna.se\/emmaboda\/blimedlem\/","title":{"rendered":"Bli medlem"},"content":{"rendered":"<h1>\u00a0<a href=\"http:\/\/wp.kristdemokraterna.se\/emmaboda\/files\/2016\/04\/ebba_frilagd.jpg\"><img loading=\"lazy\" decoding=\"async\" class=\"alignnone size-full wp-image-99\" src=\"http:\/\/wp.kristdemokraterna.se\/emmaboda\/files\/2016\/04\/ebba_frilagd.jpg\" alt=\"ebba_frilagd\" width=\"200\" height=\"225\" \/><br \/>\n<\/a>Brinner du f\u00f6r samma fr\u00e5gor som jag?<\/h1>\n<p>Jag valde att g\u00e5 med i Kristdemokraterna f\u00f6r att jag ville f\u00f6r\u00e4ndra samh\u00e4llet. Familjerna beh\u00f6vde mer makt och staten mindre, tyckte jag. Jag ville ocks\u00e5 arbeta mot rasism, frihet och medm\u00e4nsklighet. Idag har vi kommit en bra bit i den riktningen. Valfriheten har \u00f6kat samtidigt som v\u00e4lf\u00e4rden har blivit starkare. Det visar att politiskt arbete \u00e4r viktigt och g\u00f6r skillnad.<\/p>\n<p>Jag hoppas att du vill g\u00f6ra samma val som jag gjorde en g\u00e5ng, och bli medlem i Kristdemokraterna. Hos oss f\u00e5r du en m\u00f6jlighet att arbeta f\u00f6r det du tror p\u00e5, och bidra med dina tankar och erfarenheter. Du har chansen att bli en av dem som formar framtiden. Ta den!<\/p>\n<p><strong><a href=\"http:\/\/www.kristdemokraterna.se\/Engagera-Dig\/blimedlem\/\">BLI MEDLEM I KRISTDEMOKRATERNA<\/a><\/strong><\/p>\n<h4>Ebba Busch Thor<br \/>\nPartiledare (KD)<\/h4>\n","protected":false},"excerpt":{"rendered":"<p>\u00a0 Brinner du f\u00f6r samma fr\u00e5gor som jag? Jag valde att g\u00e5 med i Kristdemokraterna f\u00f6r att jag ville f\u00f6r\u00e4ndra samh\u00e4llet. Familjerna beh\u00f6vde mer makt och staten mindre, tyckte jag. Jag ville ocks\u00e5 arbeta mot rasism, frihet och medm\u00e4nsklighet. Idag har vi kommit en bra bit i den riktningen. Valfriheten har \u00f6kat samtidigt som v\u00e4lf\u00e4rden <a class=\"read-more-link\" href=\"https:\/\/wp.kristdemokraterna.se\/emmaboda\/blimedlem\/\">Read More<\/a><\/p>\n","protected":false},"author":525,"featured_media":0,"parent":0,"menu_order":2,"comment_status":"closed","ping_status":"closed","template":"","meta":{"_acf_changed":false,"footnotes":""},"class_list":["post-23","page","type-page","status-publish","hentry"],"acf":[],"yoast_head":"<!-- This site is optimized with the Yoast SEO plugin v27.3 - https:\/\/yoast.com\/product\/yoast-seo-wordpress\/ -->\n<title>Bli medlem - Kristdemokraterna i Emmaboda<\/title>\n<meta name=\"robots\" content=\"index, follow, max-snippet:-1, max-image-preview:large, max-video-preview:-1\" \/>\n<link rel=\"canonical\" href=\"https:\/\/wp.kristdemokraterna.se\/emmaboda\/blimedlem\/\" \/>\n<meta property=\"og:locale\" content=\"sv_SE\" \/>\n<meta property=\"og:type\" content=\"article\" \/>\n<meta property=\"og:title\" content=\"Bli medlem - Kristdemokraterna i Emmaboda\" \/>\n<meta property=\"og:description\" content=\"\u00a0 Brinner du f\u00f6r samma fr\u00e5gor som jag? Jag valde att g\u00e5 med i Kristdemokraterna f\u00f6r att jag ville f\u00f6r\u00e4ndra samh\u00e4llet. Familjerna beh\u00f6vde mer makt och staten mindre, tyckte jag. Jag ville ocks\u00e5 arbeta mot rasism, frihet och medm\u00e4nsklighet. Idag har vi kommit en bra bit i den riktningen. Valfriheten har \u00f6kat samtidigt som v\u00e4lf\u00e4rden Read More\" \/>\n<meta property=\"og:url\" content=\"https:\/\/wp.kristdemokraterna.se\/emmaboda\/blimedlem\/\" \/>\n<meta property=\"og:site_name\" content=\"Kristdemokraterna i Emmaboda\" \/>\n<meta property=\"article:modified_time\" content=\"2018-06-25T23:13:39+00:00\" \/>\n<meta property=\"og:image\" content=\"http:\/\/wp.kristdemokraterna.se\/emmaboda\/files\/2016\/04\/ebba_frilagd.jpg\" \/>\n<meta name=\"twitter:card\" content=\"summary_large_image\" \/>\n<meta name=\"twitter:label1\" content=\"Ber\u00e4knad l\u00e4stid\" \/>\n\t<meta name=\"twitter:data1\" content=\"1 minut\" \/>\n<script type=\"application\/ld+json\" class=\"yoast-schema-graph\">{\"@context\":\"https:\\\/\\\/schema.org\",\"@graph\":[{\"@type\":\"WebPage\",\"@id\":\"https:\\\/\\\/wp.kristdemokraterna.se\\\/emmaboda\\\/blimedlem\\\/\",\"url\":\"https:\\\/\\\/wp.kristdemokraterna.se\\\/emmaboda\\\/blimedlem\\\/\",\"name\":\"Bli medlem - Kristdemokraterna i Emmaboda\",\"isPartOf\":{\"@id\":\"https:\\\/\\\/wp.kristdemokraterna.se\\\/emmaboda\\\/#website\"},\"primaryImageOfPage\":{\"@id\":\"https:\\\/\\\/wp.kristdemokraterna.se\\\/emmaboda\\\/blimedlem\\\/#primaryimage\"},\"image\":{\"@id\":\"https:\\\/\\\/wp.kristdemokraterna.se\\\/emmaboda\\\/blimedlem\\\/#primaryimage\"},\"thumbnailUrl\":\"http:\\\/\\\/wp.kristdemokraterna.se\\\/emmaboda\\\/files\\\/2016\\\/04\\\/ebba_frilagd.jpg\",\"datePublished\":\"2016-04-27T09:17:19+00:00\",\"dateModified\":\"2018-06-25T23:13:39+00:00\",\"breadcrumb\":{\"@id\":\"https:\\\/\\\/wp.kristdemokraterna.se\\\/emmaboda\\\/blimedlem\\\/#breadcrumb\"},\"inLanguage\":\"sv-SE\",\"potentialAction\":[{\"@type\":\"ReadAction\",\"target\":[\"https:\\\/\\\/wp.kristdemokraterna.se\\\/emmaboda\\\/blimedlem\\\/\"]}]},{\"@type\":\"ImageObject\",\"inLanguage\":\"sv-SE\",\"@id\":\"https:\\\/\\\/wp.kristdemokraterna.se\\\/emmaboda\\\/blimedlem\\\/#primaryimage\",\"url\":\"https:\\\/\\\/wp.kristdemokraterna.se\\\/emmaboda\\\/files\\\/2016\\\/04\\\/ebba_frilagd.jpg\",\"contentUrl\":\"https:\\\/\\\/wp.kristdemokraterna.se\\\/emmaboda\\\/files\\\/2016\\\/04\\\/ebba_frilagd.jpg\",\"width\":200,\"height\":225},{\"@type\":\"BreadcrumbList\",\"@id\":\"https:\\\/\\\/wp.kristdemokraterna.se\\\/emmaboda\\\/blimedlem\\\/#breadcrumb\",\"itemListElement\":[{\"@type\":\"ListItem\",\"position\":1,\"name\":\"Hem\",\"item\":\"https:\\\/\\\/wp.kristdemokraterna.se\\\/emmaboda\\\/\"},{\"@type\":\"ListItem\",\"position\":2,\"name\":\"Bli medlem\"}]},{\"@type\":\"WebSite\",\"@id\":\"https:\\\/\\\/wp.kristdemokraterna.se\\\/emmaboda\\\/#website\",\"url\":\"https:\\\/\\\/wp.kristdemokraterna.se\\\/emmaboda\\\/\",\"name\":\"Kristdemokraterna i Emmaboda\",\"description\":\"Vi har Emmaboda i v\u00e5ra hj\u00e4rtan\",\"inLanguage\":\"sv-SE\"}]}<\/script>\n<!-- \/ Yoast SEO plugin. -->","yoast_head_json":{"title":"Bli medlem - Kristdemokraterna i Emmaboda","robots":{"index":"index","follow":"follow","max-snippet":"max-snippet:-1","max-image-preview":"max-image-preview:large","max-video-preview":"max-video-preview:-1"},"canonical":"https:\/\/wp.kristdemokraterna.se\/emmaboda\/blimedlem\/","og_locale":"sv_SE","og_type":"article","og_title":"Bli medlem - Kristdemokraterna i Emmaboda","og_description":"\u00a0 Brinner du f\u00f6r samma fr\u00e5gor som jag? Jag valde att g\u00e5 med i Kristdemokraterna f\u00f6r att jag ville f\u00f6r\u00e4ndra samh\u00e4llet. Familjerna beh\u00f6vde mer makt och staten mindre, tyckte jag. Jag ville ocks\u00e5 arbeta mot rasism, frihet och medm\u00e4nsklighet. Idag har vi kommit en bra bit i den riktningen. Valfriheten har \u00f6kat samtidigt som v\u00e4lf\u00e4rden Read More","og_url":"https:\/\/wp.kristdemokraterna.se\/emmaboda\/blimedlem\/","og_site_name":"Kristdemokraterna i Emmaboda","article_modified_time":"2018-06-25T23:13:39+00:00","og_image":[{"url":"http:\/\/wp.kristdemokraterna.se\/emmaboda\/files\/2016\/04\/ebba_frilagd.jpg","type":"","width":"","height":""}],"twitter_card":"summary_large_image","twitter_misc":{"Ber\u00e4knad l\u00e4stid":"1 minut"},"schema":{"@context":"https:\/\/schema.org","@graph":[{"@type":"WebPage","@id":"https:\/\/wp.kristdemokraterna.se\/emmaboda\/blimedlem\/","url":"https:\/\/wp.kristdemokraterna.se\/emmaboda\/blimedlem\/","name":"Bli medlem - Kristdemokraterna i Emmaboda","isPartOf":{"@id":"https:\/\/wp.kristdemokraterna.se\/emmaboda\/#website"},"primaryImageOfPage":{"@id":"https:\/\/wp.kristdemokraterna.se\/emmaboda\/blimedlem\/#primaryimage"},"image":{"@id":"https:\/\/wp.kristdemokraterna.se\/emmaboda\/blimedlem\/#primaryimage"},"thumbnailUrl":"http:\/\/wp.kristdemokraterna.se\/emmaboda\/files\/2016\/04\/ebba_frilagd.jpg","datePublished":"2016-04-27T09:17:19+00:00","dateModified":"2018-06-25T23:13:39+00:00","breadcrumb":{"@id":"https:\/\/wp.kristdemokraterna.se\/emmaboda\/blimedlem\/#breadcrumb"},"inLanguage":"sv-SE","potentialAction":[{"@type":"ReadAction","target":["https:\/\/wp.kristdemokraterna.se\/emmaboda\/blimedlem\/"]}]},{"@type":"ImageObject","inLanguage":"sv-SE","@id":"https:\/\/wp.kristdemokraterna.se\/emmaboda\/blimedlem\/#primaryimage","url":"https:\/\/wp.kristdemokraterna.se\/emmaboda\/files\/2016\/04\/ebba_frilagd.jpg","contentUrl":"https:\/\/wp.kristdemokraterna.se\/emmaboda\/files\/2016\/04\/ebba_frilagd.jpg","width":200,"height":225},{"@type":"BreadcrumbList","@id":"https:\/\/wp.kristdemokraterna.se\/emmaboda\/blimedlem\/#breadcrumb","itemListElement":[{"@type":"ListItem","position":1,"name":"Hem","item":"https:\/\/wp.kristdemokraterna.se\/emmaboda\/"},{"@type":"ListItem","position":2,"name":"Bli medlem"}]},{"@type":"WebSite","@id":"https:\/\/wp.kristdemokraterna.se\/emmaboda\/#website","url":"https:\/\/wp.kristdemokraterna.se\/emmaboda\/","name":"Kristdemokraterna i Emmaboda","description":"Vi har Emmaboda i v\u00e5ra hj\u00e4rtan","inLanguage":"sv-SE"}]}},"_links":{"self":[{"href":"https:\/\/wp.kristdemokraterna.se\/emmaboda\/wp-json\/wp\/v2\/pages\/23","targetHints":{"allow":["GET"]}}],"collection":[{"href":"https:\/\/wp.kristdemokraterna.se\/emmaboda\/wp-json\/wp\/v2\/pages"}],"about":[{"href":"https:\/\/wp.kristdemokraterna.se\/emmaboda\/wp-json\/wp\/v2\/types\/page"}],"author":[{"embeddable":true,"href":"https:\/\/wp.kristdemokraterna.se\/emmaboda\/wp-json\/wp\/v2\/users\/525"}],"replies":[{"embeddable":true,"href":"https:\/\/wp.kristdemokraterna.se\/emmaboda\/wp-json\/wp\/v2\/comments?post=23"}],"version-history":[{"count":4,"href":"https:\/\/wp.kristdemokraterna.se\/emmaboda\/wp-json\/wp\/v2\/pages\/23\/revisions"}],"predecessor-version":[{"id":100,"href":"https:\/\/wp.kristdemokraterna.se\/emmaboda\/wp-json\/wp\/v2\/pages\/23\/revisions\/100"}],"wp:attachment":[{"href":"https:\/\/wp.kristdemokraterna.se\/emmaboda\/wp-json\/wp\/v2\/media?parent=23"}],"curies":[{"name":"wp","href":"https:\/\/api.w.org\/{rel}","templated":true}]}}