{"id":31,"date":"2016-04-27T13:54:57","date_gmt":"2016-04-27T11:54:57","guid":{"rendered":"http:\/\/wp.kristdemokraterna.se\/emmaboda\/?page_id=31"},"modified":"2019-10-15T21:36:44","modified_gmt":"2019-10-15T19:36:44","slug":"partiavdelningen","status":"publish","type":"page","link":"https:\/\/wp.kristdemokraterna.se\/emmaboda\/partiavdelningen\/","title":{"rendered":"Partiavdelningen"},"content":{"rendered":"<p>Vi \u00e4r en partiavdelning i Emmaboda kommun som prioriterar sunt och f\u00f6rnuftigt. F\u00f6r oss ska inte skrytbyggen och \u00f6vriga on\u00f6diga investeringar g\u00e5 f\u00f6re n\u00f6dv\u00e4ndiga prioriteringar. V\u00e5r starka tanke och vilja \u00e4r vi som kommun ska budgetera v\u00e5ra k\u00e4rnverksamheter med v\u00e5ra egna medel och att inte l\u00e5na till att budgetera &#8221;on\u00f6digheter&#8221;. D\u00e4rf\u00f6r \u00e4r en r\u00f6st p\u00e5 Kristdemokraterna i kommunvalet, landstingsvalet och riksdagsvalet 9 september 2018 en mycket v\u00e4rdig och viktig r\u00f6st.<\/p>\n<p><em><strong>Har du n\u00e5gon fr\u00e5ga, synpunkt eller f\u00f6rslag? Tveka d\u00e5 inte att h\u00f6ra av dig till oss!<\/strong><\/em><\/p>\n","protected":false},"excerpt":{"rendered":"<p>Vi \u00e4r en partiavdelning i Emmaboda kommun som prioriterar sunt och f\u00f6rnuftigt. F\u00f6r oss ska inte skrytbyggen och \u00f6vriga on\u00f6diga investeringar g\u00e5 f\u00f6re n\u00f6dv\u00e4ndiga prioriteringar. V\u00e5r starka tanke och vilja \u00e4r vi som kommun ska budgetera v\u00e5ra k\u00e4rnverksamheter med v\u00e5ra egna medel och att inte l\u00e5na till att budgetera &#8221;on\u00f6digheter&#8221;. D\u00e4rf\u00f6r \u00e4r en r\u00f6st p\u00e5 <a class=\"read-more-link\" href=\"https:\/\/wp.kristdemokraterna.se\/emmaboda\/partiavdelningen\/\">Read More<\/a><\/p>\n","protected":false},"author":525,"featured_media":0,"parent":0,"menu_order":7,"comment_status":"closed","ping_status":"closed","template":"","meta":{"_acf_changed":false,"footnotes":""},"class_list":["post-31","page","type-page","status-publish","hentry"],"acf":[],"yoast_head":"<!-- This site is optimized with the Yoast SEO plugin v27.3 - https:\/\/yoast.com\/product\/yoast-seo-wordpress\/ -->\n<title>Partiavdelningen - Kristdemokraterna i Emmaboda<\/title>\n<meta name=\"robots\" content=\"index, follow, max-snippet:-1, max-image-preview:large, max-video-preview:-1\" \/>\n<link rel=\"canonical\" href=\"https:\/\/wp.kristdemokraterna.se\/emmaboda\/partiavdelningen\/\" \/>\n<meta property=\"og:locale\" content=\"sv_SE\" \/>\n<meta property=\"og:type\" content=\"article\" \/>\n<meta property=\"og:title\" content=\"Partiavdelningen - Kristdemokraterna i Emmaboda\" \/>\n<meta property=\"og:description\" content=\"Vi \u00e4r en partiavdelning i Emmaboda kommun som prioriterar sunt och f\u00f6rnuftigt. F\u00f6r oss ska inte skrytbyggen och \u00f6vriga on\u00f6diga investeringar g\u00e5 f\u00f6re n\u00f6dv\u00e4ndiga prioriteringar. V\u00e5r starka tanke och vilja \u00e4r vi som kommun ska budgetera v\u00e5ra k\u00e4rnverksamheter med v\u00e5ra egna medel och att inte l\u00e5na till att budgetera &#8221;on\u00f6digheter&#8221;. D\u00e4rf\u00f6r \u00e4r en r\u00f6st p\u00e5 Read More\" \/>\n<meta property=\"og:url\" content=\"https:\/\/wp.kristdemokraterna.se\/emmaboda\/partiavdelningen\/\" \/>\n<meta property=\"og:site_name\" content=\"Kristdemokraterna i Emmaboda\" \/>\n<meta property=\"article:modified_time\" content=\"2019-10-15T19:36:44+00:00\" \/>\n<meta name=\"twitter:card\" content=\"summary_large_image\" \/>\n<meta name=\"twitter:label1\" content=\"Ber\u00e4knad l\u00e4stid\" \/>\n\t<meta name=\"twitter:data1\" content=\"1 minut\" \/>\n<script type=\"application\/ld+json\" class=\"yoast-schema-graph\">{\"@context\":\"https:\\\/\\\/schema.org\",\"@graph\":[{\"@type\":\"WebPage\",\"@id\":\"https:\\\/\\\/wp.kristdemokraterna.se\\\/emmaboda\\\/partiavdelningen\\\/\",\"url\":\"https:\\\/\\\/wp.kristdemokraterna.se\\\/emmaboda\\\/partiavdelningen\\\/\",\"name\":\"Partiavdelningen - Kristdemokraterna i Emmaboda\",\"isPartOf\":{\"@id\":\"https:\\\/\\\/wp.kristdemokraterna.se\\\/emmaboda\\\/#website\"},\"datePublished\":\"2016-04-27T11:54:57+00:00\",\"dateModified\":\"2019-10-15T19:36:44+00:00\",\"breadcrumb\":{\"@id\":\"https:\\\/\\\/wp.kristdemokraterna.se\\\/emmaboda\\\/partiavdelningen\\\/#breadcrumb\"},\"inLanguage\":\"sv-SE\",\"potentialAction\":[{\"@type\":\"ReadAction\",\"target\":[\"https:\\\/\\\/wp.kristdemokraterna.se\\\/emmaboda\\\/partiavdelningen\\\/\"]}]},{\"@type\":\"BreadcrumbList\",\"@id\":\"https:\\\/\\\/wp.kristdemokraterna.se\\\/emmaboda\\\/partiavdelningen\\\/#breadcrumb\",\"itemListElement\":[{\"@type\":\"ListItem\",\"position\":1,\"name\":\"Hem\",\"item\":\"https:\\\/\\\/wp.kristdemokraterna.se\\\/emmaboda\\\/\"},{\"@type\":\"ListItem\",\"position\":2,\"name\":\"Partiavdelningen\"}]},{\"@type\":\"WebSite\",\"@id\":\"https:\\\/\\\/wp.kristdemokraterna.se\\\/emmaboda\\\/#website\",\"url\":\"https:\\\/\\\/wp.kristdemokraterna.se\\\/emmaboda\\\/\",\"name\":\"Kristdemokraterna i Emmaboda\",\"description\":\"Vi har Emmaboda i v\u00e5ra hj\u00e4rtan\",\"inLanguage\":\"sv-SE\"}]}<\/script>\n<!-- \/ Yoast SEO plugin. -->","yoast_head_json":{"title":"Partiavdelningen - Kristdemokraterna i Emmaboda","robots":{"index":"index","follow":"follow","max-snippet":"max-snippet:-1","max-image-preview":"max-image-preview:large","max-video-preview":"max-video-preview:-1"},"canonical":"https:\/\/wp.kristdemokraterna.se\/emmaboda\/partiavdelningen\/","og_locale":"sv_SE","og_type":"article","og_title":"Partiavdelningen - Kristdemokraterna i Emmaboda","og_description":"Vi \u00e4r en partiavdelning i Emmaboda kommun som prioriterar sunt och f\u00f6rnuftigt. F\u00f6r oss ska inte skrytbyggen och \u00f6vriga on\u00f6diga investeringar g\u00e5 f\u00f6re n\u00f6dv\u00e4ndiga prioriteringar. V\u00e5r starka tanke och vilja \u00e4r vi som kommun ska budgetera v\u00e5ra k\u00e4rnverksamheter med v\u00e5ra egna medel och att inte l\u00e5na till att budgetera &#8221;on\u00f6digheter&#8221;. D\u00e4rf\u00f6r \u00e4r en r\u00f6st p\u00e5 Read More","og_url":"https:\/\/wp.kristdemokraterna.se\/emmaboda\/partiavdelningen\/","og_site_name":"Kristdemokraterna i Emmaboda","article_modified_time":"2019-10-15T19:36:44+00:00","twitter_card":"summary_large_image","twitter_misc":{"Ber\u00e4knad l\u00e4stid":"1 minut"},"schema":{"@context":"https:\/\/schema.org","@graph":[{"@type":"WebPage","@id":"https:\/\/wp.kristdemokraterna.se\/emmaboda\/partiavdelningen\/","url":"https:\/\/wp.kristdemokraterna.se\/emmaboda\/partiavdelningen\/","name":"Partiavdelningen - Kristdemokraterna i Emmaboda","isPartOf":{"@id":"https:\/\/wp.kristdemokraterna.se\/emmaboda\/#website"},"datePublished":"2016-04-27T11:54:57+00:00","dateModified":"2019-10-15T19:36:44+00:00","breadcrumb":{"@id":"https:\/\/wp.kristdemokraterna.se\/emmaboda\/partiavdelningen\/#breadcrumb"},"inLanguage":"sv-SE","potentialAction":[{"@type":"ReadAction","target":["https:\/\/wp.kristdemokraterna.se\/emmaboda\/partiavdelningen\/"]}]},{"@type":"BreadcrumbList","@id":"https:\/\/wp.kristdemokraterna.se\/emmaboda\/partiavdelningen\/#breadcrumb","itemListElement":[{"@type":"ListItem","position":1,"name":"Hem","item":"https:\/\/wp.kristdemokraterna.se\/emmaboda\/"},{"@type":"ListItem","position":2,"name":"Partiavdelningen"}]},{"@type":"WebSite","@id":"https:\/\/wp.kristdemokraterna.se\/emmaboda\/#website","url":"https:\/\/wp.kristdemokraterna.se\/emmaboda\/","name":"Kristdemokraterna i Emmaboda","description":"Vi har Emmaboda i v\u00e5ra hj\u00e4rtan","inLanguage":"sv-SE"}]}},"_links":{"self":[{"href":"https:\/\/wp.kristdemokraterna.se\/emmaboda\/wp-json\/wp\/v2\/pages\/31","targetHints":{"allow":["GET"]}}],"collection":[{"href":"https:\/\/wp.kristdemokraterna.se\/emmaboda\/wp-json\/wp\/v2\/pages"}],"about":[{"href":"https:\/\/wp.kristdemokraterna.se\/emmaboda\/wp-json\/wp\/v2\/types\/page"}],"author":[{"embeddable":true,"href":"https:\/\/wp.kristdemokraterna.se\/emmaboda\/wp-json\/wp\/v2\/users\/525"}],"replies":[{"embeddable":true,"href":"https:\/\/wp.kristdemokraterna.se\/emmaboda\/wp-json\/wp\/v2\/comments?post=31"}],"version-history":[{"count":10,"href":"https:\/\/wp.kristdemokraterna.se\/emmaboda\/wp-json\/wp\/v2\/pages\/31\/revisions"}],"predecessor-version":[{"id":1138,"href":"https:\/\/wp.kristdemokraterna.se\/emmaboda\/wp-json\/wp\/v2\/pages\/31\/revisions\/1138"}],"wp:attachment":[{"href":"https:\/\/wp.kristdemokraterna.se\/emmaboda\/wp-json\/wp\/v2\/media?parent=31"}],"curies":[{"name":"wp","href":"https:\/\/api.w.org\/{rel}","templated":true}]}}