{"id":507,"date":"2019-03-05T18:31:16","date_gmt":"2019-03-05T17:31:16","guid":{"rendered":"http:\/\/wp.kristdemokraterna.se\/eskilstuna\/?page_id=507"},"modified":"2023-05-02T10:41:01","modified_gmt":"2023-05-02T08:41:01","slug":"vara-fortroendevalda-i-kommunen","status":"publish","type":"page","link":"https:\/\/wp.kristdemokraterna.se\/eskilstuna\/vara-fortroendevalda-i-kommunen\/","title":{"rendered":"V\u00e5ra f\u00f6rtroendevalda i kommunen"},"content":{"rendered":"<h2 class=\"p1\"><span class=\"s1\"><b> F\u00f6rtroendevalda fr\u00e5n Kristdemokraterna Eskilstuna i Kommunfullm\u00e4ktige, n\u00e4mnder och bolag i Eskilstuna kommun mandatperioden 2023-2026:<\/b><\/span><\/h2>\n<p><strong>Bo Hellmark<\/strong><br \/>\nE-post: Bo.hellmark@eskilstuna.se<br \/>\nMobil: 072-281 86 22<br \/>\nUppdrag:<\/p>\n<ul>\n<li>Kommunstyrelsen, ledamot fr\u00e5n 1\/1-23<\/li>\n<li>Stadsbyggnadsn\u00e4mnden, ledamot.<\/li>\n<li>Eskilstuna kommunf\u00f6retag AB, ledamot.<\/li>\n<li>Trygghetsberedningen, ledamot<\/li>\n<\/ul>\n<p><strong>Susanne Henning Aihonen<\/strong><br \/>\nE-post: susanne.aihonen@eskilstuna.se<br \/>\nTel: 070-796 96 81<br \/>\nUppdrag:<\/p>\n<ul>\n<li>Milj\u00f6- och r\u00e4ddningstj\u00e4nstn\u00e4mnden, andre vice ordf\u00f6rande fr\u00e5n 1\/1 -23<\/li>\n<\/ul>\n<p class=\"p1\"><span class=\"s1\"><strong>Kristina Gillberg\u00a0<\/strong><i><br \/>\n<\/i><\/span>E-post: kristina.gillberg@eskilstuna.se<br \/>\nMobil: 070-290 15 35<br \/>\nUppdrag:<\/p>\n<ul>\n<li>J\u00e4mst\u00e4lldhetsberedningen, ledamot.<\/li>\n<li>Kommunfullm\u00e4ktiges valberedning, ledamot.<\/li>\n<li>Arvodeskommit\u00e9n, ledamot<\/li>\n<\/ul>\n<p class=\"p1\"><span class=\"s1\"><strong>Tony Meshko<\/strong><i><br \/>\n<\/i>E-post: tony.meshko@eskilstuna.se<br \/>\nMobil: 0760505516<br \/>\nUppdrag:\u00a0<\/span><\/p>\n<ul>\n<li>Socialn\u00e4mnden, andre vice ordf\u00f6rande fr\u00e5n 1\/1-23<\/li>\n<\/ul>\n<p><strong>Carolin Andersson<\/strong><br \/>\nE-post: carolin.andersson@eskilstuna.se<br \/>\nTel: 070-432 89 92<em><br \/>\n<\/em>Uppdrag:<\/p>\n<ul>\n<li>V\u00e5rd- och omsorgsn\u00e4mnden, ledamot<\/li>\n<\/ul>\n<p><strong>Paul Sabo<\/strong><br \/>\nE-post: paul.sabo@eskilstuna.se<br \/>\nTel: 070-996 67 56<em><br \/>\n<\/em>Uppdrag:<br \/>\nGruppledare<\/p>\n<ul>\n<li>Kommunfullm\u00e4ktige, ledamot<\/li>\n<li>F\u00f6rskolen\u00e4mnden, andre vice ordf\u00f6rande fr\u00e5n 1\/1-23<\/li>\n<\/ul>\n<p><strong>Fredrik Wernqvist<\/strong><br \/>\nE-post: fredrik.wernqvist@eskilstuna.se<br \/>\nTel:\u00a0<em><br \/>\n<\/em>Uppdrag:<br \/>\nGruppledare<\/p>\n<ul>\n<li>Kommunfullm\u00e4ktige, ledamot<\/li>\n<li>Kultur- och fritidsn\u00e4mnden. ledamot fr\u00e5n 1\/1-23<\/li>\n<li>Daniel Engdals musikstipendiefond, ledamot fr\u00e5n 1\/1-23<\/li>\n<\/ul>\n<p><strong>\u00c5sa Gindemo<\/strong><br \/>\nE-post: asa.gindemo@eskilstuna.se<br \/>\nTel: 070-303 36 74<em><br \/>\n<\/em>Uppdrag:<\/p>\n<ul>\n<li>Kommunfullm\u00e4ktige, ledamot<\/li>\n<li>Arbetsmarknads- och vuxenutbildningsn\u00e4mnden, ledamot fr\u00e5n 1\/1-23<\/li>\n<\/ul>\n<p><strong>Richard Eklund<\/strong><br \/>\nE-post: richard.eklund@eskilstuna.se<br \/>\nTel:\u00a0<em><br \/>\n<\/em>Uppdrag:<\/p>\n<ul>\n<li>Grundskolen\u00e4mnden, ledamot<\/li>\n<\/ul>\n<p><strong>Jonas Wulff<\/strong><br \/>\nE-post: jonas.wulff@eskilstuna.se<br \/>\nTel: <em>Uppdateras inom kort<br \/>\n<\/em>Uppdrag:<\/p>\n<ul>\n<li>Servicen\u00e4mnden. ledamot fr\u00e5n 1\/1-23<\/li>\n<li>Lantm\u00e4teriet gode man, ledamot fr\u00e5n 1\/1-23<\/li>\n<li>Eskilstuna logistik och etablering, ledamot<\/li>\n<\/ul>\n<p><strong>Per Bergfeldt<\/strong><br \/>\nE-post: per.bergfeldt@eskilstuna.se<br \/>\nTel: 070-090 56 79<em><br \/>\n<\/em>Uppdrag:<\/p>\n<ul>\n<li>Torsh\u00e4lla stadsdelsn\u00e4mnd, ledamot fr\u00e5n 1\/1-23<\/li>\n<\/ul>\n<p><strong>Anneli Klavins Nystr\u00f6m<\/strong><br \/>\nE-post: anneli.nystrom@eskilstuna.se<br \/>\nTel: <em>Uppdateras inom kort<br \/>\n<\/em>Uppdrag:<\/p>\n<ul>\n<li>Eskilstuna kommunfastigheter, ledamot fr\u00e5n 1\/1-23<\/li>\n<\/ul>\n<p><strong>Lotta Jonsson<\/strong><br \/>\nE-post: lotta.jonsson@eskilstuna.se<br \/>\nTel: 070-086 65 09<em><br \/>\n<\/em>Uppdrag:<\/p>\n<ul>\n<li>N\u00e4mndeman Tingsr\u00e4tten<\/li>\n<\/ul>\n<p><strong>Henry Aldrin<\/strong><br \/>\nE-post:<br \/>\nTel:<br \/>\nUppdrag:<\/p>\n<ul>\n<li>Pension\u00e4rsr\u00e5det<\/li>\n<\/ul>\n<p><strong>Paula Ehrlin<\/strong><br \/>\nE-post: paula.ehrlin@eskilstuna.se<br \/>\nTel: 070-309 44 37<br \/>\nUppdrag:<\/p>\n<ul>\n<li>Minoritetsr\u00e5det, ledamot<\/li>\n<li>N\u00e4mndeman Tingsr\u00e4tten<\/li>\n<\/ul>\n<p><strong>Reidar Ehrlin<\/strong><br \/>\nE-post: reidar.ehrlin@eskilstuna.se<br \/>\nTel: 070-247 82 47<br \/>\nUppdrag:<\/p>\n<p>Revisionen, revisor<\/p>\n<p>&nbsp;<\/p>\n","protected":false},"excerpt":{"rendered":"<p>F\u00f6rtroendevalda fr\u00e5n Kristdemokraterna Eskilstuna i Kommunfullm\u00e4ktige, n\u00e4mnder och bolag i Eskilstuna kommun mandatperioden 2023-2026: Bo Hellmark E-post: Bo.hellmark@eskilstuna.se Mobil: 072-281 86 22 Uppdrag: Kommunstyrelsen, ledamot fr\u00e5n 1\/1-23 Stadsbyggnadsn\u00e4mnden, ledamot. Eskilstuna kommunf\u00f6retag AB, ledamot. Trygghetsberedningen, ledamot Susanne Henning Aihonen E-post: susanne.aihonen@eskilstuna.se Tel: 070-796 96 81 Uppdrag: Milj\u00f6- och r\u00e4ddningstj\u00e4nstn\u00e4mnden, andre vice ordf\u00f6rande fr\u00e5n 1\/1 -23 Kristina <a class=\"read-more-link\" href=\"https:\/\/wp.kristdemokraterna.se\/eskilstuna\/vara-fortroendevalda-i-kommunen\/\">L\u00e4s mer<\/a><\/p>\n","protected":false},"author":824,"featured_media":0,"parent":0,"menu_order":5,"comment_status":"closed","ping_status":"closed","template":"","meta":{"_acf_changed":false,"footnotes":""},"class_list":["post-507","page","type-page","status-publish","hentry"],"acf":[],"yoast_head":"<!-- This site is optimized with the Yoast SEO plugin v27.3 - https:\/\/yoast.com\/product\/yoast-seo-wordpress\/ -->\n<title>V\u00e5ra f\u00f6rtroendevalda i kommunen - KRISTDEMOKRATERNA I ESKILSTUNA<\/title>\n<meta name=\"robots\" content=\"index, follow, max-snippet:-1, max-image-preview:large, max-video-preview:-1\" \/>\n<link rel=\"canonical\" href=\"https:\/\/wp.kristdemokraterna.se\/eskilstuna\/vara-fortroendevalda-i-kommunen\/\" \/>\n<meta property=\"og:locale\" content=\"sv_SE\" \/>\n<meta property=\"og:type\" content=\"article\" \/>\n<meta property=\"og:title\" content=\"V\u00e5ra f\u00f6rtroendevalda i kommunen - KRISTDEMOKRATERNA I ESKILSTUNA\" \/>\n<meta property=\"og:description\" content=\"F\u00f6rtroendevalda fr\u00e5n Kristdemokraterna Eskilstuna i Kommunfullm\u00e4ktige, n\u00e4mnder och bolag i Eskilstuna kommun mandatperioden 2023-2026: Bo Hellmark E-post: Bo.hellmark@eskilstuna.se Mobil: 072-281 86 22 Uppdrag: Kommunstyrelsen, ledamot fr\u00e5n 1\/1-23 Stadsbyggnadsn\u00e4mnden, ledamot. Eskilstuna kommunf\u00f6retag AB, ledamot. Trygghetsberedningen, ledamot Susanne Henning Aihonen E-post: susanne.aihonen@eskilstuna.se Tel: 070-796 96 81 Uppdrag: Milj\u00f6- och r\u00e4ddningstj\u00e4nstn\u00e4mnden, andre vice ordf\u00f6rande fr\u00e5n 1\/1 -23 Kristina L\u00e4s mer\" \/>\n<meta property=\"og:url\" content=\"https:\/\/wp.kristdemokraterna.se\/eskilstuna\/vara-fortroendevalda-i-kommunen\/\" \/>\n<meta property=\"og:site_name\" content=\"KRISTDEMOKRATERNA I ESKILSTUNA\" \/>\n<meta property=\"article:modified_time\" content=\"2023-05-02T08:41:01+00:00\" \/>\n<meta name=\"twitter:card\" content=\"summary_large_image\" \/>\n<meta name=\"twitter:label1\" content=\"Ber\u00e4knad l\u00e4stid\" \/>\n\t<meta name=\"twitter:data1\" content=\"2 minuter\" \/>\n<script type=\"application\/ld+json\" class=\"yoast-schema-graph\">{\"@context\":\"https:\\\/\\\/schema.org\",\"@graph\":[{\"@type\":\"WebPage\",\"@id\":\"https:\\\/\\\/wp.kristdemokraterna.se\\\/eskilstuna\\\/vara-fortroendevalda-i-kommunen\\\/\",\"url\":\"https:\\\/\\\/wp.kristdemokraterna.se\\\/eskilstuna\\\/vara-fortroendevalda-i-kommunen\\\/\",\"name\":\"V\u00e5ra f\u00f6rtroendevalda i kommunen - KRISTDEMOKRATERNA I ESKILSTUNA\",\"isPartOf\":{\"@id\":\"https:\\\/\\\/wp.kristdemokraterna.se\\\/eskilstuna\\\/#website\"},\"datePublished\":\"2019-03-05T17:31:16+00:00\",\"dateModified\":\"2023-05-02T08:41:01+00:00\",\"breadcrumb\":{\"@id\":\"https:\\\/\\\/wp.kristdemokraterna.se\\\/eskilstuna\\\/vara-fortroendevalda-i-kommunen\\\/#breadcrumb\"},\"inLanguage\":\"sv-SE\",\"potentialAction\":[{\"@type\":\"ReadAction\",\"target\":[\"https:\\\/\\\/wp.kristdemokraterna.se\\\/eskilstuna\\\/vara-fortroendevalda-i-kommunen\\\/\"]}]},{\"@type\":\"BreadcrumbList\",\"@id\":\"https:\\\/\\\/wp.kristdemokraterna.se\\\/eskilstuna\\\/vara-fortroendevalda-i-kommunen\\\/#breadcrumb\",\"itemListElement\":[{\"@type\":\"ListItem\",\"position\":1,\"name\":\"Hem\",\"item\":\"https:\\\/\\\/wp.kristdemokraterna.se\\\/eskilstuna\\\/\"},{\"@type\":\"ListItem\",\"position\":2,\"name\":\"V\u00e5ra f\u00f6rtroendevalda i kommunen\"}]},{\"@type\":\"WebSite\",\"@id\":\"https:\\\/\\\/wp.kristdemokraterna.se\\\/eskilstuna\\\/#website\",\"url\":\"https:\\\/\\\/wp.kristdemokraterna.se\\\/eskilstuna\\\/\",\"name\":\"KRISTDEMOKRATERNA I ESKILSTUNA\",\"description\":\"En till Kristdemokraterna webbplats\",\"inLanguage\":\"sv-SE\"}]}<\/script>\n<!-- \/ Yoast SEO plugin. -->","yoast_head_json":{"title":"V\u00e5ra f\u00f6rtroendevalda i kommunen - KRISTDEMOKRATERNA I ESKILSTUNA","robots":{"index":"index","follow":"follow","max-snippet":"max-snippet:-1","max-image-preview":"max-image-preview:large","max-video-preview":"max-video-preview:-1"},"canonical":"https:\/\/wp.kristdemokraterna.se\/eskilstuna\/vara-fortroendevalda-i-kommunen\/","og_locale":"sv_SE","og_type":"article","og_title":"V\u00e5ra f\u00f6rtroendevalda i kommunen - KRISTDEMOKRATERNA I ESKILSTUNA","og_description":"F\u00f6rtroendevalda fr\u00e5n Kristdemokraterna Eskilstuna i Kommunfullm\u00e4ktige, n\u00e4mnder och bolag i Eskilstuna kommun mandatperioden 2023-2026: Bo Hellmark E-post: Bo.hellmark@eskilstuna.se Mobil: 072-281 86 22 Uppdrag: Kommunstyrelsen, ledamot fr\u00e5n 1\/1-23 Stadsbyggnadsn\u00e4mnden, ledamot. Eskilstuna kommunf\u00f6retag AB, ledamot. Trygghetsberedningen, ledamot Susanne Henning Aihonen E-post: susanne.aihonen@eskilstuna.se Tel: 070-796 96 81 Uppdrag: Milj\u00f6- och r\u00e4ddningstj\u00e4nstn\u00e4mnden, andre vice ordf\u00f6rande fr\u00e5n 1\/1 -23 Kristina L\u00e4s mer","og_url":"https:\/\/wp.kristdemokraterna.se\/eskilstuna\/vara-fortroendevalda-i-kommunen\/","og_site_name":"KRISTDEMOKRATERNA I ESKILSTUNA","article_modified_time":"2023-05-02T08:41:01+00:00","twitter_card":"summary_large_image","twitter_misc":{"Ber\u00e4knad l\u00e4stid":"2 minuter"},"schema":{"@context":"https:\/\/schema.org","@graph":[{"@type":"WebPage","@id":"https:\/\/wp.kristdemokraterna.se\/eskilstuna\/vara-fortroendevalda-i-kommunen\/","url":"https:\/\/wp.kristdemokraterna.se\/eskilstuna\/vara-fortroendevalda-i-kommunen\/","name":"V\u00e5ra f\u00f6rtroendevalda i kommunen - KRISTDEMOKRATERNA I ESKILSTUNA","isPartOf":{"@id":"https:\/\/wp.kristdemokraterna.se\/eskilstuna\/#website"},"datePublished":"2019-03-05T17:31:16+00:00","dateModified":"2023-05-02T08:41:01+00:00","breadcrumb":{"@id":"https:\/\/wp.kristdemokraterna.se\/eskilstuna\/vara-fortroendevalda-i-kommunen\/#breadcrumb"},"inLanguage":"sv-SE","potentialAction":[{"@type":"ReadAction","target":["https:\/\/wp.kristdemokraterna.se\/eskilstuna\/vara-fortroendevalda-i-kommunen\/"]}]},{"@type":"BreadcrumbList","@id":"https:\/\/wp.kristdemokraterna.se\/eskilstuna\/vara-fortroendevalda-i-kommunen\/#breadcrumb","itemListElement":[{"@type":"ListItem","position":1,"name":"Hem","item":"https:\/\/wp.kristdemokraterna.se\/eskilstuna\/"},{"@type":"ListItem","position":2,"name":"V\u00e5ra f\u00f6rtroendevalda i kommunen"}]},{"@type":"WebSite","@id":"https:\/\/wp.kristdemokraterna.se\/eskilstuna\/#website","url":"https:\/\/wp.kristdemokraterna.se\/eskilstuna\/","name":"KRISTDEMOKRATERNA I ESKILSTUNA","description":"En till Kristdemokraterna webbplats","inLanguage":"sv-SE"}]}},"_links":{"self":[{"href":"https:\/\/wp.kristdemokraterna.se\/eskilstuna\/wp-json\/wp\/v2\/pages\/507","targetHints":{"allow":["GET"]}}],"collection":[{"href":"https:\/\/wp.kristdemokraterna.se\/eskilstuna\/wp-json\/wp\/v2\/pages"}],"about":[{"href":"https:\/\/wp.kristdemokraterna.se\/eskilstuna\/wp-json\/wp\/v2\/types\/page"}],"author":[{"embeddable":true,"href":"https:\/\/wp.kristdemokraterna.se\/eskilstuna\/wp-json\/wp\/v2\/users\/824"}],"replies":[{"embeddable":true,"href":"https:\/\/wp.kristdemokraterna.se\/eskilstuna\/wp-json\/wp\/v2\/comments?post=507"}],"version-history":[{"count":21,"href":"https:\/\/wp.kristdemokraterna.se\/eskilstuna\/wp-json\/wp\/v2\/pages\/507\/revisions"}],"predecessor-version":[{"id":653,"href":"https:\/\/wp.kristdemokraterna.se\/eskilstuna\/wp-json\/wp\/v2\/pages\/507\/revisions\/653"}],"wp:attachment":[{"href":"https:\/\/wp.kristdemokraterna.se\/eskilstuna\/wp-json\/wp\/v2\/media?parent=507"}],"curies":[{"name":"wp","href":"https:\/\/api.w.org\/{rel}","templated":true}]}}