{"id":724,"date":"2025-06-02T13:39:15","date_gmt":"2025-06-02T11:39:15","guid":{"rendered":"https:\/\/wp.kristdemokraterna.se\/falkoping\/?page_id=724"},"modified":"2025-06-22T20:52:26","modified_gmt":"2025-06-22T18:52:26","slug":"startsida-2","status":"publish","type":"page","link":"https:\/\/wp.kristdemokraterna.se\/falkoping\/","title":{"rendered":"Startsida"},"content":{"rendered":"<p>Kristdemokraterna tar ansvar och har en politik f\u00f6r utveckling och f\u00f6r ett m\u00e4nskligare Falk\u00f6ping. Vi k\u00e4mpar f\u00f6r \u00e4ldre, f\u00f6r barnfamiljer och f\u00f6r svaga i samh\u00e4llet. Vi har sett till att m\u00e4nniskor f\u00e5r best\u00e4mma mer \u00f6ver sin vardag. Nu vill vi forts\u00e4tta att g\u00f6ra Falk\u00f6ping b\u00e4ttre att bo i. Kristdemokraternas recept \u00e4r mer av: Tillv\u00e4xt, Trygghet och Trivsel. Vi ber nu om ditt f\u00f6rtoende att leda Falk\u00f6ping in i framtiden!<\/p>\n","protected":false},"excerpt":{"rendered":"<p>Kristdemokraterna tar ansvar och har en politik f\u00f6r utveckling och f\u00f6r ett m\u00e4nskligare Falk\u00f6ping. Vi k\u00e4mpar f\u00f6r \u00e4ldre, f\u00f6r barnfamiljer och f\u00f6r svaga i samh\u00e4llet. Vi har sett till att m\u00e4nniskor f\u00e5r best\u00e4mma mer \u00f6ver sin vardag. Nu vill vi forts\u00e4tta att g\u00f6ra Falk\u00f6ping b\u00e4ttre att bo i. Kristdemokraternas recept \u00e4r mer av: Tillv\u00e4xt, Trygghet <a class=\"read-more-link\" href=\"https:\/\/wp.kristdemokraterna.se\/falkoping\/\">L\u00e4s mer<\/a><\/p>\n","protected":false},"author":2,"featured_media":0,"parent":0,"menu_order":0,"comment_status":"closed","ping_status":"closed","template":"index.php","meta":{"_acf_changed":false,"footnotes":""},"class_list":["post-724","page","type-page","status-publish","hentry"],"acf":[],"yoast_head":"<!-- This site is optimized with the Yoast SEO plugin v27.3 - https:\/\/yoast.com\/product\/yoast-seo-wordpress\/ -->\n<title>Startsida - Kristdemokraterna | Falk\u00f6ping<\/title>\n<meta name=\"robots\" content=\"index, follow, max-snippet:-1, max-image-preview:large, max-video-preview:-1\" \/>\n<link rel=\"canonical\" href=\"https:\/\/wp.kristdemokraterna.se\/falkoping\/\" \/>\n<meta property=\"og:locale\" content=\"sv_SE\" \/>\n<meta property=\"og:type\" content=\"article\" \/>\n<meta property=\"og:title\" content=\"Startsida - Kristdemokraterna | Falk\u00f6ping\" \/>\n<meta property=\"og:description\" content=\"Kristdemokraterna tar ansvar och har en politik f\u00f6r utveckling och f\u00f6r ett m\u00e4nskligare Falk\u00f6ping. Vi k\u00e4mpar f\u00f6r \u00e4ldre, f\u00f6r barnfamiljer och f\u00f6r svaga i samh\u00e4llet. Vi har sett till att m\u00e4nniskor f\u00e5r best\u00e4mma mer \u00f6ver sin vardag. Nu vill vi forts\u00e4tta att g\u00f6ra Falk\u00f6ping b\u00e4ttre att bo i. Kristdemokraternas recept \u00e4r mer av: Tillv\u00e4xt, Trygghet L\u00e4s mer\" \/>\n<meta property=\"og:url\" content=\"https:\/\/wp.kristdemokraterna.se\/falkoping\/\" \/>\n<meta property=\"og:site_name\" content=\"Kristdemokraterna | Falk\u00f6ping\" \/>\n<meta property=\"article:modified_time\" content=\"2025-06-22T18:52:26+00:00\" \/>\n<meta name=\"twitter:card\" content=\"summary_large_image\" \/>\n<meta name=\"twitter:label1\" content=\"Ber\u00e4knad l\u00e4stid\" \/>\n\t<meta name=\"twitter:data1\" content=\"1 minut\" \/>\n<script type=\"application\/ld+json\" class=\"yoast-schema-graph\">{\"@context\":\"https:\\\/\\\/schema.org\",\"@graph\":[{\"@type\":\"WebPage\",\"@id\":\"https:\\\/\\\/wp.kristdemokraterna.se\\\/falkoping\\\/\",\"url\":\"https:\\\/\\\/wp.kristdemokraterna.se\\\/falkoping\\\/\",\"name\":\"Startsida - Kristdemokraterna | Falk\u00f6ping\",\"isPartOf\":{\"@id\":\"https:\\\/\\\/wp.kristdemokraterna.se\\\/falkoping\\\/#website\"},\"datePublished\":\"2025-06-02T11:39:15+00:00\",\"dateModified\":\"2025-06-22T18:52:26+00:00\",\"breadcrumb\":{\"@id\":\"https:\\\/\\\/wp.kristdemokraterna.se\\\/falkoping\\\/#breadcrumb\"},\"inLanguage\":\"sv-SE\",\"potentialAction\":[{\"@type\":\"ReadAction\",\"target\":[\"https:\\\/\\\/wp.kristdemokraterna.se\\\/falkoping\\\/\"]}]},{\"@type\":\"BreadcrumbList\",\"@id\":\"https:\\\/\\\/wp.kristdemokraterna.se\\\/falkoping\\\/#breadcrumb\",\"itemListElement\":[{\"@type\":\"ListItem\",\"position\":1,\"name\":\"Hem\",\"item\":\"https:\\\/\\\/wp.kristdemokraterna.se\\\/falkoping\\\/\"},{\"@type\":\"ListItem\",\"position\":2,\"name\":\"Startsida\"}]},{\"@type\":\"WebSite\",\"@id\":\"https:\\\/\\\/wp.kristdemokraterna.se\\\/falkoping\\\/#website\",\"url\":\"https:\\\/\\\/wp.kristdemokraterna.se\\\/falkoping\\\/\",\"name\":\"Kristdemokraterna | Falk\u00f6ping\",\"description\":\"En till Kristdemokraterna webbplats\",\"inLanguage\":\"sv-SE\"}]}<\/script>\n<!-- \/ Yoast SEO plugin. -->","yoast_head_json":{"title":"Startsida - Kristdemokraterna | Falk\u00f6ping","robots":{"index":"index","follow":"follow","max-snippet":"max-snippet:-1","max-image-preview":"max-image-preview:large","max-video-preview":"max-video-preview:-1"},"canonical":"https:\/\/wp.kristdemokraterna.se\/falkoping\/","og_locale":"sv_SE","og_type":"article","og_title":"Startsida - Kristdemokraterna | Falk\u00f6ping","og_description":"Kristdemokraterna tar ansvar och har en politik f\u00f6r utveckling och f\u00f6r ett m\u00e4nskligare Falk\u00f6ping. Vi k\u00e4mpar f\u00f6r \u00e4ldre, f\u00f6r barnfamiljer och f\u00f6r svaga i samh\u00e4llet. Vi har sett till att m\u00e4nniskor f\u00e5r best\u00e4mma mer \u00f6ver sin vardag. Nu vill vi forts\u00e4tta att g\u00f6ra Falk\u00f6ping b\u00e4ttre att bo i. Kristdemokraternas recept \u00e4r mer av: Tillv\u00e4xt, Trygghet L\u00e4s mer","og_url":"https:\/\/wp.kristdemokraterna.se\/falkoping\/","og_site_name":"Kristdemokraterna | Falk\u00f6ping","article_modified_time":"2025-06-22T18:52:26+00:00","twitter_card":"summary_large_image","twitter_misc":{"Ber\u00e4knad l\u00e4stid":"1 minut"},"schema":{"@context":"https:\/\/schema.org","@graph":[{"@type":"WebPage","@id":"https:\/\/wp.kristdemokraterna.se\/falkoping\/","url":"https:\/\/wp.kristdemokraterna.se\/falkoping\/","name":"Startsida - Kristdemokraterna | Falk\u00f6ping","isPartOf":{"@id":"https:\/\/wp.kristdemokraterna.se\/falkoping\/#website"},"datePublished":"2025-06-02T11:39:15+00:00","dateModified":"2025-06-22T18:52:26+00:00","breadcrumb":{"@id":"https:\/\/wp.kristdemokraterna.se\/falkoping\/#breadcrumb"},"inLanguage":"sv-SE","potentialAction":[{"@type":"ReadAction","target":["https:\/\/wp.kristdemokraterna.se\/falkoping\/"]}]},{"@type":"BreadcrumbList","@id":"https:\/\/wp.kristdemokraterna.se\/falkoping\/#breadcrumb","itemListElement":[{"@type":"ListItem","position":1,"name":"Hem","item":"https:\/\/wp.kristdemokraterna.se\/falkoping\/"},{"@type":"ListItem","position":2,"name":"Startsida"}]},{"@type":"WebSite","@id":"https:\/\/wp.kristdemokraterna.se\/falkoping\/#website","url":"https:\/\/wp.kristdemokraterna.se\/falkoping\/","name":"Kristdemokraterna | Falk\u00f6ping","description":"En till Kristdemokraterna webbplats","inLanguage":"sv-SE"}]}},"_links":{"self":[{"href":"https:\/\/wp.kristdemokraterna.se\/falkoping\/wp-json\/wp\/v2\/pages\/724","targetHints":{"allow":["GET"]}}],"collection":[{"href":"https:\/\/wp.kristdemokraterna.se\/falkoping\/wp-json\/wp\/v2\/pages"}],"about":[{"href":"https:\/\/wp.kristdemokraterna.se\/falkoping\/wp-json\/wp\/v2\/types\/page"}],"author":[{"embeddable":true,"href":"https:\/\/wp.kristdemokraterna.se\/falkoping\/wp-json\/wp\/v2\/users\/2"}],"replies":[{"embeddable":true,"href":"https:\/\/wp.kristdemokraterna.se\/falkoping\/wp-json\/wp\/v2\/comments?post=724"}],"version-history":[{"count":11,"href":"https:\/\/wp.kristdemokraterna.se\/falkoping\/wp-json\/wp\/v2\/pages\/724\/revisions"}],"predecessor-version":[{"id":773,"href":"https:\/\/wp.kristdemokraterna.se\/falkoping\/wp-json\/wp\/v2\/pages\/724\/revisions\/773"}],"wp:attachment":[{"href":"https:\/\/wp.kristdemokraterna.se\/falkoping\/wp-json\/wp\/v2\/media?parent=724"}],"curies":[{"name":"wp","href":"https:\/\/api.w.org\/{rel}","templated":true}]}}