{"id":363,"date":"2017-12-04T16:11:27","date_gmt":"2017-12-04T15:11:27","guid":{"rendered":"https:\/\/wp.kristdemokraterna.se\/farjelanda\/?page_id=363"},"modified":"2023-09-03T11:50:30","modified_gmt":"2023-09-03T09:50:30","slug":"kontakta-oss-2","status":"publish","type":"page","link":"https:\/\/wp.kristdemokraterna.se\/fargelanda\/textsida-med-vanster-sidebar\/kontakta-oss-2\/","title":{"rendered":"Fr\u00e5ga partiavdelningen"},"content":{"rendered":"<p>&nbsp;<\/p>\n<div id=\"attachment_566\" style=\"width: 146px\" class=\"wp-caption alignleft\"><a href=\"https:\/\/wp.kristdemokraterna.se\/fargelanda\/files\/2023\/02\/318326119_466561885628667_2759603931485528029_n.jpg\"><img loading=\"lazy\" decoding=\"async\" aria-describedby=\"caption-attachment-566\" class=\"wp-image-566\" src=\"https:\/\/wp.kristdemokraterna.se\/fargelanda\/files\/2023\/02\/318326119_466561885628667_2759603931485528029_n-232x300.jpg\" alt=\"\" width=\"136\" height=\"176\" srcset=\"https:\/\/wp.kristdemokraterna.se\/fargelanda\/files\/2023\/02\/318326119_466561885628667_2759603931485528029_n-232x300.jpg 232w, https:\/\/wp.kristdemokraterna.se\/fargelanda\/files\/2023\/02\/318326119_466561885628667_2759603931485528029_n-154x200.jpg 154w, https:\/\/wp.kristdemokraterna.se\/fargelanda\/files\/2023\/02\/318326119_466561885628667_2759603931485528029_n-370x479.jpg 370w, https:\/\/wp.kristdemokraterna.se\/fargelanda\/files\/2023\/02\/318326119_466561885628667_2759603931485528029_n-450x583.jpg 450w, https:\/\/wp.kristdemokraterna.se\/fargelanda\/files\/2023\/02\/318326119_466561885628667_2759603931485528029_n-280x363.jpg 280w, https:\/\/wp.kristdemokraterna.se\/fargelanda\/files\/2023\/02\/318326119_466561885628667_2759603931485528029_n-340x440.jpg 340w, https:\/\/wp.kristdemokraterna.se\/fargelanda\/files\/2023\/02\/318326119_466561885628667_2759603931485528029_n-43x56.jpg 43w, https:\/\/wp.kristdemokraterna.se\/fargelanda\/files\/2023\/02\/318326119_466561885628667_2759603931485528029_n.jpg 526w\" sizes=\"auto, (max-width: 136px) 100vw, 136px\" \/><\/a><p id=\"caption-attachment-566\" class=\"wp-caption-text\">Gl\u00f6ggkampanj 2022<\/p><\/div>\n<p>Kontakta i f\u00f6rsta hand Partiavdelningsordf\u00f6rande:<\/p>\n<p>Margurithe.zellen@pol.fargelanda.se<\/p>\n","protected":false},"excerpt":{"rendered":"<p>&nbsp; Kontakta i f\u00f6rsta hand Partiavdelningsordf\u00f6rande: Margurithe.zellen@pol.fargelanda.se<\/p>\n","protected":false},"author":2,"featured_media":0,"parent":269,"menu_order":3,"comment_status":"closed","ping_status":"closed","template":"page.php","meta":{"_acf_changed":false,"footnotes":""},"class_list":["post-363","page","type-page","status-publish","hentry"],"acf":[],"yoast_head":"<!-- This site is optimized with the Yoast SEO plugin v27.4 - https:\/\/yoast.com\/product\/yoast-seo-wordpress\/ -->\n<title>Fr\u00e5ga partiavdelningen - Kristdemokraterna | fargelanda<\/title>\n<meta name=\"robots\" content=\"index, follow, max-snippet:-1, max-image-preview:large, max-video-preview:-1\" \/>\n<link rel=\"canonical\" href=\"https:\/\/wp.kristdemokraterna.se\/fargelanda\/textsida-med-vanster-sidebar\/kontakta-oss-2\/\" \/>\n<meta property=\"og:locale\" content=\"sv_SE\" \/>\n<meta property=\"og:type\" content=\"article\" \/>\n<meta property=\"og:title\" content=\"Fr\u00e5ga partiavdelningen - Kristdemokraterna | fargelanda\" \/>\n<meta property=\"og:description\" content=\"&nbsp; Kontakta i f\u00f6rsta hand Partiavdelningsordf\u00f6rande: Margurithe.zellen@pol.fargelanda.se\" \/>\n<meta property=\"og:url\" content=\"https:\/\/wp.kristdemokraterna.se\/fargelanda\/textsida-med-vanster-sidebar\/kontakta-oss-2\/\" \/>\n<meta property=\"og:site_name\" content=\"Kristdemokraterna | fargelanda\" \/>\n<meta property=\"article:modified_time\" content=\"2023-09-03T09:50:30+00:00\" \/>\n<meta property=\"og:image\" content=\"https:\/\/wp.kristdemokraterna.se\/fargelanda\/files\/2023\/02\/318326119_466561885628667_2759603931485528029_n-232x300.jpg\" \/>\n<meta name=\"twitter:card\" content=\"summary_large_image\" \/>\n<meta name=\"twitter:label1\" content=\"Ber\u00e4knad l\u00e4stid\" \/>\n\t<meta name=\"twitter:data1\" content=\"1 minut\" \/>\n<script type=\"application\/ld+json\" class=\"yoast-schema-graph\">{\"@context\":\"https:\\\/\\\/schema.org\",\"@graph\":[{\"@type\":\"WebPage\",\"@id\":\"https:\\\/\\\/wp.kristdemokraterna.se\\\/fargelanda\\\/textsida-med-vanster-sidebar\\\/kontakta-oss-2\\\/\",\"url\":\"https:\\\/\\\/wp.kristdemokraterna.se\\\/fargelanda\\\/textsida-med-vanster-sidebar\\\/kontakta-oss-2\\\/\",\"name\":\"Fr\u00e5ga partiavdelningen - Kristdemokraterna | fargelanda\",\"isPartOf\":{\"@id\":\"https:\\\/\\\/wp.kristdemokraterna.se\\\/fargelanda\\\/#website\"},\"primaryImageOfPage\":{\"@id\":\"https:\\\/\\\/wp.kristdemokraterna.se\\\/fargelanda\\\/textsida-med-vanster-sidebar\\\/kontakta-oss-2\\\/#primaryimage\"},\"image\":{\"@id\":\"https:\\\/\\\/wp.kristdemokraterna.se\\\/fargelanda\\\/textsida-med-vanster-sidebar\\\/kontakta-oss-2\\\/#primaryimage\"},\"thumbnailUrl\":\"https:\\\/\\\/wp.kristdemokraterna.se\\\/fargelanda\\\/files\\\/2023\\\/02\\\/318326119_466561885628667_2759603931485528029_n-232x300.jpg\",\"datePublished\":\"2017-12-04T15:11:27+00:00\",\"dateModified\":\"2023-09-03T09:50:30+00:00\",\"breadcrumb\":{\"@id\":\"https:\\\/\\\/wp.kristdemokraterna.se\\\/fargelanda\\\/textsida-med-vanster-sidebar\\\/kontakta-oss-2\\\/#breadcrumb\"},\"inLanguage\":\"sv-SE\",\"potentialAction\":[{\"@type\":\"ReadAction\",\"target\":[\"https:\\\/\\\/wp.kristdemokraterna.se\\\/fargelanda\\\/textsida-med-vanster-sidebar\\\/kontakta-oss-2\\\/\"]}]},{\"@type\":\"ImageObject\",\"inLanguage\":\"sv-SE\",\"@id\":\"https:\\\/\\\/wp.kristdemokraterna.se\\\/fargelanda\\\/textsida-med-vanster-sidebar\\\/kontakta-oss-2\\\/#primaryimage\",\"url\":\"https:\\\/\\\/wp.kristdemokraterna.se\\\/fargelanda\\\/files\\\/2023\\\/02\\\/318326119_466561885628667_2759603931485528029_n.jpg\",\"contentUrl\":\"https:\\\/\\\/wp.kristdemokraterna.se\\\/fargelanda\\\/files\\\/2023\\\/02\\\/318326119_466561885628667_2759603931485528029_n.jpg\",\"width\":526,\"height\":681},{\"@type\":\"BreadcrumbList\",\"@id\":\"https:\\\/\\\/wp.kristdemokraterna.se\\\/fargelanda\\\/textsida-med-vanster-sidebar\\\/kontakta-oss-2\\\/#breadcrumb\",\"itemListElement\":[{\"@type\":\"ListItem\",\"position\":1,\"name\":\"Hem\",\"item\":\"https:\\\/\\\/wp.kristdemokraterna.se\\\/fargelanda\\\/\"},{\"@type\":\"ListItem\",\"position\":2,\"name\":\"Partiavdelningen F\u00e4rgelanda\",\"item\":\"https:\\\/\\\/wp.kristdemokraterna.se\\\/fargelanda\\\/textsida-med-vanster-sidebar\\\/\"},{\"@type\":\"ListItem\",\"position\":3,\"name\":\"Fr\u00e5ga partiavdelningen\"}]},{\"@type\":\"WebSite\",\"@id\":\"https:\\\/\\\/wp.kristdemokraterna.se\\\/fargelanda\\\/#website\",\"url\":\"https:\\\/\\\/wp.kristdemokraterna.se\\\/fargelanda\\\/\",\"name\":\"Kristdemokraterna | fargelanda\",\"description\":\"En till Kristdemokraterna webbplats\",\"inLanguage\":\"sv-SE\"}]}<\/script>\n<!-- \/ Yoast SEO plugin. -->","yoast_head_json":{"title":"Fr\u00e5ga partiavdelningen - Kristdemokraterna | fargelanda","robots":{"index":"index","follow":"follow","max-snippet":"max-snippet:-1","max-image-preview":"max-image-preview:large","max-video-preview":"max-video-preview:-1"},"canonical":"https:\/\/wp.kristdemokraterna.se\/fargelanda\/textsida-med-vanster-sidebar\/kontakta-oss-2\/","og_locale":"sv_SE","og_type":"article","og_title":"Fr\u00e5ga partiavdelningen - Kristdemokraterna | fargelanda","og_description":"&nbsp; Kontakta i f\u00f6rsta hand Partiavdelningsordf\u00f6rande: Margurithe.zellen@pol.fargelanda.se","og_url":"https:\/\/wp.kristdemokraterna.se\/fargelanda\/textsida-med-vanster-sidebar\/kontakta-oss-2\/","og_site_name":"Kristdemokraterna | fargelanda","article_modified_time":"2023-09-03T09:50:30+00:00","og_image":[{"url":"https:\/\/wp.kristdemokraterna.se\/fargelanda\/files\/2023\/02\/318326119_466561885628667_2759603931485528029_n-232x300.jpg","type":"","width":"","height":""}],"twitter_card":"summary_large_image","twitter_misc":{"Ber\u00e4knad l\u00e4stid":"1 minut"},"schema":{"@context":"https:\/\/schema.org","@graph":[{"@type":"WebPage","@id":"https:\/\/wp.kristdemokraterna.se\/fargelanda\/textsida-med-vanster-sidebar\/kontakta-oss-2\/","url":"https:\/\/wp.kristdemokraterna.se\/fargelanda\/textsida-med-vanster-sidebar\/kontakta-oss-2\/","name":"Fr\u00e5ga partiavdelningen - Kristdemokraterna | fargelanda","isPartOf":{"@id":"https:\/\/wp.kristdemokraterna.se\/fargelanda\/#website"},"primaryImageOfPage":{"@id":"https:\/\/wp.kristdemokraterna.se\/fargelanda\/textsida-med-vanster-sidebar\/kontakta-oss-2\/#primaryimage"},"image":{"@id":"https:\/\/wp.kristdemokraterna.se\/fargelanda\/textsida-med-vanster-sidebar\/kontakta-oss-2\/#primaryimage"},"thumbnailUrl":"https:\/\/wp.kristdemokraterna.se\/fargelanda\/files\/2023\/02\/318326119_466561885628667_2759603931485528029_n-232x300.jpg","datePublished":"2017-12-04T15:11:27+00:00","dateModified":"2023-09-03T09:50:30+00:00","breadcrumb":{"@id":"https:\/\/wp.kristdemokraterna.se\/fargelanda\/textsida-med-vanster-sidebar\/kontakta-oss-2\/#breadcrumb"},"inLanguage":"sv-SE","potentialAction":[{"@type":"ReadAction","target":["https:\/\/wp.kristdemokraterna.se\/fargelanda\/textsida-med-vanster-sidebar\/kontakta-oss-2\/"]}]},{"@type":"ImageObject","inLanguage":"sv-SE","@id":"https:\/\/wp.kristdemokraterna.se\/fargelanda\/textsida-med-vanster-sidebar\/kontakta-oss-2\/#primaryimage","url":"https:\/\/wp.kristdemokraterna.se\/fargelanda\/files\/2023\/02\/318326119_466561885628667_2759603931485528029_n.jpg","contentUrl":"https:\/\/wp.kristdemokraterna.se\/fargelanda\/files\/2023\/02\/318326119_466561885628667_2759603931485528029_n.jpg","width":526,"height":681},{"@type":"BreadcrumbList","@id":"https:\/\/wp.kristdemokraterna.se\/fargelanda\/textsida-med-vanster-sidebar\/kontakta-oss-2\/#breadcrumb","itemListElement":[{"@type":"ListItem","position":1,"name":"Hem","item":"https:\/\/wp.kristdemokraterna.se\/fargelanda\/"},{"@type":"ListItem","position":2,"name":"Partiavdelningen F\u00e4rgelanda","item":"https:\/\/wp.kristdemokraterna.se\/fargelanda\/textsida-med-vanster-sidebar\/"},{"@type":"ListItem","position":3,"name":"Fr\u00e5ga partiavdelningen"}]},{"@type":"WebSite","@id":"https:\/\/wp.kristdemokraterna.se\/fargelanda\/#website","url":"https:\/\/wp.kristdemokraterna.se\/fargelanda\/","name":"Kristdemokraterna | fargelanda","description":"En till Kristdemokraterna webbplats","inLanguage":"sv-SE"}]}},"_links":{"self":[{"href":"https:\/\/wp.kristdemokraterna.se\/fargelanda\/wp-json\/wp\/v2\/pages\/363","targetHints":{"allow":["GET"]}}],"collection":[{"href":"https:\/\/wp.kristdemokraterna.se\/fargelanda\/wp-json\/wp\/v2\/pages"}],"about":[{"href":"https:\/\/wp.kristdemokraterna.se\/fargelanda\/wp-json\/wp\/v2\/types\/page"}],"author":[{"embeddable":true,"href":"https:\/\/wp.kristdemokraterna.se\/fargelanda\/wp-json\/wp\/v2\/users\/2"}],"replies":[{"embeddable":true,"href":"https:\/\/wp.kristdemokraterna.se\/fargelanda\/wp-json\/wp\/v2\/comments?post=363"}],"version-history":[{"count":4,"href":"https:\/\/wp.kristdemokraterna.se\/fargelanda\/wp-json\/wp\/v2\/pages\/363\/revisions"}],"predecessor-version":[{"id":829,"href":"https:\/\/wp.kristdemokraterna.se\/fargelanda\/wp-json\/wp\/v2\/pages\/363\/revisions\/829"}],"up":[{"embeddable":true,"href":"https:\/\/wp.kristdemokraterna.se\/fargelanda\/wp-json\/wp\/v2\/pages\/269"}],"wp:attachment":[{"href":"https:\/\/wp.kristdemokraterna.se\/fargelanda\/wp-json\/wp\/v2\/media?parent=363"}],"curies":[{"name":"wp","href":"https:\/\/api.w.org\/{rel}","templated":true}]}}