{"id":555,"date":"2022-10-01T22:07:49","date_gmt":"2022-10-01T20:07:49","guid":{"rendered":"https:\/\/wp.kristdemokraterna.se\/finspang\/?page_id=555"},"modified":"2023-03-10T08:07:10","modified_gmt":"2023-03-10T07:07:10","slug":"fortroendevalda-2022-2026","status":"publish","type":"page","link":"https:\/\/wp.kristdemokraterna.se\/finspang\/om-oss\/fortroendevalda-2022-2026\/","title":{"rendered":"F\u00f6rtroendevalda 2022-2026"},"content":{"rendered":"<p style=\"text-align: right\"><em>Finsp\u00e5ngs kommun 2022-2026<\/em><\/p>\n<p>I valet till kommunfullm\u00e4ktige i Finsp\u00e5ng 2022 s\u00e5 fick Kristdemokraterna 5,42 % av r\u00f6sterna. Det gav oss f\u00f6ljande representation i n\u00e4mnder och styrelser i Finsp\u00e5ngs kommun f\u00f6r mandatperioden 2022-2026.<\/p>\n<p><strong>Kommunfullm\u00e4ktige\u00a0<\/strong>(<span style=\"color: #ff0000\">tom okt 2026<\/span>)<br \/>\nKristin Andersson, ledamot<br \/>\nStefan Ackeryd, ledamot<br \/>\nMarie Johansson, 1:e ers\u00e4ttare<br \/>\nTony Runnerstam, 2:e ers\u00e4ttare<\/p>\n<hr \/>\n<p style=\"text-align: right\"><em>Region \u00d6sterg\u00f6tland 2022-2026<br \/>\n<\/em><em>Valkrets 5 Motala Finsp\u00e5ng<\/em><\/p>\n<p>I valet till regionfullm\u00e4ktige i Motala Finsp\u00e5ng valkrets 2022 s\u00e5 fick Kristdemokraterna 7,69 % \u201d<em>hela regionen 8,31 %<\/em>\u201d av r\u00f6sterna. Det gav oss f\u00f6ljande representation i n\u00e4mnder och styrelser i Region \u00d6sterg\u00f6tland f\u00f6r mandatperioden 2022-2026.<\/p>\n<p><strong>Regionfullm\u00e4ktige<\/strong><br \/>\nKristin Andersson, ledamot<br \/>\nMarie Johansson, 2:e ers\u00e4ttare<\/p>\n","protected":false},"excerpt":{"rendered":"<p>Finsp\u00e5ngs kommun 2022-2026 I valet till kommunfullm\u00e4ktige i Finsp\u00e5ng 2022 s\u00e5 fick Kristdemokraterna 5,42 % av r\u00f6sterna. Det gav oss f\u00f6ljande representation i n\u00e4mnder och styrelser i Finsp\u00e5ngs kommun f\u00f6r mandatperioden 2022-2026. Kommunfullm\u00e4ktige\u00a0(tom okt 2026) Kristin Andersson, ledamot Stefan Ackeryd, ledamot Marie Johansson, 1:e ers\u00e4ttare Tony Runnerstam, 2:e ers\u00e4ttare Region \u00d6sterg\u00f6tland 2022-2026 Valkrets 5 Motala <a class=\"read-more-link\" href=\"https:\/\/wp.kristdemokraterna.se\/finspang\/om-oss\/fortroendevalda-2022-2026\/\">Read More<\/a><\/p>\n","protected":false},"author":1008,"featured_media":0,"parent":324,"menu_order":0,"comment_status":"closed","ping_status":"closed","template":"","meta":{"_acf_changed":false,"footnotes":""},"class_list":["post-555","page","type-page","status-publish","hentry"],"acf":[],"yoast_head":"<!-- This site is optimized with the Yoast SEO plugin v27.4 - https:\/\/yoast.com\/product\/yoast-seo-wordpress\/ -->\n<title>F\u00f6rtroendevalda 2022-2026 - Finsp\u00e5ng<\/title>\n<meta name=\"robots\" content=\"index, follow, max-snippet:-1, max-image-preview:large, max-video-preview:-1\" \/>\n<link rel=\"canonical\" href=\"https:\/\/wp.kristdemokraterna.se\/finspang\/om-oss\/fortroendevalda-2022-2026\/\" \/>\n<meta property=\"og:locale\" content=\"sv_SE\" \/>\n<meta property=\"og:type\" content=\"article\" \/>\n<meta property=\"og:title\" content=\"F\u00f6rtroendevalda 2022-2026 - Finsp\u00e5ng\" \/>\n<meta property=\"og:description\" content=\"Finsp\u00e5ngs kommun 2022-2026 I valet till kommunfullm\u00e4ktige i Finsp\u00e5ng 2022 s\u00e5 fick Kristdemokraterna 5,42 % av r\u00f6sterna. Det gav oss f\u00f6ljande representation i n\u00e4mnder och styrelser i Finsp\u00e5ngs kommun f\u00f6r mandatperioden 2022-2026. Kommunfullm\u00e4ktige\u00a0(tom okt 2026) Kristin Andersson, ledamot Stefan Ackeryd, ledamot Marie Johansson, 1:e ers\u00e4ttare Tony Runnerstam, 2:e ers\u00e4ttare Region \u00d6sterg\u00f6tland 2022-2026 Valkrets 5 Motala Read More\" \/>\n<meta property=\"og:url\" content=\"https:\/\/wp.kristdemokraterna.se\/finspang\/om-oss\/fortroendevalda-2022-2026\/\" \/>\n<meta property=\"og:site_name\" content=\"Finsp\u00e5ng\" \/>\n<meta property=\"article:modified_time\" content=\"2023-03-10T07:07:10+00:00\" \/>\n<meta name=\"twitter:card\" content=\"summary_large_image\" \/>\n<meta name=\"twitter:label1\" content=\"Ber\u00e4knad l\u00e4stid\" \/>\n\t<meta name=\"twitter:data1\" content=\"1 minut\" \/>\n<script type=\"application\/ld+json\" class=\"yoast-schema-graph\">{\"@context\":\"https:\\\/\\\/schema.org\",\"@graph\":[{\"@type\":\"WebPage\",\"@id\":\"https:\\\/\\\/wp.kristdemokraterna.se\\\/finspang\\\/om-oss\\\/fortroendevalda-2022-2026\\\/\",\"url\":\"https:\\\/\\\/wp.kristdemokraterna.se\\\/finspang\\\/om-oss\\\/fortroendevalda-2022-2026\\\/\",\"name\":\"F\u00f6rtroendevalda 2022-2026 - Finsp\u00e5ng\",\"isPartOf\":{\"@id\":\"https:\\\/\\\/wp.kristdemokraterna.se\\\/finspang\\\/#website\"},\"datePublished\":\"2022-10-01T20:07:49+00:00\",\"dateModified\":\"2023-03-10T07:07:10+00:00\",\"breadcrumb\":{\"@id\":\"https:\\\/\\\/wp.kristdemokraterna.se\\\/finspang\\\/om-oss\\\/fortroendevalda-2022-2026\\\/#breadcrumb\"},\"inLanguage\":\"sv-SE\",\"potentialAction\":[{\"@type\":\"ReadAction\",\"target\":[\"https:\\\/\\\/wp.kristdemokraterna.se\\\/finspang\\\/om-oss\\\/fortroendevalda-2022-2026\\\/\"]}]},{\"@type\":\"BreadcrumbList\",\"@id\":\"https:\\\/\\\/wp.kristdemokraterna.se\\\/finspang\\\/om-oss\\\/fortroendevalda-2022-2026\\\/#breadcrumb\",\"itemListElement\":[{\"@type\":\"ListItem\",\"position\":1,\"name\":\"Hem\",\"item\":\"https:\\\/\\\/wp.kristdemokraterna.se\\\/finspang\\\/\"},{\"@type\":\"ListItem\",\"position\":2,\"name\":\"V\u00e5r Partiavdelning\",\"item\":\"https:\\\/\\\/wp.kristdemokraterna.se\\\/finspang\\\/om-oss\\\/\"},{\"@type\":\"ListItem\",\"position\":3,\"name\":\"F\u00f6rtroendevalda 2022-2026\"}]},{\"@type\":\"WebSite\",\"@id\":\"https:\\\/\\\/wp.kristdemokraterna.se\\\/finspang\\\/#website\",\"url\":\"https:\\\/\\\/wp.kristdemokraterna.se\\\/finspang\\\/\",\"name\":\"Finsp\u00e5ng\",\"description\":\"Kristdemokraterna\",\"inLanguage\":\"sv-SE\"}]}<\/script>\n<!-- \/ Yoast SEO plugin. -->","yoast_head_json":{"title":"F\u00f6rtroendevalda 2022-2026 - Finsp\u00e5ng","robots":{"index":"index","follow":"follow","max-snippet":"max-snippet:-1","max-image-preview":"max-image-preview:large","max-video-preview":"max-video-preview:-1"},"canonical":"https:\/\/wp.kristdemokraterna.se\/finspang\/om-oss\/fortroendevalda-2022-2026\/","og_locale":"sv_SE","og_type":"article","og_title":"F\u00f6rtroendevalda 2022-2026 - Finsp\u00e5ng","og_description":"Finsp\u00e5ngs kommun 2022-2026 I valet till kommunfullm\u00e4ktige i Finsp\u00e5ng 2022 s\u00e5 fick Kristdemokraterna 5,42 % av r\u00f6sterna. Det gav oss f\u00f6ljande representation i n\u00e4mnder och styrelser i Finsp\u00e5ngs kommun f\u00f6r mandatperioden 2022-2026. Kommunfullm\u00e4ktige\u00a0(tom okt 2026) Kristin Andersson, ledamot Stefan Ackeryd, ledamot Marie Johansson, 1:e ers\u00e4ttare Tony Runnerstam, 2:e ers\u00e4ttare Region \u00d6sterg\u00f6tland 2022-2026 Valkrets 5 Motala Read More","og_url":"https:\/\/wp.kristdemokraterna.se\/finspang\/om-oss\/fortroendevalda-2022-2026\/","og_site_name":"Finsp\u00e5ng","article_modified_time":"2023-03-10T07:07:10+00:00","twitter_card":"summary_large_image","twitter_misc":{"Ber\u00e4knad l\u00e4stid":"1 minut"},"schema":{"@context":"https:\/\/schema.org","@graph":[{"@type":"WebPage","@id":"https:\/\/wp.kristdemokraterna.se\/finspang\/om-oss\/fortroendevalda-2022-2026\/","url":"https:\/\/wp.kristdemokraterna.se\/finspang\/om-oss\/fortroendevalda-2022-2026\/","name":"F\u00f6rtroendevalda 2022-2026 - Finsp\u00e5ng","isPartOf":{"@id":"https:\/\/wp.kristdemokraterna.se\/finspang\/#website"},"datePublished":"2022-10-01T20:07:49+00:00","dateModified":"2023-03-10T07:07:10+00:00","breadcrumb":{"@id":"https:\/\/wp.kristdemokraterna.se\/finspang\/om-oss\/fortroendevalda-2022-2026\/#breadcrumb"},"inLanguage":"sv-SE","potentialAction":[{"@type":"ReadAction","target":["https:\/\/wp.kristdemokraterna.se\/finspang\/om-oss\/fortroendevalda-2022-2026\/"]}]},{"@type":"BreadcrumbList","@id":"https:\/\/wp.kristdemokraterna.se\/finspang\/om-oss\/fortroendevalda-2022-2026\/#breadcrumb","itemListElement":[{"@type":"ListItem","position":1,"name":"Hem","item":"https:\/\/wp.kristdemokraterna.se\/finspang\/"},{"@type":"ListItem","position":2,"name":"V\u00e5r Partiavdelning","item":"https:\/\/wp.kristdemokraterna.se\/finspang\/om-oss\/"},{"@type":"ListItem","position":3,"name":"F\u00f6rtroendevalda 2022-2026"}]},{"@type":"WebSite","@id":"https:\/\/wp.kristdemokraterna.se\/finspang\/#website","url":"https:\/\/wp.kristdemokraterna.se\/finspang\/","name":"Finsp\u00e5ng","description":"Kristdemokraterna","inLanguage":"sv-SE"}]}},"_links":{"self":[{"href":"https:\/\/wp.kristdemokraterna.se\/finspang\/wp-json\/wp\/v2\/pages\/555","targetHints":{"allow":["GET"]}}],"collection":[{"href":"https:\/\/wp.kristdemokraterna.se\/finspang\/wp-json\/wp\/v2\/pages"}],"about":[{"href":"https:\/\/wp.kristdemokraterna.se\/finspang\/wp-json\/wp\/v2\/types\/page"}],"author":[{"embeddable":true,"href":"https:\/\/wp.kristdemokraterna.se\/finspang\/wp-json\/wp\/v2\/users\/1008"}],"replies":[{"embeddable":true,"href":"https:\/\/wp.kristdemokraterna.se\/finspang\/wp-json\/wp\/v2\/comments?post=555"}],"version-history":[{"count":5,"href":"https:\/\/wp.kristdemokraterna.se\/finspang\/wp-json\/wp\/v2\/pages\/555\/revisions"}],"predecessor-version":[{"id":572,"href":"https:\/\/wp.kristdemokraterna.se\/finspang\/wp-json\/wp\/v2\/pages\/555\/revisions\/572"}],"up":[{"embeddable":true,"href":"https:\/\/wp.kristdemokraterna.se\/finspang\/wp-json\/wp\/v2\/pages\/324"}],"wp:attachment":[{"href":"https:\/\/wp.kristdemokraterna.se\/finspang\/wp-json\/wp\/v2\/media?parent=555"}],"curies":[{"name":"wp","href":"https:\/\/api.w.org\/{rel}","templated":true}]}}