{"id":269,"date":"2017-11-29T16:48:28","date_gmt":"2017-11-29T15:48:28","guid":{"rendered":"http:\/\/wp.kristdemokraterna.se\/gavle\/?page_id=269"},"modified":"2021-08-31T12:22:38","modified_gmt":"2021-08-31T10:22:38","slug":"textsida-med-vanster-sidebar","status":"publish","type":"page","link":"https:\/\/wp.kristdemokraterna.se\/gavle\/textsida-med-vanster-sidebar\/","title":{"rendered":"V\u00e5r partiavdelning i G\u00e4vle"},"content":{"rendered":"<h2><strong>Kristdemokraterna i G\u00e4vle<\/strong><\/h2>\n<p>Kristdemokraterna i G\u00e4vle \u00e4r en starkt v\u00e4xande lokalavdelning med \u00f6ver 200 medlemmar.<br \/>\nVi \u00e4r en av tio lokalavdelningar som tillh\u00f6r partidistrikt G\u00e4vleborg.<br \/>\nV\u00e5rt kansli ligger p\u00e5 Skolg\u00e5ngen 17 i G\u00e4vle d\u00e4r vi \u00e4ven h\u00e5ller v\u00e5ra medlemsm\u00f6ten, utbildningar och andra tr\u00e4ffar.<br \/>\nVarmt v\u00e4lkommen att bli en del av v\u00e5r avdelning.<\/p>\n<p>&nbsp;<\/p>\n<h2><strong>Du f\u00f6ljer v\u00e4l oss p\u00e5 Facebook?<\/strong><\/h2>\n<p>Du som har tillg\u00e5ng till Facebook f\u00f6ljer v\u00e4l oss Kristdemokrater i G\u00e4vle d\u00e4r.<br \/>\nOm inte, h\u00e4r nedan ser du en beskrivning av n\u00e5gra av dem.<br \/>\nF\u00f6lj, dela och gilla g\u00e4rna dessa sidor.<\/p>\n<p><strong><em><br \/>\n<\/em>Kristdemokraterna i G\u00e4vle &#8211; <a href=\"https:\/\/sv-se.facebook.com\/KDGavle\/\">@KDGavle<\/a><\/strong><br \/>\nH\u00e4r kan du f\u00f6lja vad som h\u00e4nder i G\u00e4vle kommun.<br \/>\nEn bra sida att gilla och dela ifr\u00e5n n\u00e4r det g\u00e4ller lokal politik i G\u00e4vle kommun<\/p>\n<p><strong><em><br \/>\n<\/em>Jan Myl\u00e9us &#8211; <a href=\"https:\/\/www.facebook.com\/myleus.kd\/\">@myleus.kd<\/a><\/strong><br \/>\nH\u00e4r kan du f\u00f6lja v\u00e5rt kommunalr\u00e5d i opposition.<br \/>\nVilka fr\u00e5gor \u00e4r aktuella, vad vill vi driva f\u00f6r politik i G\u00e4vle, mm.<br \/>\nF\u00f6lj sidan, gilla och dela fr\u00e5n sidan f\u00f6r att sprida den lokala politiken.<\/p>\n<p><em><strong><br \/>\n<\/strong><\/em><strong>Gruppen f\u00f6r oss Kristdemokrater i G\u00e4vle<\/strong><br \/>\nDetta \u00e4r en intern grupp f\u00f6r alla medlemmar som tillh\u00f6r partiavdelningen G\u00e4vle.<br \/>\nH\u00e4r finns information om tr\u00e4ffar och m\u00f6ten samt annat f\u00f6reningsnyttigt.<br \/>\nOm du inte redan \u00e4r medlem \u00e4r du varmt v\u00e4lkommen att bli det.<\/p>\n<p>&nbsp;<\/p>\n<p>&nbsp;<\/p>\n<p>&nbsp;<\/p>\n","protected":false},"excerpt":{"rendered":"<p>Kristdemokraterna i G\u00e4vle Kristdemokraterna i G\u00e4vle \u00e4r en starkt v\u00e4xande lokalavdelning med \u00f6ver 200 medlemmar. Vi \u00e4r en av tio lokalavdelningar som tillh\u00f6r partidistrikt G\u00e4vleborg. V\u00e5rt kansli ligger p\u00e5 Skolg\u00e5ngen 17 i G\u00e4vle d\u00e4r vi \u00e4ven h\u00e5ller v\u00e5ra medlemsm\u00f6ten, utbildningar och andra tr\u00e4ffar. Varmt v\u00e4lkommen att bli en del av v\u00e5r avdelning. &nbsp; Du f\u00f6ljer <a class=\"read-more-link\" href=\"https:\/\/wp.kristdemokraterna.se\/gavle\/textsida-med-vanster-sidebar\/\">L\u00e4s mer<\/a><\/p>\n","protected":false},"author":538,"featured_media":0,"parent":0,"menu_order":0,"comment_status":"closed","ping_status":"closed","template":"page-full.php","meta":{"_acf_changed":false,"footnotes":""},"class_list":["post-269","page","type-page","status-publish","hentry"],"acf":[],"yoast_head":"<!-- This site is optimized with the Yoast SEO plugin v27.4 - https:\/\/yoast.com\/product\/yoast-seo-wordpress\/ -->\n<title>V\u00e5r partiavdelning i G\u00e4vle - Kristdemokraterna i G\u00e4vle<\/title>\n<meta name=\"robots\" content=\"index, follow, max-snippet:-1, max-image-preview:large, max-video-preview:-1\" \/>\n<link rel=\"canonical\" href=\"https:\/\/wp.kristdemokraterna.se\/gavle\/textsida-med-vanster-sidebar\/\" \/>\n<meta property=\"og:locale\" content=\"sv_SE\" \/>\n<meta property=\"og:type\" content=\"article\" \/>\n<meta property=\"og:title\" content=\"V\u00e5r partiavdelning i G\u00e4vle - Kristdemokraterna i G\u00e4vle\" \/>\n<meta property=\"og:description\" content=\"Kristdemokraterna i G\u00e4vle Kristdemokraterna i G\u00e4vle \u00e4r en starkt v\u00e4xande lokalavdelning med \u00f6ver 200 medlemmar. Vi \u00e4r en av tio lokalavdelningar som tillh\u00f6r partidistrikt G\u00e4vleborg. V\u00e5rt kansli ligger p\u00e5 Skolg\u00e5ngen 17 i G\u00e4vle d\u00e4r vi \u00e4ven h\u00e5ller v\u00e5ra medlemsm\u00f6ten, utbildningar och andra tr\u00e4ffar. Varmt v\u00e4lkommen att bli en del av v\u00e5r avdelning. &nbsp; Du f\u00f6ljer L\u00e4s mer\" \/>\n<meta property=\"og:url\" content=\"https:\/\/wp.kristdemokraterna.se\/gavle\/textsida-med-vanster-sidebar\/\" \/>\n<meta property=\"og:site_name\" content=\"Kristdemokraterna i G\u00e4vle\" \/>\n<meta property=\"article:modified_time\" content=\"2021-08-31T10:22:38+00:00\" \/>\n<meta name=\"twitter:card\" content=\"summary_large_image\" \/>\n<meta name=\"twitter:label1\" content=\"Ber\u00e4knad l\u00e4stid\" \/>\n\t<meta name=\"twitter:data1\" content=\"1 minut\" \/>\n<script type=\"application\/ld+json\" class=\"yoast-schema-graph\">{\"@context\":\"https:\\\/\\\/schema.org\",\"@graph\":[{\"@type\":\"WebPage\",\"@id\":\"https:\\\/\\\/wp.kristdemokraterna.se\\\/gavle\\\/textsida-med-vanster-sidebar\\\/\",\"url\":\"https:\\\/\\\/wp.kristdemokraterna.se\\\/gavle\\\/textsida-med-vanster-sidebar\\\/\",\"name\":\"V\u00e5r partiavdelning i G\u00e4vle - Kristdemokraterna i G\u00e4vle\",\"isPartOf\":{\"@id\":\"https:\\\/\\\/wp.kristdemokraterna.se\\\/gavle\\\/#website\"},\"datePublished\":\"2017-11-29T15:48:28+00:00\",\"dateModified\":\"2021-08-31T10:22:38+00:00\",\"breadcrumb\":{\"@id\":\"https:\\\/\\\/wp.kristdemokraterna.se\\\/gavle\\\/textsida-med-vanster-sidebar\\\/#breadcrumb\"},\"inLanguage\":\"sv-SE\",\"potentialAction\":[{\"@type\":\"ReadAction\",\"target\":[\"https:\\\/\\\/wp.kristdemokraterna.se\\\/gavle\\\/textsida-med-vanster-sidebar\\\/\"]}]},{\"@type\":\"BreadcrumbList\",\"@id\":\"https:\\\/\\\/wp.kristdemokraterna.se\\\/gavle\\\/textsida-med-vanster-sidebar\\\/#breadcrumb\",\"itemListElement\":[{\"@type\":\"ListItem\",\"position\":1,\"name\":\"Hem\",\"item\":\"https:\\\/\\\/wp.kristdemokraterna.se\\\/gavle\\\/\"},{\"@type\":\"ListItem\",\"position\":2,\"name\":\"V\u00e5r partiavdelning i G\u00e4vle\"}]},{\"@type\":\"WebSite\",\"@id\":\"https:\\\/\\\/wp.kristdemokraterna.se\\\/gavle\\\/#website\",\"url\":\"https:\\\/\\\/wp.kristdemokraterna.se\\\/gavle\\\/\",\"name\":\"Kristdemokraterna i G\u00e4vle\",\"description\":\"En till Kristdemokraterna webbplats\",\"inLanguage\":\"sv-SE\"}]}<\/script>\n<!-- \/ Yoast SEO plugin. -->","yoast_head_json":{"title":"V\u00e5r partiavdelning i G\u00e4vle - Kristdemokraterna i G\u00e4vle","robots":{"index":"index","follow":"follow","max-snippet":"max-snippet:-1","max-image-preview":"max-image-preview:large","max-video-preview":"max-video-preview:-1"},"canonical":"https:\/\/wp.kristdemokraterna.se\/gavle\/textsida-med-vanster-sidebar\/","og_locale":"sv_SE","og_type":"article","og_title":"V\u00e5r partiavdelning i G\u00e4vle - Kristdemokraterna i G\u00e4vle","og_description":"Kristdemokraterna i G\u00e4vle Kristdemokraterna i G\u00e4vle \u00e4r en starkt v\u00e4xande lokalavdelning med \u00f6ver 200 medlemmar. Vi \u00e4r en av tio lokalavdelningar som tillh\u00f6r partidistrikt G\u00e4vleborg. V\u00e5rt kansli ligger p\u00e5 Skolg\u00e5ngen 17 i G\u00e4vle d\u00e4r vi \u00e4ven h\u00e5ller v\u00e5ra medlemsm\u00f6ten, utbildningar och andra tr\u00e4ffar. Varmt v\u00e4lkommen att bli en del av v\u00e5r avdelning. &nbsp; Du f\u00f6ljer L\u00e4s mer","og_url":"https:\/\/wp.kristdemokraterna.se\/gavle\/textsida-med-vanster-sidebar\/","og_site_name":"Kristdemokraterna i G\u00e4vle","article_modified_time":"2021-08-31T10:22:38+00:00","twitter_card":"summary_large_image","twitter_misc":{"Ber\u00e4knad l\u00e4stid":"1 minut"},"schema":{"@context":"https:\/\/schema.org","@graph":[{"@type":"WebPage","@id":"https:\/\/wp.kristdemokraterna.se\/gavle\/textsida-med-vanster-sidebar\/","url":"https:\/\/wp.kristdemokraterna.se\/gavle\/textsida-med-vanster-sidebar\/","name":"V\u00e5r partiavdelning i G\u00e4vle - Kristdemokraterna i G\u00e4vle","isPartOf":{"@id":"https:\/\/wp.kristdemokraterna.se\/gavle\/#website"},"datePublished":"2017-11-29T15:48:28+00:00","dateModified":"2021-08-31T10:22:38+00:00","breadcrumb":{"@id":"https:\/\/wp.kristdemokraterna.se\/gavle\/textsida-med-vanster-sidebar\/#breadcrumb"},"inLanguage":"sv-SE","potentialAction":[{"@type":"ReadAction","target":["https:\/\/wp.kristdemokraterna.se\/gavle\/textsida-med-vanster-sidebar\/"]}]},{"@type":"BreadcrumbList","@id":"https:\/\/wp.kristdemokraterna.se\/gavle\/textsida-med-vanster-sidebar\/#breadcrumb","itemListElement":[{"@type":"ListItem","position":1,"name":"Hem","item":"https:\/\/wp.kristdemokraterna.se\/gavle\/"},{"@type":"ListItem","position":2,"name":"V\u00e5r partiavdelning i G\u00e4vle"}]},{"@type":"WebSite","@id":"https:\/\/wp.kristdemokraterna.se\/gavle\/#website","url":"https:\/\/wp.kristdemokraterna.se\/gavle\/","name":"Kristdemokraterna i G\u00e4vle","description":"En till Kristdemokraterna webbplats","inLanguage":"sv-SE"}]}},"_links":{"self":[{"href":"https:\/\/wp.kristdemokraterna.se\/gavle\/wp-json\/wp\/v2\/pages\/269","targetHints":{"allow":["GET"]}}],"collection":[{"href":"https:\/\/wp.kristdemokraterna.se\/gavle\/wp-json\/wp\/v2\/pages"}],"about":[{"href":"https:\/\/wp.kristdemokraterna.se\/gavle\/wp-json\/wp\/v2\/types\/page"}],"author":[{"embeddable":true,"href":"https:\/\/wp.kristdemokraterna.se\/gavle\/wp-json\/wp\/v2\/users\/538"}],"replies":[{"embeddable":true,"href":"https:\/\/wp.kristdemokraterna.se\/gavle\/wp-json\/wp\/v2\/comments?post=269"}],"version-history":[{"count":18,"href":"https:\/\/wp.kristdemokraterna.se\/gavle\/wp-json\/wp\/v2\/pages\/269\/revisions"}],"predecessor-version":[{"id":621,"href":"https:\/\/wp.kristdemokraterna.se\/gavle\/wp-json\/wp\/v2\/pages\/269\/revisions\/621"}],"wp:attachment":[{"href":"https:\/\/wp.kristdemokraterna.se\/gavle\/wp-json\/wp\/v2\/media?parent=269"}],"curies":[{"name":"wp","href":"https:\/\/api.w.org\/{rel}","templated":true}]}}