{"id":1375,"date":"2022-06-18T20:19:53","date_gmt":"2022-06-18T18:19:53","guid":{"rendered":"https:\/\/wp.kristdemokraterna.se\/gotland\/?page_id=1375"},"modified":"2024-05-21T22:32:36","modified_gmt":"2024-05-21T20:32:36","slug":"gotland-vart-hjartland","status":"publish","type":"page","link":"https:\/\/wp.kristdemokraterna.se\/gotland\/val-2022\/ett-gotland-som-star-pa-egna-ben-valprogram-2022\/gotland-vart-hjartland\/","title":{"rendered":"Gotland &#8211; v\u00e5rt hj\u00e4rtland"},"content":{"rendered":"<p>Gotland \u00e4r v\u00e5rt hj\u00e4rtland \u2013 den del av landet d\u00e4r vi har v\u00e5rt hj\u00e4rta. Den \u00f6 som har stort v\u00e4rde f\u00f6r oss som bor h\u00e4r och ger liv \u00e5t andra delar av landet, men som ocks\u00e5 st\u00e5r inf\u00f6r stora utmaningar och m\u00e5ste fungera. H\u00e4r ska det vara m\u00f6jligt att komma till v\u00e4rlden p\u00e5 ett tryggt s\u00e4tt, m\u00f6ta livet och v\u00e4xa upp omgiven av familj, v\u00e4nner och ett samh\u00e4lle som vill ens b\u00e4sta. Det ska finnas utbildning som f\u00f6rbereder f\u00f6r ett yrkesliv, och det ska vara m\u00f6jligt att utvecklas, m\u00e5 bra och leva gott \u00e4nda tills den dag d\u00e5 livet har sitt slut.<\/p>\n<p>Och genom allt detta ska det finnas st\u00f6d, n\u00e4r det beh\u00f6vs och p\u00e5 det s\u00e4tt som passar var och en. Varje m\u00e4nniska har ett absolut och okr\u00e4nkbart v\u00e4rde och \u00e4r samtidigt unik vad g\u00e4ller beg\u00e5vning, intressen och f\u00f6ruts\u00e4ttningar.<\/p>\n<p>Vi beh\u00f6ver sl\u00e5 vakt om det som \u00e4r gott med Gotland, och v\u00e5ga utveckla det som beh\u00f6ver bli b\u00e4ttre.<\/p>\n<p><img loading=\"lazy\" decoding=\"async\" class=\"size-medium wp-image-1464 alignnone\" src=\"http:\/\/wp.kristdemokraterna.se\/gotland\/files\/2022\/08\/hjartland-296x300.jpg\" alt=\"\" width=\"296\" height=\"300\" srcset=\"https:\/\/wp.kristdemokraterna.se\/gotland\/files\/2022\/08\/hjartland-296x300.jpg 296w, https:\/\/wp.kristdemokraterna.se\/gotland\/files\/2022\/08\/hjartland-197x200.jpg 197w, https:\/\/wp.kristdemokraterna.se\/gotland\/files\/2022\/08\/hjartland-370x375.jpg 370w, https:\/\/wp.kristdemokraterna.se\/gotland\/files\/2022\/08\/hjartland-90x90.jpg 90w, https:\/\/wp.kristdemokraterna.se\/gotland\/files\/2022\/08\/hjartland-280x284.jpg 280w, https:\/\/wp.kristdemokraterna.se\/gotland\/files\/2022\/08\/hjartland-340x345.jpg 340w, https:\/\/wp.kristdemokraterna.se\/gotland\/files\/2022\/08\/hjartland-55x56.jpg 55w, https:\/\/wp.kristdemokraterna.se\/gotland\/files\/2022\/08\/hjartland.jpg 374w\" sizes=\"auto, (max-width: 296px) 100vw, 296px\" \/><\/p>\n","protected":false},"excerpt":{"rendered":"<p>Gotland \u00e4r v\u00e5rt hj\u00e4rtland \u2013 den del av landet d\u00e4r vi har v\u00e5rt hj\u00e4rta. Den \u00f6 som har stort v\u00e4rde f\u00f6r oss som bor h\u00e4r och ger liv \u00e5t andra delar av landet, men som ocks\u00e5 st\u00e5r inf\u00f6r stora utmaningar och m\u00e5ste fungera. H\u00e4r ska det vara m\u00f6jligt att komma till v\u00e4rlden p\u00e5 ett tryggt <a class=\"read-more-link\" href=\"https:\/\/wp.kristdemokraterna.se\/gotland\/val-2022\/ett-gotland-som-star-pa-egna-ben-valprogram-2022\/gotland-vart-hjartland\/\">Read More<\/a><\/p>\n","protected":false},"author":408,"featured_media":0,"parent":1369,"menu_order":2,"comment_status":"closed","ping_status":"closed","template":"","meta":{"_acf_changed":false,"footnotes":""},"class_list":["post-1375","page","type-page","status-publish","hentry"],"acf":[],"yoast_head":"<!-- This site is optimized with the Yoast SEO plugin v27.3 - https:\/\/yoast.com\/product\/yoast-seo-wordpress\/ -->\n<title>Gotland - v\u00e5rt hj\u00e4rtland - Kristdemokraterna Gotland<\/title>\n<meta name=\"robots\" content=\"index, follow, max-snippet:-1, max-image-preview:large, max-video-preview:-1\" \/>\n<link rel=\"canonical\" href=\"https:\/\/wp.kristdemokraterna.se\/gotland\/val-2022\/ett-gotland-som-star-pa-egna-ben-valprogram-2022\/gotland-vart-hjartland\/\" \/>\n<meta property=\"og:locale\" content=\"sv_SE\" \/>\n<meta property=\"og:type\" content=\"article\" \/>\n<meta property=\"og:title\" content=\"Gotland - v\u00e5rt hj\u00e4rtland - Kristdemokraterna Gotland\" \/>\n<meta property=\"og:description\" content=\"Gotland \u00e4r v\u00e5rt hj\u00e4rtland \u2013 den del av landet d\u00e4r vi har v\u00e5rt hj\u00e4rta. Den \u00f6 som har stort v\u00e4rde f\u00f6r oss som bor h\u00e4r och ger liv \u00e5t andra delar av landet, men som ocks\u00e5 st\u00e5r inf\u00f6r stora utmaningar och m\u00e5ste fungera. H\u00e4r ska det vara m\u00f6jligt att komma till v\u00e4rlden p\u00e5 ett tryggt Read More\" \/>\n<meta property=\"og:url\" content=\"https:\/\/wp.kristdemokraterna.se\/gotland\/val-2022\/ett-gotland-som-star-pa-egna-ben-valprogram-2022\/gotland-vart-hjartland\/\" \/>\n<meta property=\"og:site_name\" content=\"Kristdemokraterna Gotland\" \/>\n<meta property=\"article:modified_time\" content=\"2024-05-21T20:32:36+00:00\" \/>\n<meta property=\"og:image\" content=\"http:\/\/wp.kristdemokraterna.se\/gotland\/files\/2022\/08\/hjartland-296x300.jpg\" \/>\n<meta name=\"twitter:card\" content=\"summary_large_image\" \/>\n<meta name=\"twitter:label1\" content=\"Ber\u00e4knad l\u00e4stid\" \/>\n\t<meta name=\"twitter:data1\" content=\"1 minut\" \/>\n<script type=\"application\/ld+json\" class=\"yoast-schema-graph\">{\"@context\":\"https:\\\/\\\/schema.org\",\"@graph\":[{\"@type\":\"WebPage\",\"@id\":\"https:\\\/\\\/wp.kristdemokraterna.se\\\/gotland\\\/val-2022\\\/ett-gotland-som-star-pa-egna-ben-valprogram-2022\\\/gotland-vart-hjartland\\\/\",\"url\":\"https:\\\/\\\/wp.kristdemokraterna.se\\\/gotland\\\/val-2022\\\/ett-gotland-som-star-pa-egna-ben-valprogram-2022\\\/gotland-vart-hjartland\\\/\",\"name\":\"Gotland - v\u00e5rt hj\u00e4rtland - Kristdemokraterna Gotland\",\"isPartOf\":{\"@id\":\"https:\\\/\\\/wp.kristdemokraterna.se\\\/gotland\\\/#website\"},\"primaryImageOfPage\":{\"@id\":\"https:\\\/\\\/wp.kristdemokraterna.se\\\/gotland\\\/val-2022\\\/ett-gotland-som-star-pa-egna-ben-valprogram-2022\\\/gotland-vart-hjartland\\\/#primaryimage\"},\"image\":{\"@id\":\"https:\\\/\\\/wp.kristdemokraterna.se\\\/gotland\\\/val-2022\\\/ett-gotland-som-star-pa-egna-ben-valprogram-2022\\\/gotland-vart-hjartland\\\/#primaryimage\"},\"thumbnailUrl\":\"http:\\\/\\\/wp.kristdemokraterna.se\\\/gotland\\\/files\\\/2022\\\/08\\\/hjartland-296x300.jpg\",\"datePublished\":\"2022-06-18T18:19:53+00:00\",\"dateModified\":\"2024-05-21T20:32:36+00:00\",\"breadcrumb\":{\"@id\":\"https:\\\/\\\/wp.kristdemokraterna.se\\\/gotland\\\/val-2022\\\/ett-gotland-som-star-pa-egna-ben-valprogram-2022\\\/gotland-vart-hjartland\\\/#breadcrumb\"},\"inLanguage\":\"sv-SE\",\"potentialAction\":[{\"@type\":\"ReadAction\",\"target\":[\"https:\\\/\\\/wp.kristdemokraterna.se\\\/gotland\\\/val-2022\\\/ett-gotland-som-star-pa-egna-ben-valprogram-2022\\\/gotland-vart-hjartland\\\/\"]}]},{\"@type\":\"ImageObject\",\"inLanguage\":\"sv-SE\",\"@id\":\"https:\\\/\\\/wp.kristdemokraterna.se\\\/gotland\\\/val-2022\\\/ett-gotland-som-star-pa-egna-ben-valprogram-2022\\\/gotland-vart-hjartland\\\/#primaryimage\",\"url\":\"http:\\\/\\\/wp.kristdemokraterna.se\\\/gotland\\\/files\\\/2022\\\/08\\\/hjartland-296x300.jpg\",\"contentUrl\":\"http:\\\/\\\/wp.kristdemokraterna.se\\\/gotland\\\/files\\\/2022\\\/08\\\/hjartland-296x300.jpg\"},{\"@type\":\"BreadcrumbList\",\"@id\":\"https:\\\/\\\/wp.kristdemokraterna.se\\\/gotland\\\/val-2022\\\/ett-gotland-som-star-pa-egna-ben-valprogram-2022\\\/gotland-vart-hjartland\\\/#breadcrumb\",\"itemListElement\":[{\"@type\":\"ListItem\",\"position\":1,\"name\":\"Hem\",\"item\":\"https:\\\/\\\/wp.kristdemokraterna.se\\\/gotland\\\/\"},{\"@type\":\"ListItem\",\"position\":2,\"name\":\"Val 2022\",\"item\":\"https:\\\/\\\/wp.kristdemokraterna.se\\\/gotland\\\/?page_id=847\"},{\"@type\":\"ListItem\",\"position\":3,\"name\":\"Ett Gotland som st\u00e5r p\u00e5 egna ben &#8211; valprogram 2022\",\"item\":\"https:\\\/\\\/wp.kristdemokraterna.se\\\/gotland\\\/val-2022\\\/ett-gotland-som-star-pa-egna-ben-valprogram-2022\\\/\"},{\"@type\":\"ListItem\",\"position\":4,\"name\":\"Gotland &#8211; v\u00e5rt hj\u00e4rtland\"}]},{\"@type\":\"WebSite\",\"@id\":\"https:\\\/\\\/wp.kristdemokraterna.se\\\/gotland\\\/#website\",\"url\":\"https:\\\/\\\/wp.kristdemokraterna.se\\\/gotland\\\/\",\"name\":\"Kristdemokraterna Gotland\",\"description\":\"Kristdemokraterna p\u00e5 Gotland\",\"inLanguage\":\"sv-SE\"}]}<\/script>\n<!-- \/ Yoast SEO plugin. -->","yoast_head_json":{"title":"Gotland - v\u00e5rt hj\u00e4rtland - Kristdemokraterna Gotland","robots":{"index":"index","follow":"follow","max-snippet":"max-snippet:-1","max-image-preview":"max-image-preview:large","max-video-preview":"max-video-preview:-1"},"canonical":"https:\/\/wp.kristdemokraterna.se\/gotland\/val-2022\/ett-gotland-som-star-pa-egna-ben-valprogram-2022\/gotland-vart-hjartland\/","og_locale":"sv_SE","og_type":"article","og_title":"Gotland - v\u00e5rt hj\u00e4rtland - Kristdemokraterna Gotland","og_description":"Gotland \u00e4r v\u00e5rt hj\u00e4rtland \u2013 den del av landet d\u00e4r vi har v\u00e5rt hj\u00e4rta. Den \u00f6 som har stort v\u00e4rde f\u00f6r oss som bor h\u00e4r och ger liv \u00e5t andra delar av landet, men som ocks\u00e5 st\u00e5r inf\u00f6r stora utmaningar och m\u00e5ste fungera. H\u00e4r ska det vara m\u00f6jligt att komma till v\u00e4rlden p\u00e5 ett tryggt Read More","og_url":"https:\/\/wp.kristdemokraterna.se\/gotland\/val-2022\/ett-gotland-som-star-pa-egna-ben-valprogram-2022\/gotland-vart-hjartland\/","og_site_name":"Kristdemokraterna Gotland","article_modified_time":"2024-05-21T20:32:36+00:00","og_image":[{"url":"http:\/\/wp.kristdemokraterna.se\/gotland\/files\/2022\/08\/hjartland-296x300.jpg","type":"","width":"","height":""}],"twitter_card":"summary_large_image","twitter_misc":{"Ber\u00e4knad l\u00e4stid":"1 minut"},"schema":{"@context":"https:\/\/schema.org","@graph":[{"@type":"WebPage","@id":"https:\/\/wp.kristdemokraterna.se\/gotland\/val-2022\/ett-gotland-som-star-pa-egna-ben-valprogram-2022\/gotland-vart-hjartland\/","url":"https:\/\/wp.kristdemokraterna.se\/gotland\/val-2022\/ett-gotland-som-star-pa-egna-ben-valprogram-2022\/gotland-vart-hjartland\/","name":"Gotland - v\u00e5rt hj\u00e4rtland - Kristdemokraterna Gotland","isPartOf":{"@id":"https:\/\/wp.kristdemokraterna.se\/gotland\/#website"},"primaryImageOfPage":{"@id":"https:\/\/wp.kristdemokraterna.se\/gotland\/val-2022\/ett-gotland-som-star-pa-egna-ben-valprogram-2022\/gotland-vart-hjartland\/#primaryimage"},"image":{"@id":"https:\/\/wp.kristdemokraterna.se\/gotland\/val-2022\/ett-gotland-som-star-pa-egna-ben-valprogram-2022\/gotland-vart-hjartland\/#primaryimage"},"thumbnailUrl":"http:\/\/wp.kristdemokraterna.se\/gotland\/files\/2022\/08\/hjartland-296x300.jpg","datePublished":"2022-06-18T18:19:53+00:00","dateModified":"2024-05-21T20:32:36+00:00","breadcrumb":{"@id":"https:\/\/wp.kristdemokraterna.se\/gotland\/val-2022\/ett-gotland-som-star-pa-egna-ben-valprogram-2022\/gotland-vart-hjartland\/#breadcrumb"},"inLanguage":"sv-SE","potentialAction":[{"@type":"ReadAction","target":["https:\/\/wp.kristdemokraterna.se\/gotland\/val-2022\/ett-gotland-som-star-pa-egna-ben-valprogram-2022\/gotland-vart-hjartland\/"]}]},{"@type":"ImageObject","inLanguage":"sv-SE","@id":"https:\/\/wp.kristdemokraterna.se\/gotland\/val-2022\/ett-gotland-som-star-pa-egna-ben-valprogram-2022\/gotland-vart-hjartland\/#primaryimage","url":"http:\/\/wp.kristdemokraterna.se\/gotland\/files\/2022\/08\/hjartland-296x300.jpg","contentUrl":"http:\/\/wp.kristdemokraterna.se\/gotland\/files\/2022\/08\/hjartland-296x300.jpg"},{"@type":"BreadcrumbList","@id":"https:\/\/wp.kristdemokraterna.se\/gotland\/val-2022\/ett-gotland-som-star-pa-egna-ben-valprogram-2022\/gotland-vart-hjartland\/#breadcrumb","itemListElement":[{"@type":"ListItem","position":1,"name":"Hem","item":"https:\/\/wp.kristdemokraterna.se\/gotland\/"},{"@type":"ListItem","position":2,"name":"Val 2022","item":"https:\/\/wp.kristdemokraterna.se\/gotland\/?page_id=847"},{"@type":"ListItem","position":3,"name":"Ett Gotland som st\u00e5r p\u00e5 egna ben &#8211; valprogram 2022","item":"https:\/\/wp.kristdemokraterna.se\/gotland\/val-2022\/ett-gotland-som-star-pa-egna-ben-valprogram-2022\/"},{"@type":"ListItem","position":4,"name":"Gotland &#8211; v\u00e5rt hj\u00e4rtland"}]},{"@type":"WebSite","@id":"https:\/\/wp.kristdemokraterna.se\/gotland\/#website","url":"https:\/\/wp.kristdemokraterna.se\/gotland\/","name":"Kristdemokraterna Gotland","description":"Kristdemokraterna p\u00e5 Gotland","inLanguage":"sv-SE"}]}},"_links":{"self":[{"href":"https:\/\/wp.kristdemokraterna.se\/gotland\/wp-json\/wp\/v2\/pages\/1375","targetHints":{"allow":["GET"]}}],"collection":[{"href":"https:\/\/wp.kristdemokraterna.se\/gotland\/wp-json\/wp\/v2\/pages"}],"about":[{"href":"https:\/\/wp.kristdemokraterna.se\/gotland\/wp-json\/wp\/v2\/types\/page"}],"author":[{"embeddable":true,"href":"https:\/\/wp.kristdemokraterna.se\/gotland\/wp-json\/wp\/v2\/users\/408"}],"replies":[{"embeddable":true,"href":"https:\/\/wp.kristdemokraterna.se\/gotland\/wp-json\/wp\/v2\/comments?post=1375"}],"version-history":[{"count":3,"href":"https:\/\/wp.kristdemokraterna.se\/gotland\/wp-json\/wp\/v2\/pages\/1375\/revisions"}],"predecessor-version":[{"id":1471,"href":"https:\/\/wp.kristdemokraterna.se\/gotland\/wp-json\/wp\/v2\/pages\/1375\/revisions\/1471"}],"up":[{"embeddable":true,"href":"https:\/\/wp.kristdemokraterna.se\/gotland\/wp-json\/wp\/v2\/pages\/1369"}],"wp:attachment":[{"href":"https:\/\/wp.kristdemokraterna.se\/gotland\/wp-json\/wp\/v2\/media?parent=1375"}],"curies":[{"name":"wp","href":"https:\/\/api.w.org\/{rel}","templated":true}]}}