{"id":1424,"date":"2022-07-12T10:50:02","date_gmt":"2022-07-12T08:50:02","guid":{"rendered":"https:\/\/wp.kristdemokraterna.se\/gotland\/?page_id=1424"},"modified":"2024-04-11T21:45:16","modified_gmt":"2024-04-11T19:45:16","slug":"valsedel-riksdag-2022","status":"publish","type":"page","link":"https:\/\/wp.kristdemokraterna.se\/gotland\/val-2022\/valsedel-riksdag-2022\/","title":{"rendered":"Valsedel riksdag 2022"},"content":{"rendered":"<ol>\n<li>Ebba Busch 35 \u00e5r, partiledare, Uppsala<\/li>\n<li>Sara Lidqvist 44 \u00e5r, ingenj\u00f6r, Hemse<\/li>\n<li>Grym Sara Westberger 35 \u00e5r, sekreterare, Visby<\/li>\n<li>Kjell-Arne Ottosson 47 \u00e5r, riksdagsledamot, \u00d6stervallskog<\/li>\n<li>Jakob Forssmed 48 \u00e5r, riksdagsledamot, Sollentuna<\/li>\n<li>Acko Ankarberg Johansson 58 \u00e5r, riksdagsledamot, Huskvarna<\/li>\n<li>Andreas Carlson 35\u00e5r, riksdagsledamot, Solna<\/li>\n<li>Liza-Maria Norlin 42 \u00e5r, processledare, Sundsvall<\/li>\n<li>Peter Kullgren 41 \u00e5r, partisekreterare, Karlstad<\/li>\n<li>Nike \u00d6rbrink 25 \u00e5r, ordf\u00f6rande KDU, Stockholm<\/li>\n<li>Yusuf Aydin 40 \u00e5r, gruppchef, Botkyrka<\/li>\n<li>Camilla Brodin 43 \u00e5r, riksdagsledamot, T\u00e4by<\/li>\n<li>Hans Eklind 55 \u00e5r, riksdagsledamot, \u00d6rebro<\/li>\n<li>Magnus Oscarsson 51 \u00e5r, riksdagsledamot, \u00d6desh\u00f6g<\/li>\n<li>Ola Bj\u00f6rkqvist 71 \u00e5r, lantbrukare, Tofta<\/li>\n<li>Pia Steensland 50 \u00e5r, riksdagsledamot, Str\u00e4ngn\u00e4s<\/li>\n<li>Linn\u00e9a H\u00f6gberg 43 \u00e5r, sjuksk\u00f6terska, Tingst\u00e4de<\/li>\n<li>Mats Hedqvist 59 \u00e5r, f\u00f6retagare, Visby<\/li>\n<li>Anna Haack 56 \u00e5r, redovisningskonsult, Tofta<\/li>\n<li>Johan Asplund 66 \u00e5r, ingenj\u00f6r, Sproge<\/li>\n<li>Anna-Karin Gustafsson 54 \u00e5r, specialpedagog, Visby<\/li>\n<\/ol>\n<p>&nbsp;<\/p>\n","protected":false},"excerpt":{"rendered":"<p>Ebba Busch 35 \u00e5r, partiledare, Uppsala Sara Lidqvist 44 \u00e5r, ingenj\u00f6r, Hemse Grym Sara Westberger 35 \u00e5r, sekreterare, Visby Kjell-Arne Ottosson 47 \u00e5r, riksdagsledamot, \u00d6stervallskog Jakob Forssmed 48 \u00e5r, riksdagsledamot, Sollentuna Acko Ankarberg Johansson 58 \u00e5r, riksdagsledamot, Huskvarna Andreas Carlson 35\u00e5r, riksdagsledamot, Solna Liza-Maria Norlin 42 \u00e5r, processledare, Sundsvall Peter Kullgren 41 \u00e5r, partisekreterare, Karlstad <a class=\"read-more-link\" href=\"https:\/\/wp.kristdemokraterna.se\/gotland\/val-2022\/valsedel-riksdag-2022\/\">Read More<\/a><\/p>\n","protected":false},"author":408,"featured_media":0,"parent":847,"menu_order":0,"comment_status":"closed","ping_status":"closed","template":"","meta":{"_acf_changed":false,"footnotes":""},"class_list":["post-1424","page","type-page","status-publish","hentry"],"acf":[],"yoast_head":"<!-- This site is optimized with the Yoast SEO plugin v27.4 - https:\/\/yoast.com\/product\/yoast-seo-wordpress\/ -->\n<title>Valsedel riksdag 2022 - Kristdemokraterna Gotland<\/title>\n<meta name=\"robots\" content=\"index, follow, max-snippet:-1, max-image-preview:large, max-video-preview:-1\" \/>\n<link rel=\"canonical\" href=\"https:\/\/wp.kristdemokraterna.se\/gotland\/val-2022\/valsedel-riksdag-2022\/\" \/>\n<meta property=\"og:locale\" content=\"sv_SE\" \/>\n<meta property=\"og:type\" content=\"article\" \/>\n<meta property=\"og:title\" content=\"Valsedel riksdag 2022 - Kristdemokraterna Gotland\" \/>\n<meta property=\"og:description\" content=\"Ebba Busch 35 \u00e5r, partiledare, Uppsala Sara Lidqvist 44 \u00e5r, ingenj\u00f6r, Hemse Grym Sara Westberger 35 \u00e5r, sekreterare, Visby Kjell-Arne Ottosson 47 \u00e5r, riksdagsledamot, \u00d6stervallskog Jakob Forssmed 48 \u00e5r, riksdagsledamot, Sollentuna Acko Ankarberg Johansson 58 \u00e5r, riksdagsledamot, Huskvarna Andreas Carlson 35\u00e5r, riksdagsledamot, Solna Liza-Maria Norlin 42 \u00e5r, processledare, Sundsvall Peter Kullgren 41 \u00e5r, partisekreterare, Karlstad Read More\" \/>\n<meta property=\"og:url\" content=\"https:\/\/wp.kristdemokraterna.se\/gotland\/val-2022\/valsedel-riksdag-2022\/\" \/>\n<meta property=\"og:site_name\" content=\"Kristdemokraterna Gotland\" \/>\n<meta property=\"article:modified_time\" content=\"2024-04-11T19:45:16+00:00\" \/>\n<meta name=\"twitter:card\" content=\"summary_large_image\" \/>\n<meta name=\"twitter:label1\" content=\"Ber\u00e4knad l\u00e4stid\" \/>\n\t<meta name=\"twitter:data1\" content=\"1 minut\" \/>\n<script type=\"application\/ld+json\" class=\"yoast-schema-graph\">{\"@context\":\"https:\\\/\\\/schema.org\",\"@graph\":[{\"@type\":\"WebPage\",\"@id\":\"https:\\\/\\\/wp.kristdemokraterna.se\\\/gotland\\\/val-2022\\\/valsedel-riksdag-2022\\\/\",\"url\":\"https:\\\/\\\/wp.kristdemokraterna.se\\\/gotland\\\/val-2022\\\/valsedel-riksdag-2022\\\/\",\"name\":\"Valsedel riksdag 2022 - Kristdemokraterna Gotland\",\"isPartOf\":{\"@id\":\"https:\\\/\\\/wp.kristdemokraterna.se\\\/gotland\\\/#website\"},\"datePublished\":\"2022-07-12T08:50:02+00:00\",\"dateModified\":\"2024-04-11T19:45:16+00:00\",\"breadcrumb\":{\"@id\":\"https:\\\/\\\/wp.kristdemokraterna.se\\\/gotland\\\/val-2022\\\/valsedel-riksdag-2022\\\/#breadcrumb\"},\"inLanguage\":\"sv-SE\",\"potentialAction\":[{\"@type\":\"ReadAction\",\"target\":[\"https:\\\/\\\/wp.kristdemokraterna.se\\\/gotland\\\/val-2022\\\/valsedel-riksdag-2022\\\/\"]}]},{\"@type\":\"BreadcrumbList\",\"@id\":\"https:\\\/\\\/wp.kristdemokraterna.se\\\/gotland\\\/val-2022\\\/valsedel-riksdag-2022\\\/#breadcrumb\",\"itemListElement\":[{\"@type\":\"ListItem\",\"position\":1,\"name\":\"Hem\",\"item\":\"https:\\\/\\\/wp.kristdemokraterna.se\\\/gotland\\\/\"},{\"@type\":\"ListItem\",\"position\":2,\"name\":\"Val 2022\",\"item\":\"https:\\\/\\\/wp.kristdemokraterna.se\\\/gotland\\\/?page_id=847\"},{\"@type\":\"ListItem\",\"position\":3,\"name\":\"Valsedel riksdag 2022\"}]},{\"@type\":\"WebSite\",\"@id\":\"https:\\\/\\\/wp.kristdemokraterna.se\\\/gotland\\\/#website\",\"url\":\"https:\\\/\\\/wp.kristdemokraterna.se\\\/gotland\\\/\",\"name\":\"Kristdemokraterna Gotland\",\"description\":\"Kristdemokraterna p\u00e5 Gotland\",\"inLanguage\":\"sv-SE\"}]}<\/script>\n<!-- \/ Yoast SEO plugin. -->","yoast_head_json":{"title":"Valsedel riksdag 2022 - Kristdemokraterna Gotland","robots":{"index":"index","follow":"follow","max-snippet":"max-snippet:-1","max-image-preview":"max-image-preview:large","max-video-preview":"max-video-preview:-1"},"canonical":"https:\/\/wp.kristdemokraterna.se\/gotland\/val-2022\/valsedel-riksdag-2022\/","og_locale":"sv_SE","og_type":"article","og_title":"Valsedel riksdag 2022 - Kristdemokraterna Gotland","og_description":"Ebba Busch 35 \u00e5r, partiledare, Uppsala Sara Lidqvist 44 \u00e5r, ingenj\u00f6r, Hemse Grym Sara Westberger 35 \u00e5r, sekreterare, Visby Kjell-Arne Ottosson 47 \u00e5r, riksdagsledamot, \u00d6stervallskog Jakob Forssmed 48 \u00e5r, riksdagsledamot, Sollentuna Acko Ankarberg Johansson 58 \u00e5r, riksdagsledamot, Huskvarna Andreas Carlson 35\u00e5r, riksdagsledamot, Solna Liza-Maria Norlin 42 \u00e5r, processledare, Sundsvall Peter Kullgren 41 \u00e5r, partisekreterare, Karlstad Read More","og_url":"https:\/\/wp.kristdemokraterna.se\/gotland\/val-2022\/valsedel-riksdag-2022\/","og_site_name":"Kristdemokraterna Gotland","article_modified_time":"2024-04-11T19:45:16+00:00","twitter_card":"summary_large_image","twitter_misc":{"Ber\u00e4knad l\u00e4stid":"1 minut"},"schema":{"@context":"https:\/\/schema.org","@graph":[{"@type":"WebPage","@id":"https:\/\/wp.kristdemokraterna.se\/gotland\/val-2022\/valsedel-riksdag-2022\/","url":"https:\/\/wp.kristdemokraterna.se\/gotland\/val-2022\/valsedel-riksdag-2022\/","name":"Valsedel riksdag 2022 - Kristdemokraterna Gotland","isPartOf":{"@id":"https:\/\/wp.kristdemokraterna.se\/gotland\/#website"},"datePublished":"2022-07-12T08:50:02+00:00","dateModified":"2024-04-11T19:45:16+00:00","breadcrumb":{"@id":"https:\/\/wp.kristdemokraterna.se\/gotland\/val-2022\/valsedel-riksdag-2022\/#breadcrumb"},"inLanguage":"sv-SE","potentialAction":[{"@type":"ReadAction","target":["https:\/\/wp.kristdemokraterna.se\/gotland\/val-2022\/valsedel-riksdag-2022\/"]}]},{"@type":"BreadcrumbList","@id":"https:\/\/wp.kristdemokraterna.se\/gotland\/val-2022\/valsedel-riksdag-2022\/#breadcrumb","itemListElement":[{"@type":"ListItem","position":1,"name":"Hem","item":"https:\/\/wp.kristdemokraterna.se\/gotland\/"},{"@type":"ListItem","position":2,"name":"Val 2022","item":"https:\/\/wp.kristdemokraterna.se\/gotland\/?page_id=847"},{"@type":"ListItem","position":3,"name":"Valsedel riksdag 2022"}]},{"@type":"WebSite","@id":"https:\/\/wp.kristdemokraterna.se\/gotland\/#website","url":"https:\/\/wp.kristdemokraterna.se\/gotland\/","name":"Kristdemokraterna Gotland","description":"Kristdemokraterna p\u00e5 Gotland","inLanguage":"sv-SE"}]}},"_links":{"self":[{"href":"https:\/\/wp.kristdemokraterna.se\/gotland\/wp-json\/wp\/v2\/pages\/1424","targetHints":{"allow":["GET"]}}],"collection":[{"href":"https:\/\/wp.kristdemokraterna.se\/gotland\/wp-json\/wp\/v2\/pages"}],"about":[{"href":"https:\/\/wp.kristdemokraterna.se\/gotland\/wp-json\/wp\/v2\/types\/page"}],"author":[{"embeddable":true,"href":"https:\/\/wp.kristdemokraterna.se\/gotland\/wp-json\/wp\/v2\/users\/408"}],"replies":[{"embeddable":true,"href":"https:\/\/wp.kristdemokraterna.se\/gotland\/wp-json\/wp\/v2\/comments?post=1424"}],"version-history":[{"count":3,"href":"https:\/\/wp.kristdemokraterna.se\/gotland\/wp-json\/wp\/v2\/pages\/1424\/revisions"}],"predecessor-version":[{"id":1736,"href":"https:\/\/wp.kristdemokraterna.se\/gotland\/wp-json\/wp\/v2\/pages\/1424\/revisions\/1736"}],"up":[{"embeddable":true,"href":"https:\/\/wp.kristdemokraterna.se\/gotland\/wp-json\/wp\/v2\/pages\/847"}],"wp:attachment":[{"href":"https:\/\/wp.kristdemokraterna.se\/gotland\/wp-json\/wp\/v2\/media?parent=1424"}],"curies":[{"name":"wp","href":"https:\/\/api.w.org\/{rel}","templated":true}]}}