{"id":1821,"date":"2025-03-31T16:41:05","date_gmt":"2025-03-31T14:41:05","guid":{"rendered":"https:\/\/wp.kristdemokraterna.se\/gotland\/?page_id=1821"},"modified":"2026-03-11T15:19:44","modified_gmt":"2026-03-11T14:19:44","slug":"sara-lidqvist","status":"publish","type":"page","link":"https:\/\/wp.kristdemokraterna.se\/gotland\/vara-fortroendevalda\/sara-lidqvist\/","title":{"rendered":"Sara Lidqvist"},"content":{"rendered":"<ul>\n<li>Ordf\u00f6rande f\u00f6r Kristdemokraterna p\u00e5 Gotland<\/li>\n<li>Gruppledare och ledamot i regionfullm\u00e4ktige<\/li>\n<\/ul>\n<p>Mitt hj\u00e4rta finns p\u00e5 den gotl\u00e4ndska landsbygden. Jag brinner f\u00f6r att g\u00f6ra vardagen enklare och livet b\u00e4ttre f\u00f6r de som lever och \u00e4r verksamma h\u00e4r, att bidra till att f\u00e5 livspusslet att g\u00e5 ihop f\u00f6r familjerna och att skapa goda f\u00f6ruts\u00e4ttningar f\u00f6r lantbrukare.<\/p>\n<p>Till vardags jobbar jag med digitalisering inom offentlig sektor.<\/p>\n<p><a href=\"http:\/\/wp.kristdemokraterna.se\/gotland\/files\/2026\/03\/sarap1070128_liten.jpg\"><img loading=\"lazy\" decoding=\"async\" class=\"alignleft wp-image-1886 size-large\" src=\"http:\/\/wp.kristdemokraterna.se\/gotland\/files\/2026\/03\/sarap1070128_liten-444x540.jpg\" alt=\"\" width=\"444\" height=\"540\" srcset=\"https:\/\/wp.kristdemokraterna.se\/gotland\/files\/2026\/03\/sarap1070128_liten-444x540.jpg 444w, https:\/\/wp.kristdemokraterna.se\/gotland\/files\/2026\/03\/sarap1070128_liten-247x300.jpg 247w, https:\/\/wp.kristdemokraterna.se\/gotland\/files\/2026\/03\/sarap1070128_liten-768x933.jpg 768w, https:\/\/wp.kristdemokraterna.se\/gotland\/files\/2026\/03\/sarap1070128_liten-165x200.jpg 165w, https:\/\/wp.kristdemokraterna.se\/gotland\/files\/2026\/03\/sarap1070128_liten-370x450.jpg 370w, https:\/\/wp.kristdemokraterna.se\/gotland\/files\/2026\/03\/sarap1070128_liten-770x936.jpg 770w, https:\/\/wp.kristdemokraterna.se\/gotland\/files\/2026\/03\/sarap1070128_liten-450x547.jpg 450w, https:\/\/wp.kristdemokraterna.se\/gotland\/files\/2026\/03\/sarap1070128_liten-280x340.jpg 280w, https:\/\/wp.kristdemokraterna.se\/gotland\/files\/2026\/03\/sarap1070128_liten-340x413.jpg 340w, https:\/\/wp.kristdemokraterna.se\/gotland\/files\/2026\/03\/sarap1070128_liten-46x56.jpg 46w, https:\/\/wp.kristdemokraterna.se\/gotland\/files\/2026\/03\/sarap1070128_liten.jpg 1000w\" sizes=\"auto, (max-width: 444px) 100vw, 444px\" \/><\/a><\/p>\n","protected":false},"excerpt":{"rendered":"<p>Ordf\u00f6rande f\u00f6r Kristdemokraterna p\u00e5 Gotland Gruppledare och ledamot i regionfullm\u00e4ktige Mitt hj\u00e4rta finns p\u00e5 den gotl\u00e4ndska landsbygden. Jag brinner f\u00f6r att g\u00f6ra vardagen enklare och livet b\u00e4ttre f\u00f6r de som lever och \u00e4r verksamma h\u00e4r, att bidra till att f\u00e5 livspusslet att g\u00e5 ihop f\u00f6r familjerna och att skapa goda f\u00f6ruts\u00e4ttningar f\u00f6r lantbrukare. Till vardags <a class=\"read-more-link\" href=\"https:\/\/wp.kristdemokraterna.se\/gotland\/vara-fortroendevalda\/sara-lidqvist\/\">Read More<\/a><\/p>\n","protected":false},"author":422,"featured_media":0,"parent":872,"menu_order":1,"comment_status":"closed","ping_status":"closed","template":"","meta":{"_acf_changed":false,"footnotes":""},"class_list":["post-1821","page","type-page","status-publish","hentry"],"acf":[],"yoast_head":"<!-- This site is optimized with the Yoast SEO plugin v27.3 - https:\/\/yoast.com\/product\/yoast-seo-wordpress\/ -->\n<title>Sara Lidqvist - Kristdemokraterna Gotland<\/title>\n<meta name=\"robots\" content=\"index, follow, max-snippet:-1, max-image-preview:large, max-video-preview:-1\" \/>\n<link rel=\"canonical\" href=\"https:\/\/wp.kristdemokraterna.se\/gotland\/vara-fortroendevalda\/sara-lidqvist\/\" \/>\n<meta property=\"og:locale\" content=\"sv_SE\" \/>\n<meta property=\"og:type\" content=\"article\" \/>\n<meta property=\"og:title\" content=\"Sara Lidqvist - Kristdemokraterna Gotland\" \/>\n<meta property=\"og:description\" content=\"Ordf\u00f6rande f\u00f6r Kristdemokraterna p\u00e5 Gotland Gruppledare och ledamot i regionfullm\u00e4ktige Mitt hj\u00e4rta finns p\u00e5 den gotl\u00e4ndska landsbygden. Jag brinner f\u00f6r att g\u00f6ra vardagen enklare och livet b\u00e4ttre f\u00f6r de som lever och \u00e4r verksamma h\u00e4r, att bidra till att f\u00e5 livspusslet att g\u00e5 ihop f\u00f6r familjerna och att skapa goda f\u00f6ruts\u00e4ttningar f\u00f6r lantbrukare. Till vardags Read More\" \/>\n<meta property=\"og:url\" content=\"https:\/\/wp.kristdemokraterna.se\/gotland\/vara-fortroendevalda\/sara-lidqvist\/\" \/>\n<meta property=\"og:site_name\" content=\"Kristdemokraterna Gotland\" \/>\n<meta property=\"article:modified_time\" content=\"2026-03-11T14:19:44+00:00\" \/>\n<meta property=\"og:image\" content=\"https:\/\/wp.kristdemokraterna.se\/gotland\/files\/2026\/03\/sarap1070128_liten.jpg\" \/>\n\t<meta property=\"og:image:width\" content=\"1000\" \/>\n\t<meta property=\"og:image:height\" content=\"1215\" \/>\n\t<meta property=\"og:image:type\" content=\"image\/jpeg\" \/>\n<meta name=\"twitter:card\" content=\"summary_large_image\" \/>\n<meta name=\"twitter:label1\" content=\"Ber\u00e4knad l\u00e4stid\" \/>\n\t<meta name=\"twitter:data1\" content=\"1 minut\" \/>\n<script type=\"application\/ld+json\" class=\"yoast-schema-graph\">{\"@context\":\"https:\\\/\\\/schema.org\",\"@graph\":[{\"@type\":\"WebPage\",\"@id\":\"https:\\\/\\\/wp.kristdemokraterna.se\\\/gotland\\\/vara-fortroendevalda\\\/sara-lidqvist\\\/\",\"url\":\"https:\\\/\\\/wp.kristdemokraterna.se\\\/gotland\\\/vara-fortroendevalda\\\/sara-lidqvist\\\/\",\"name\":\"Sara Lidqvist - Kristdemokraterna Gotland\",\"isPartOf\":{\"@id\":\"https:\\\/\\\/wp.kristdemokraterna.se\\\/gotland\\\/#website\"},\"primaryImageOfPage\":{\"@id\":\"https:\\\/\\\/wp.kristdemokraterna.se\\\/gotland\\\/vara-fortroendevalda\\\/sara-lidqvist\\\/#primaryimage\"},\"image\":{\"@id\":\"https:\\\/\\\/wp.kristdemokraterna.se\\\/gotland\\\/vara-fortroendevalda\\\/sara-lidqvist\\\/#primaryimage\"},\"thumbnailUrl\":\"http:\\\/\\\/wp.kristdemokraterna.se\\\/gotland\\\/files\\\/2026\\\/03\\\/sarap1070128_liten-444x540.jpg\",\"datePublished\":\"2025-03-31T14:41:05+00:00\",\"dateModified\":\"2026-03-11T14:19:44+00:00\",\"breadcrumb\":{\"@id\":\"https:\\\/\\\/wp.kristdemokraterna.se\\\/gotland\\\/vara-fortroendevalda\\\/sara-lidqvist\\\/#breadcrumb\"},\"inLanguage\":\"sv-SE\",\"potentialAction\":[{\"@type\":\"ReadAction\",\"target\":[\"https:\\\/\\\/wp.kristdemokraterna.se\\\/gotland\\\/vara-fortroendevalda\\\/sara-lidqvist\\\/\"]}]},{\"@type\":\"ImageObject\",\"inLanguage\":\"sv-SE\",\"@id\":\"https:\\\/\\\/wp.kristdemokraterna.se\\\/gotland\\\/vara-fortroendevalda\\\/sara-lidqvist\\\/#primaryimage\",\"url\":\"https:\\\/\\\/wp.kristdemokraterna.se\\\/gotland\\\/files\\\/2026\\\/03\\\/sarap1070128_liten.jpg\",\"contentUrl\":\"https:\\\/\\\/wp.kristdemokraterna.se\\\/gotland\\\/files\\\/2026\\\/03\\\/sarap1070128_liten.jpg\",\"width\":1000,\"height\":1215},{\"@type\":\"BreadcrumbList\",\"@id\":\"https:\\\/\\\/wp.kristdemokraterna.se\\\/gotland\\\/vara-fortroendevalda\\\/sara-lidqvist\\\/#breadcrumb\",\"itemListElement\":[{\"@type\":\"ListItem\",\"position\":1,\"name\":\"Hem\",\"item\":\"https:\\\/\\\/wp.kristdemokraterna.se\\\/gotland\\\/\"},{\"@type\":\"ListItem\",\"position\":2,\"name\":\"V\u00e5ra f\u00f6rtroendevalda\",\"item\":\"https:\\\/\\\/wp.kristdemokraterna.se\\\/gotland\\\/vara-fortroendevalda\\\/\"},{\"@type\":\"ListItem\",\"position\":3,\"name\":\"Sara Lidqvist\"}]},{\"@type\":\"WebSite\",\"@id\":\"https:\\\/\\\/wp.kristdemokraterna.se\\\/gotland\\\/#website\",\"url\":\"https:\\\/\\\/wp.kristdemokraterna.se\\\/gotland\\\/\",\"name\":\"Kristdemokraterna Gotland\",\"description\":\"Kristdemokraterna p\u00e5 Gotland\",\"inLanguage\":\"sv-SE\"}]}<\/script>\n<!-- \/ Yoast SEO plugin. -->","yoast_head_json":{"title":"Sara Lidqvist - Kristdemokraterna Gotland","robots":{"index":"index","follow":"follow","max-snippet":"max-snippet:-1","max-image-preview":"max-image-preview:large","max-video-preview":"max-video-preview:-1"},"canonical":"https:\/\/wp.kristdemokraterna.se\/gotland\/vara-fortroendevalda\/sara-lidqvist\/","og_locale":"sv_SE","og_type":"article","og_title":"Sara Lidqvist - Kristdemokraterna Gotland","og_description":"Ordf\u00f6rande f\u00f6r Kristdemokraterna p\u00e5 Gotland Gruppledare och ledamot i regionfullm\u00e4ktige Mitt hj\u00e4rta finns p\u00e5 den gotl\u00e4ndska landsbygden. Jag brinner f\u00f6r att g\u00f6ra vardagen enklare och livet b\u00e4ttre f\u00f6r de som lever och \u00e4r verksamma h\u00e4r, att bidra till att f\u00e5 livspusslet att g\u00e5 ihop f\u00f6r familjerna och att skapa goda f\u00f6ruts\u00e4ttningar f\u00f6r lantbrukare. Till vardags Read More","og_url":"https:\/\/wp.kristdemokraterna.se\/gotland\/vara-fortroendevalda\/sara-lidqvist\/","og_site_name":"Kristdemokraterna Gotland","article_modified_time":"2026-03-11T14:19:44+00:00","og_image":[{"width":1000,"height":1215,"url":"https:\/\/wp.kristdemokraterna.se\/gotland\/files\/2026\/03\/sarap1070128_liten.jpg","type":"image\/jpeg"}],"twitter_card":"summary_large_image","twitter_misc":{"Ber\u00e4knad l\u00e4stid":"1 minut"},"schema":{"@context":"https:\/\/schema.org","@graph":[{"@type":"WebPage","@id":"https:\/\/wp.kristdemokraterna.se\/gotland\/vara-fortroendevalda\/sara-lidqvist\/","url":"https:\/\/wp.kristdemokraterna.se\/gotland\/vara-fortroendevalda\/sara-lidqvist\/","name":"Sara Lidqvist - Kristdemokraterna Gotland","isPartOf":{"@id":"https:\/\/wp.kristdemokraterna.se\/gotland\/#website"},"primaryImageOfPage":{"@id":"https:\/\/wp.kristdemokraterna.se\/gotland\/vara-fortroendevalda\/sara-lidqvist\/#primaryimage"},"image":{"@id":"https:\/\/wp.kristdemokraterna.se\/gotland\/vara-fortroendevalda\/sara-lidqvist\/#primaryimage"},"thumbnailUrl":"http:\/\/wp.kristdemokraterna.se\/gotland\/files\/2026\/03\/sarap1070128_liten-444x540.jpg","datePublished":"2025-03-31T14:41:05+00:00","dateModified":"2026-03-11T14:19:44+00:00","breadcrumb":{"@id":"https:\/\/wp.kristdemokraterna.se\/gotland\/vara-fortroendevalda\/sara-lidqvist\/#breadcrumb"},"inLanguage":"sv-SE","potentialAction":[{"@type":"ReadAction","target":["https:\/\/wp.kristdemokraterna.se\/gotland\/vara-fortroendevalda\/sara-lidqvist\/"]}]},{"@type":"ImageObject","inLanguage":"sv-SE","@id":"https:\/\/wp.kristdemokraterna.se\/gotland\/vara-fortroendevalda\/sara-lidqvist\/#primaryimage","url":"https:\/\/wp.kristdemokraterna.se\/gotland\/files\/2026\/03\/sarap1070128_liten.jpg","contentUrl":"https:\/\/wp.kristdemokraterna.se\/gotland\/files\/2026\/03\/sarap1070128_liten.jpg","width":1000,"height":1215},{"@type":"BreadcrumbList","@id":"https:\/\/wp.kristdemokraterna.se\/gotland\/vara-fortroendevalda\/sara-lidqvist\/#breadcrumb","itemListElement":[{"@type":"ListItem","position":1,"name":"Hem","item":"https:\/\/wp.kristdemokraterna.se\/gotland\/"},{"@type":"ListItem","position":2,"name":"V\u00e5ra f\u00f6rtroendevalda","item":"https:\/\/wp.kristdemokraterna.se\/gotland\/vara-fortroendevalda\/"},{"@type":"ListItem","position":3,"name":"Sara Lidqvist"}]},{"@type":"WebSite","@id":"https:\/\/wp.kristdemokraterna.se\/gotland\/#website","url":"https:\/\/wp.kristdemokraterna.se\/gotland\/","name":"Kristdemokraterna Gotland","description":"Kristdemokraterna p\u00e5 Gotland","inLanguage":"sv-SE"}]}},"_links":{"self":[{"href":"https:\/\/wp.kristdemokraterna.se\/gotland\/wp-json\/wp\/v2\/pages\/1821","targetHints":{"allow":["GET"]}}],"collection":[{"href":"https:\/\/wp.kristdemokraterna.se\/gotland\/wp-json\/wp\/v2\/pages"}],"about":[{"href":"https:\/\/wp.kristdemokraterna.se\/gotland\/wp-json\/wp\/v2\/types\/page"}],"author":[{"embeddable":true,"href":"https:\/\/wp.kristdemokraterna.se\/gotland\/wp-json\/wp\/v2\/users\/422"}],"replies":[{"embeddable":true,"href":"https:\/\/wp.kristdemokraterna.se\/gotland\/wp-json\/wp\/v2\/comments?post=1821"}],"version-history":[{"count":5,"href":"https:\/\/wp.kristdemokraterna.se\/gotland\/wp-json\/wp\/v2\/pages\/1821\/revisions"}],"predecessor-version":[{"id":1888,"href":"https:\/\/wp.kristdemokraterna.se\/gotland\/wp-json\/wp\/v2\/pages\/1821\/revisions\/1888"}],"up":[{"embeddable":true,"href":"https:\/\/wp.kristdemokraterna.se\/gotland\/wp-json\/wp\/v2\/pages\/872"}],"wp:attachment":[{"href":"https:\/\/wp.kristdemokraterna.se\/gotland\/wp-json\/wp\/v2\/media?parent=1821"}],"curies":[{"name":"wp","href":"https:\/\/api.w.org\/{rel}","templated":true}]}}