{"id":8,"date":"2012-11-19T15:56:50","date_gmt":"2012-11-19T14:56:50","guid":{"rendered":"http:\/\/wp.kristdemokraterna.se\/haabo\/?page_id=8"},"modified":"2022-03-26T13:55:27","modified_gmt":"2022-03-26T12:55:27","slug":"kontakta-oss","status":"publish","type":"page","link":"https:\/\/wp.kristdemokraterna.se\/haabo\/kontakta-oss\/","title":{"rendered":"Kontakta oss"},"content":{"rendered":"<p style=\"text-align: left\">E-post till lokalavdelningen <a href=\"mailto:haabo@kristdemokraterna.se\">haabo@kristdemokraterna.se<\/a><\/p>\n<p style=\"text-align: left\">Ordf\u00f6rande: Fred Rydberg &#8211; <a href=\"mailto:fred.ry@telia.com\">fred.ry@telia.com<\/a>, <a href=\"mailto:fred.rydberg@kristdemokraterna.se\">fred.rydberg@kristdemokraterna.se<\/a><\/p>\n<p style=\"text-align: left\">Telefonnummer: 0171 594 36<\/p>\n<p style=\"text-align: left\">Vice Ordf\u00f6rande: Tony Klaesson &#8211;\u00a0 <a href=\"mailto:tony.klaesson@gmail.com\">tony.klaesson@gmail.com<\/a><\/p>\n<p>Kass\u00f6r: Mikaela Klaesson &#8211; <a href=\"mailto:mikaela.klaesson@gmail.com\">mikaela.klaesson@gmail.com <\/a><\/p>\n","protected":false},"excerpt":{"rendered":"<p>E-post till lokalavdelningen haabo@kristdemokraterna.se Ordf\u00f6rande: Fred Rydberg &#8211; fred.ry@telia.com, fred.rydberg@kristdemokraterna.se Telefonnummer: 0171 594 36 Vice Ordf\u00f6rande: Tony Klaesson &#8211;\u00a0 tony.klaesson@gmail.com Kass\u00f6r: Mikaela Klaesson &#8211; mikaela.klaesson@gmail.com<\/p>\n","protected":false},"author":568,"featured_media":0,"parent":0,"menu_order":0,"comment_status":"closed","ping_status":"closed","template":"","meta":{"_acf_changed":false,"footnotes":""},"class_list":["post-8","page","type-page","status-publish","hentry"],"acf":[],"yoast_head":"<!-- This site is optimized with the Yoast SEO plugin v27.4 - https:\/\/yoast.com\/product\/yoast-seo-wordpress\/ -->\n<title>Kontakta oss - H\u00e5bo<\/title>\n<meta name=\"robots\" content=\"index, follow, max-snippet:-1, max-image-preview:large, max-video-preview:-1\" \/>\n<link rel=\"canonical\" href=\"https:\/\/wp.kristdemokraterna.se\/haabo\/kontakta-oss\/\" \/>\n<meta property=\"og:locale\" content=\"sv_SE\" \/>\n<meta property=\"og:type\" content=\"article\" \/>\n<meta property=\"og:title\" content=\"Kontakta oss - H\u00e5bo\" \/>\n<meta property=\"og:description\" content=\"E-post till lokalavdelningen haabo@kristdemokraterna.se Ordf\u00f6rande: Fred Rydberg &#8211; fred.ry@telia.com, fred.rydberg@kristdemokraterna.se Telefonnummer: 0171 594 36 Vice Ordf\u00f6rande: Tony Klaesson &#8211;\u00a0 tony.klaesson@gmail.com Kass\u00f6r: Mikaela Klaesson &#8211; mikaela.klaesson@gmail.com\" \/>\n<meta property=\"og:url\" content=\"https:\/\/wp.kristdemokraterna.se\/haabo\/kontakta-oss\/\" \/>\n<meta property=\"og:site_name\" content=\"H\u00e5bo\" \/>\n<meta property=\"article:modified_time\" content=\"2022-03-26T12:55:27+00:00\" \/>\n<meta name=\"twitter:card\" content=\"summary_large_image\" \/>\n<meta name=\"twitter:label1\" content=\"Ber\u00e4knad l\u00e4stid\" \/>\n\t<meta name=\"twitter:data1\" content=\"1 minut\" \/>\n<script type=\"application\/ld+json\" class=\"yoast-schema-graph\">{\"@context\":\"https:\\\/\\\/schema.org\",\"@graph\":[{\"@type\":\"WebPage\",\"@id\":\"https:\\\/\\\/wp.kristdemokraterna.se\\\/haabo\\\/kontakta-oss\\\/\",\"url\":\"https:\\\/\\\/wp.kristdemokraterna.se\\\/haabo\\\/kontakta-oss\\\/\",\"name\":\"Kontakta oss - H\u00e5bo\",\"isPartOf\":{\"@id\":\"https:\\\/\\\/wp.kristdemokraterna.se\\\/haabo\\\/#website\"},\"datePublished\":\"2012-11-19T14:56:50+00:00\",\"dateModified\":\"2022-03-26T12:55:27+00:00\",\"breadcrumb\":{\"@id\":\"https:\\\/\\\/wp.kristdemokraterna.se\\\/haabo\\\/kontakta-oss\\\/#breadcrumb\"},\"inLanguage\":\"sv-SE\",\"potentialAction\":[{\"@type\":\"ReadAction\",\"target\":[\"https:\\\/\\\/wp.kristdemokraterna.se\\\/haabo\\\/kontakta-oss\\\/\"]}]},{\"@type\":\"BreadcrumbList\",\"@id\":\"https:\\\/\\\/wp.kristdemokraterna.se\\\/haabo\\\/kontakta-oss\\\/#breadcrumb\",\"itemListElement\":[{\"@type\":\"ListItem\",\"position\":1,\"name\":\"Hem\",\"item\":\"https:\\\/\\\/wp.kristdemokraterna.se\\\/haabo\\\/\"},{\"@type\":\"ListItem\",\"position\":2,\"name\":\"Kontakta oss\"}]},{\"@type\":\"WebSite\",\"@id\":\"https:\\\/\\\/wp.kristdemokraterna.se\\\/haabo\\\/#website\",\"url\":\"https:\\\/\\\/wp.kristdemokraterna.se\\\/haabo\\\/\",\"name\":\"H\u00e5bo\",\"description\":\"En till Kristdemokraterna webbplats\",\"inLanguage\":\"sv-SE\"}]}<\/script>\n<!-- \/ Yoast SEO plugin. -->","yoast_head_json":{"title":"Kontakta oss - H\u00e5bo","robots":{"index":"index","follow":"follow","max-snippet":"max-snippet:-1","max-image-preview":"max-image-preview:large","max-video-preview":"max-video-preview:-1"},"canonical":"https:\/\/wp.kristdemokraterna.se\/haabo\/kontakta-oss\/","og_locale":"sv_SE","og_type":"article","og_title":"Kontakta oss - H\u00e5bo","og_description":"E-post till lokalavdelningen haabo@kristdemokraterna.se Ordf\u00f6rande: Fred Rydberg &#8211; fred.ry@telia.com, fred.rydberg@kristdemokraterna.se Telefonnummer: 0171 594 36 Vice Ordf\u00f6rande: Tony Klaesson &#8211;\u00a0 tony.klaesson@gmail.com Kass\u00f6r: Mikaela Klaesson &#8211; mikaela.klaesson@gmail.com","og_url":"https:\/\/wp.kristdemokraterna.se\/haabo\/kontakta-oss\/","og_site_name":"H\u00e5bo","article_modified_time":"2022-03-26T12:55:27+00:00","twitter_card":"summary_large_image","twitter_misc":{"Ber\u00e4knad l\u00e4stid":"1 minut"},"schema":{"@context":"https:\/\/schema.org","@graph":[{"@type":"WebPage","@id":"https:\/\/wp.kristdemokraterna.se\/haabo\/kontakta-oss\/","url":"https:\/\/wp.kristdemokraterna.se\/haabo\/kontakta-oss\/","name":"Kontakta oss - H\u00e5bo","isPartOf":{"@id":"https:\/\/wp.kristdemokraterna.se\/haabo\/#website"},"datePublished":"2012-11-19T14:56:50+00:00","dateModified":"2022-03-26T12:55:27+00:00","breadcrumb":{"@id":"https:\/\/wp.kristdemokraterna.se\/haabo\/kontakta-oss\/#breadcrumb"},"inLanguage":"sv-SE","potentialAction":[{"@type":"ReadAction","target":["https:\/\/wp.kristdemokraterna.se\/haabo\/kontakta-oss\/"]}]},{"@type":"BreadcrumbList","@id":"https:\/\/wp.kristdemokraterna.se\/haabo\/kontakta-oss\/#breadcrumb","itemListElement":[{"@type":"ListItem","position":1,"name":"Hem","item":"https:\/\/wp.kristdemokraterna.se\/haabo\/"},{"@type":"ListItem","position":2,"name":"Kontakta oss"}]},{"@type":"WebSite","@id":"https:\/\/wp.kristdemokraterna.se\/haabo\/#website","url":"https:\/\/wp.kristdemokraterna.se\/haabo\/","name":"H\u00e5bo","description":"En till Kristdemokraterna webbplats","inLanguage":"sv-SE"}]}},"_links":{"self":[{"href":"https:\/\/wp.kristdemokraterna.se\/haabo\/wp-json\/wp\/v2\/pages\/8","targetHints":{"allow":["GET"]}}],"collection":[{"href":"https:\/\/wp.kristdemokraterna.se\/haabo\/wp-json\/wp\/v2\/pages"}],"about":[{"href":"https:\/\/wp.kristdemokraterna.se\/haabo\/wp-json\/wp\/v2\/types\/page"}],"author":[{"embeddable":true,"href":"https:\/\/wp.kristdemokraterna.se\/haabo\/wp-json\/wp\/v2\/users\/568"}],"replies":[{"embeddable":true,"href":"https:\/\/wp.kristdemokraterna.se\/haabo\/wp-json\/wp\/v2\/comments?post=8"}],"version-history":[{"count":30,"href":"https:\/\/wp.kristdemokraterna.se\/haabo\/wp-json\/wp\/v2\/pages\/8\/revisions"}],"predecessor-version":[{"id":215,"href":"https:\/\/wp.kristdemokraterna.se\/haabo\/wp-json\/wp\/v2\/pages\/8\/revisions\/215"}],"wp:attachment":[{"href":"https:\/\/wp.kristdemokraterna.se\/haabo\/wp-json\/wp\/v2\/media?parent=8"}],"curies":[{"name":"wp","href":"https:\/\/api.w.org\/{rel}","templated":true}]}}