{"id":1517,"date":"2018-06-13T09:46:00","date_gmt":"2018-06-13T07:46:00","guid":{"rendered":"http:\/\/wp.kristdemokraterna.se\/habo\/startsida\/"},"modified":"2025-02-21T14:38:09","modified_gmt":"2025-02-21T13:38:09","slug":"startsida","status":"publish","type":"page","link":"https:\/\/wp.kristdemokraterna.se\/habo\/startsida\/","title":{"rendered":"Kristdemokraterna i Habos Vitsippspris 2024"},"content":{"rendered":"<p>Kristdemokraterna i Habos Vitsippspris 2024 tilldelas Ahlins i Habo AB Motivering Vitsippspriset delas ut f\u00f6r sm\u00e5 och stora insatser som \u00e4r viktiga f\u00f6r samh\u00e4llet, ofta utf\u00f6rda i det tysta.<br \/>\nAhlins i Habo AB har genom framtidstro, m\u00e5lmedvetenhet och mod satsat p\u00e5 en ny fabrik i Habo.<br \/>\nAhlins har ocks\u00e5 visat att det genom milj\u00f6medvetenhet och cirkul\u00e4r ekonomi, g\u00e5r att skapa en av Europas modernaste industrier f\u00f6r ytbehandling genom anodisering av aluminium.<br \/>\nKristdemokraterna har delat ut Vitsippspriset f\u00f6r 26 g\u00e5ngen i Habo.<br \/>\nVid studiebes\u00f6k hos Ahlins i Habo AB fick vi information om verksamheten och processen I den nya fabriken. Ahlins arbetar m\u00e5lmedvetet f\u00f6r att skapa en av Europas modernaste industri f\u00f6r ytbehandling. Efter rundvandring s\u00e5 \u00f6verraskade Hans Jarstig, KD platschefen Elisabeth Sandberg med att ber\u00e4tta att Kristdemokraterna i Habo har utsett f\u00f6retaget att bli 2024 \u00e5rs Vitsippspristagare med diplom och vitsippspris till en glad platschef Elisabeth Sandberg som tackade f\u00f6r utm\u00e4rkelsen.<\/p>\n<p><img loading=\"lazy\" decoding=\"async\" class=\"alignnone size-medium wp-image-1971\" src=\"http:\/\/wp.kristdemokraterna.se\/habo\/files\/2025\/02\/hans-jarstig-elisabeth-sadberg-225x300.jpg\" alt=\"\" width=\"225\" height=\"300\" srcset=\"https:\/\/wp.kristdemokraterna.se\/habo\/files\/2025\/02\/hans-jarstig-elisabeth-sadberg-225x300.jpg 225w, https:\/\/wp.kristdemokraterna.se\/habo\/files\/2025\/02\/hans-jarstig-elisabeth-sadberg-405x540.jpg 405w, https:\/\/wp.kristdemokraterna.se\/habo\/files\/2025\/02\/hans-jarstig-elisabeth-sadberg-768x1025.jpg 768w, https:\/\/wp.kristdemokraterna.se\/habo\/files\/2025\/02\/hans-jarstig-elisabeth-sadberg-259x346.jpg 259w, https:\/\/wp.kristdemokraterna.se\/habo\/files\/2025\/02\/hans-jarstig-elisabeth-sadberg-84x112.jpg 84w, https:\/\/wp.kristdemokraterna.se\/habo\/files\/2025\/02\/hans-jarstig-elisabeth-sadberg.jpg 1124w\" sizes=\"auto, (max-width: 225px) 100vw, 225px\" \/><\/p>\n<p><img loading=\"lazy\" decoding=\"async\" class=\"alignnone size-medium wp-image-1963\" src=\"http:\/\/wp.kristdemokraterna.se\/habo\/files\/2025\/02\/inbjudan-arsmote-2025-kopiera-212x300.jpg\" alt=\"\" width=\"212\" height=\"300\" srcset=\"https:\/\/wp.kristdemokraterna.se\/habo\/files\/2025\/02\/inbjudan-arsmote-2025-kopiera-212x300.jpg 212w, https:\/\/wp.kristdemokraterna.se\/habo\/files\/2025\/02\/inbjudan-arsmote-2025-kopiera-381x540.jpg 381w, https:\/\/wp.kristdemokraterna.se\/habo\/files\/2025\/02\/inbjudan-arsmote-2025-kopiera-244x346.jpg 244w, https:\/\/wp.kristdemokraterna.se\/habo\/files\/2025\/02\/inbjudan-arsmote-2025-kopiera-79x112.jpg 79w, https:\/\/wp.kristdemokraterna.se\/habo\/files\/2025\/02\/inbjudan-arsmote-2025-kopiera.jpg 420w\" sizes=\"auto, (max-width: 212px) 100vw, 212px\" \/><\/p>\n","protected":false},"excerpt":{"rendered":"<p>Kristdemokraterna i Habos Vitsippspris 2024 tilldelas Ahlins i Habo AB Motivering Vitsippspriset delas ut f\u00f6r sm\u00e5 och stora insatser som \u00e4r viktiga f\u00f6r samh\u00e4llet, ofta utf\u00f6rda i det tysta. Ahlins i Habo AB har genom framtidstro, m\u00e5lmedvetenhet och mod satsat p\u00e5 en ny fabrik i Habo. Ahlins har ocks\u00e5 visat att det genom milj\u00f6medvetenhet och <a class=\"read-more-link\" href=\"https:\/\/wp.kristdemokraterna.se\/habo\/startsida\/\">Read More<\/a><\/p>\n","protected":false},"author":444,"featured_media":0,"parent":0,"menu_order":0,"comment_status":"closed","ping_status":"closed","template":"","meta":{"_acf_changed":false,"footnotes":""},"class_list":["post-1517","page","type-page","status-publish","hentry"],"acf":[],"yoast_head":"<!-- This site is optimized with the Yoast SEO plugin v27.5 - https:\/\/yoast.com\/product\/yoast-seo-wordpress\/ -->\n<title>Kristdemokraterna i Habos Vitsippspris 2024 - V\u00e4lkommen till KD i Habo<\/title>\n<meta name=\"robots\" content=\"index, follow, max-snippet:-1, max-image-preview:large, max-video-preview:-1\" \/>\n<link rel=\"canonical\" href=\"https:\/\/wp.kristdemokraterna.se\/habo\/startsida\/\" \/>\n<meta property=\"og:locale\" content=\"sv_SE\" \/>\n<meta property=\"og:type\" content=\"article\" \/>\n<meta property=\"og:title\" content=\"Kristdemokraterna i Habos Vitsippspris 2024 - V\u00e4lkommen till KD i Habo\" \/>\n<meta property=\"og:description\" content=\"Kristdemokraterna i Habos Vitsippspris 2024 tilldelas Ahlins i Habo AB Motivering Vitsippspriset delas ut f\u00f6r sm\u00e5 och stora insatser som \u00e4r viktiga f\u00f6r samh\u00e4llet, ofta utf\u00f6rda i det tysta. Ahlins i Habo AB har genom framtidstro, m\u00e5lmedvetenhet och mod satsat p\u00e5 en ny fabrik i Habo. Ahlins har ocks\u00e5 visat att det genom milj\u00f6medvetenhet och Read More\" \/>\n<meta property=\"og:url\" content=\"https:\/\/wp.kristdemokraterna.se\/habo\/startsida\/\" \/>\n<meta property=\"og:site_name\" content=\"V\u00e4lkommen till KD i Habo\" \/>\n<meta property=\"article:modified_time\" content=\"2025-02-21T13:38:09+00:00\" \/>\n<meta property=\"og:image\" content=\"https:\/\/wp.kristdemokraterna.se\/habo\/files\/2025\/02\/hans-jarstig-elisabeth-sadberg.jpg\" \/>\n\t<meta property=\"og:image:width\" content=\"1124\" \/>\n\t<meta property=\"og:image:height\" content=\"1500\" \/>\n\t<meta property=\"og:image:type\" content=\"image\/jpeg\" \/>\n<meta name=\"twitter:card\" content=\"summary_large_image\" \/>\n<meta name=\"twitter:label1\" content=\"Ber\u00e4knad l\u00e4stid\" \/>\n\t<meta name=\"twitter:data1\" content=\"2 minuter\" \/>\n<script type=\"application\/ld+json\" class=\"yoast-schema-graph\">{\"@context\":\"https:\\\/\\\/schema.org\",\"@graph\":[{\"@type\":\"WebPage\",\"@id\":\"https:\\\/\\\/wp.kristdemokraterna.se\\\/habo\\\/startsida\\\/\",\"url\":\"https:\\\/\\\/wp.kristdemokraterna.se\\\/habo\\\/startsida\\\/\",\"name\":\"Kristdemokraterna i Habos Vitsippspris 2024 - V\u00e4lkommen till KD i Habo\",\"isPartOf\":{\"@id\":\"https:\\\/\\\/wp.kristdemokraterna.se\\\/habo\\\/#website\"},\"primaryImageOfPage\":{\"@id\":\"https:\\\/\\\/wp.kristdemokraterna.se\\\/habo\\\/startsida\\\/#primaryimage\"},\"image\":{\"@id\":\"https:\\\/\\\/wp.kristdemokraterna.se\\\/habo\\\/startsida\\\/#primaryimage\"},\"thumbnailUrl\":\"http:\\\/\\\/wp.kristdemokraterna.se\\\/habo\\\/files\\\/2025\\\/02\\\/hans-jarstig-elisabeth-sadberg-225x300.jpg\",\"datePublished\":\"2018-06-13T07:46:00+00:00\",\"dateModified\":\"2025-02-21T13:38:09+00:00\",\"breadcrumb\":{\"@id\":\"https:\\\/\\\/wp.kristdemokraterna.se\\\/habo\\\/startsida\\\/#breadcrumb\"},\"inLanguage\":\"sv-SE\",\"potentialAction\":[{\"@type\":\"ReadAction\",\"target\":[\"https:\\\/\\\/wp.kristdemokraterna.se\\\/habo\\\/startsida\\\/\"]}]},{\"@type\":\"ImageObject\",\"inLanguage\":\"sv-SE\",\"@id\":\"https:\\\/\\\/wp.kristdemokraterna.se\\\/habo\\\/startsida\\\/#primaryimage\",\"url\":\"https:\\\/\\\/wp.kristdemokraterna.se\\\/habo\\\/files\\\/2025\\\/02\\\/hans-jarstig-elisabeth-sadberg.jpg\",\"contentUrl\":\"https:\\\/\\\/wp.kristdemokraterna.se\\\/habo\\\/files\\\/2025\\\/02\\\/hans-jarstig-elisabeth-sadberg.jpg\",\"width\":1124,\"height\":1500},{\"@type\":\"BreadcrumbList\",\"@id\":\"https:\\\/\\\/wp.kristdemokraterna.se\\\/habo\\\/startsida\\\/#breadcrumb\",\"itemListElement\":[{\"@type\":\"ListItem\",\"position\":1,\"name\":\"Hem\",\"item\":\"https:\\\/\\\/wp.kristdemokraterna.se\\\/habo\\\/\"},{\"@type\":\"ListItem\",\"position\":2,\"name\":\"Kristdemokraterna i Habos Vitsippspris 2024\"}]},{\"@type\":\"WebSite\",\"@id\":\"https:\\\/\\\/wp.kristdemokraterna.se\\\/habo\\\/#website\",\"url\":\"https:\\\/\\\/wp.kristdemokraterna.se\\\/habo\\\/\",\"name\":\"V\u00e4lkommen till KD i Habo\",\"description\":\"Politiken ska st\u00f6dja och ge f\u00f6ruts\u00e4ttningar\",\"inLanguage\":\"sv-SE\"}]}<\/script>\n<!-- \/ Yoast SEO plugin. -->","yoast_head_json":{"title":"Kristdemokraterna i Habos Vitsippspris 2024 - V\u00e4lkommen till KD i Habo","robots":{"index":"index","follow":"follow","max-snippet":"max-snippet:-1","max-image-preview":"max-image-preview:large","max-video-preview":"max-video-preview:-1"},"canonical":"https:\/\/wp.kristdemokraterna.se\/habo\/startsida\/","og_locale":"sv_SE","og_type":"article","og_title":"Kristdemokraterna i Habos Vitsippspris 2024 - V\u00e4lkommen till KD i Habo","og_description":"Kristdemokraterna i Habos Vitsippspris 2024 tilldelas Ahlins i Habo AB Motivering Vitsippspriset delas ut f\u00f6r sm\u00e5 och stora insatser som \u00e4r viktiga f\u00f6r samh\u00e4llet, ofta utf\u00f6rda i det tysta. Ahlins i Habo AB har genom framtidstro, m\u00e5lmedvetenhet och mod satsat p\u00e5 en ny fabrik i Habo. Ahlins har ocks\u00e5 visat att det genom milj\u00f6medvetenhet och Read More","og_url":"https:\/\/wp.kristdemokraterna.se\/habo\/startsida\/","og_site_name":"V\u00e4lkommen till KD i Habo","article_modified_time":"2025-02-21T13:38:09+00:00","og_image":[{"width":1124,"height":1500,"url":"https:\/\/wp.kristdemokraterna.se\/habo\/files\/2025\/02\/hans-jarstig-elisabeth-sadberg.jpg","type":"image\/jpeg"}],"twitter_card":"summary_large_image","twitter_misc":{"Ber\u00e4knad l\u00e4stid":"2 minuter"},"schema":{"@context":"https:\/\/schema.org","@graph":[{"@type":"WebPage","@id":"https:\/\/wp.kristdemokraterna.se\/habo\/startsida\/","url":"https:\/\/wp.kristdemokraterna.se\/habo\/startsida\/","name":"Kristdemokraterna i Habos Vitsippspris 2024 - V\u00e4lkommen till KD i Habo","isPartOf":{"@id":"https:\/\/wp.kristdemokraterna.se\/habo\/#website"},"primaryImageOfPage":{"@id":"https:\/\/wp.kristdemokraterna.se\/habo\/startsida\/#primaryimage"},"image":{"@id":"https:\/\/wp.kristdemokraterna.se\/habo\/startsida\/#primaryimage"},"thumbnailUrl":"http:\/\/wp.kristdemokraterna.se\/habo\/files\/2025\/02\/hans-jarstig-elisabeth-sadberg-225x300.jpg","datePublished":"2018-06-13T07:46:00+00:00","dateModified":"2025-02-21T13:38:09+00:00","breadcrumb":{"@id":"https:\/\/wp.kristdemokraterna.se\/habo\/startsida\/#breadcrumb"},"inLanguage":"sv-SE","potentialAction":[{"@type":"ReadAction","target":["https:\/\/wp.kristdemokraterna.se\/habo\/startsida\/"]}]},{"@type":"ImageObject","inLanguage":"sv-SE","@id":"https:\/\/wp.kristdemokraterna.se\/habo\/startsida\/#primaryimage","url":"https:\/\/wp.kristdemokraterna.se\/habo\/files\/2025\/02\/hans-jarstig-elisabeth-sadberg.jpg","contentUrl":"https:\/\/wp.kristdemokraterna.se\/habo\/files\/2025\/02\/hans-jarstig-elisabeth-sadberg.jpg","width":1124,"height":1500},{"@type":"BreadcrumbList","@id":"https:\/\/wp.kristdemokraterna.se\/habo\/startsida\/#breadcrumb","itemListElement":[{"@type":"ListItem","position":1,"name":"Hem","item":"https:\/\/wp.kristdemokraterna.se\/habo\/"},{"@type":"ListItem","position":2,"name":"Kristdemokraterna i Habos Vitsippspris 2024"}]},{"@type":"WebSite","@id":"https:\/\/wp.kristdemokraterna.se\/habo\/#website","url":"https:\/\/wp.kristdemokraterna.se\/habo\/","name":"V\u00e4lkommen till KD i Habo","description":"Politiken ska st\u00f6dja och ge f\u00f6ruts\u00e4ttningar","inLanguage":"sv-SE"}]}},"_links":{"self":[{"href":"https:\/\/wp.kristdemokraterna.se\/habo\/wp-json\/wp\/v2\/pages\/1517","targetHints":{"allow":["GET"]}}],"collection":[{"href":"https:\/\/wp.kristdemokraterna.se\/habo\/wp-json\/wp\/v2\/pages"}],"about":[{"href":"https:\/\/wp.kristdemokraterna.se\/habo\/wp-json\/wp\/v2\/types\/page"}],"author":[{"embeddable":true,"href":"https:\/\/wp.kristdemokraterna.se\/habo\/wp-json\/wp\/v2\/users\/444"}],"replies":[{"embeddable":true,"href":"https:\/\/wp.kristdemokraterna.se\/habo\/wp-json\/wp\/v2\/comments?post=1517"}],"version-history":[{"count":28,"href":"https:\/\/wp.kristdemokraterna.se\/habo\/wp-json\/wp\/v2\/pages\/1517\/revisions"}],"predecessor-version":[{"id":1976,"href":"https:\/\/wp.kristdemokraterna.se\/habo\/wp-json\/wp\/v2\/pages\/1517\/revisions\/1976"}],"wp:attachment":[{"href":"https:\/\/wp.kristdemokraterna.se\/habo\/wp-json\/wp\/v2\/media?parent=1517"}],"curies":[{"name":"wp","href":"https:\/\/api.w.org\/{rel}","templated":true}]}}

<p>Kristdemokraterna i Habos Vitsippspris 2024 tilldelas Ahlins i Habo AB Motivering Vitsippspriset delas ut för små och stora insatser som är viktiga för samhället, ofta utförda i det tysta.<br />
Ahlins i Habo AB har genom framtidstro, målmedvetenhet och mod satsat på en ny fabrik i Habo.<br />
Ahlins har också visat att det genom miljömedvetenhet och cirkulär ekonomi, går att skapa en av Europas modernaste industrier för ytbehandling genom anodisering av aluminium.<br />
Kristdemokraterna har delat ut Vitsippspriset för 26 gången i Habo.<br />
Vid studiebesök hos Ahlins i Habo AB fick vi information om verksamheten och processen I den nya fabriken. Ahlins arbetar målmedvetet för att skapa en av Europas modernaste industri för ytbehandling. Efter rundvandring så överraskade Hans Jarstig, KD platschefen Elisabeth Sandberg med att berätta att Kristdemokraterna i Habo har utsett företaget att bli 2024 års Vitsippspristagare med diplom och vitsippspris till en glad platschef Elisabeth Sandberg som tackade för utmärkelsen.</p>
<p><img loading="lazy" decoding="async" class="alignnone size-medium wp-image-1971" src="http://wp.kristdemokraterna.se/habo/files/2025/02/hans-jarstig-elisabeth-sadberg-225x300.jpg" alt="" width="225" height="300" srcset="https://wp.kristdemokraterna.se/habo/files/2025/02/hans-jarstig-elisabeth-sadberg-225x300.jpg 225w, https://wp.kristdemokraterna.se/habo/files/2025/02/hans-jarstig-elisabeth-sadberg-405x540.jpg 405w, https://wp.kristdemokraterna.se/habo/files/2025/02/hans-jarstig-elisabeth-sadberg-768x1025.jpg 768w, https://wp.kristdemokraterna.se/habo/files/2025/02/hans-jarstig-elisabeth-sadberg-259x346.jpg 259w, https://wp.kristdemokraterna.se/habo/files/2025/02/hans-jarstig-elisabeth-sadberg-84x112.jpg 84w, https://wp.kristdemokraterna.se/habo/files/2025/02/hans-jarstig-elisabeth-sadberg.jpg 1124w" sizes="auto, (max-width: 225px) 100vw, 225px" /></p>
<p><img loading="lazy" decoding="async" class="alignnone size-medium wp-image-1963" src="http://wp.kristdemokraterna.se/habo/files/2025/02/inbjudan-arsmote-2025-kopiera-212x300.jpg" alt="" width="212" height="300" srcset="https://wp.kristdemokraterna.se/habo/files/2025/02/inbjudan-arsmote-2025-kopiera-212x300.jpg 212w, https://wp.kristdemokraterna.se/habo/files/2025/02/inbjudan-arsmote-2025-kopiera-381x540.jpg 381w, https://wp.kristdemokraterna.se/habo/files/2025/02/inbjudan-arsmote-2025-kopiera-244x346.jpg 244w, https://wp.kristdemokraterna.se/habo/files/2025/02/inbjudan-arsmote-2025-kopiera-79x112.jpg 79w, https://wp.kristdemokraterna.se/habo/files/2025/02/inbjudan-arsmote-2025-kopiera.jpg 420w" sizes="auto, (max-width: 212px) 100vw, 212px" /></p>

<p>Kristdemokraterna i Habos Vitsippspris 2024 tilldelas Ahlins i Habo AB Motivering Vitsippspriset delas ut för små och stora insatser som är viktiga för samhället, ofta utförda i det tysta. Ahlins i Habo AB har genom framtidstro, målmedvetenhet och mod satsat på en ny fabrik i Habo. Ahlins har också visat att det genom miljömedvetenhet och <a class="read-more-link" href="https://wp.kristdemokraterna.se/habo/startsida/">Read More</a></p>

<!-- This site is optimized with the Yoast SEO plugin v27.5 - https://yoast.com/product/yoast-seo-wordpress/ -->
<title>Kristdemokraterna i Habos Vitsippspris 2024 - Välkommen till KD i Habo</title>
<meta name="robots" content="index, follow, max-snippet:-1, max-image-preview:large, max-video-preview:-1" />
<link rel="canonical" href="https://wp.kristdemokraterna.se/habo/startsida/" />
<meta property="og:locale" content="sv_SE" />
<meta property="og:type" content="article" />
<meta property="og:title" content="Kristdemokraterna i Habos Vitsippspris 2024 - Välkommen till KD i Habo" />
<meta property="og:description" content="Kristdemokraterna i Habos Vitsippspris 2024 tilldelas Ahlins i Habo AB Motivering Vitsippspriset delas ut för små och stora insatser som är viktiga för samhället, ofta utförda i det tysta. Ahlins i Habo AB har genom framtidstro, målmedvetenhet och mod satsat på en ny fabrik i Habo. Ahlins har också visat att det genom miljömedvetenhet och Read More" />
<meta property="og:url" content="https://wp.kristdemokraterna.se/habo/startsida/" />
<meta property="og:site_name" content="Välkommen till KD i Habo" />
<meta property="article:modified_time" content="2025-02-21T13:38:09+00:00" />
<meta property="og:image" content="https://wp.kristdemokraterna.se/habo/files/2025/02/hans-jarstig-elisabeth-sadberg.jpg" />
	<meta property="og:image:width" content="1124" />
	<meta property="og:image:height" content="1500" />
	<meta property="og:image:type" content="image/jpeg" />
<meta name="twitter:card" content="summary_large_image" />
<meta name="twitter:label1" content="Beräknad lästid" />
	<meta name="twitter:data1" content="2 minuter" />
<script type="application/ld+json" class="yoast-schema-graph">{"@context":"https:\/\/schema.org","@graph":[{"@type":"WebPage","@id":"https:\/\/wp.kristdemokraterna.se\/habo\/startsida\/","url":"https:\/\/wp.kristdemokraterna.se\/habo\/startsida\/","name":"Kristdemokraterna i Habos Vitsippspris 2024 - Välkommen till KD i Habo","isPartOf":{"@id":"https:\/\/wp.kristdemokraterna.se\/habo\/#website"},"primaryImageOfPage":{"@id":"https:\/\/wp.kristdemokraterna.se\/habo\/startsida\/#primaryimage"},"image":{"@id":"https:\/\/wp.kristdemokraterna.se\/habo\/startsida\/#primaryimage"},"thumbnailUrl":"http:\/\/wp.kristdemokraterna.se\/habo\/files\/2025\/02\/hans-jarstig-elisabeth-sadberg-225x300.jpg","datePublished":"2018-06-13T07:46:00+00:00","dateModified":"2025-02-21T13:38:09+00:00","breadcrumb":{"@id":"https:\/\/wp.kristdemokraterna.se\/habo\/startsida\/#breadcrumb"},"inLanguage":"sv-SE","potentialAction":[{"@type":"ReadAction","target":["https:\/\/wp.kristdemokraterna.se\/habo\/startsida\/"]}]},{"@type":"ImageObject","inLanguage":"sv-SE","@id":"https:\/\/wp.kristdemokraterna.se\/habo\/startsida\/#primaryimage","url":"https:\/\/wp.kristdemokraterna.se\/habo\/files\/2025\/02\/hans-jarstig-elisabeth-sadberg.jpg","contentUrl":"https:\/\/wp.kristdemokraterna.se\/habo\/files\/2025\/02\/hans-jarstig-elisabeth-sadberg.jpg","width":1124,"height":1500},{"@type":"BreadcrumbList","@id":"https:\/\/wp.kristdemokraterna.se\/habo\/startsida\/#breadcrumb","itemListElement":[{"@type":"ListItem","position":1,"name":"Hem","item":"https:\/\/wp.kristdemokraterna.se\/habo\/"},{"@type":"ListItem","position":2,"name":"Kristdemokraterna i Habos Vitsippspris 2024"}]},{"@type":"WebSite","@id":"https:\/\/wp.kristdemokraterna.se\/habo\/#website","url":"https:\/\/wp.kristdemokraterna.se\/habo\/","name":"Välkommen till KD i Habo","description":"Politiken ska stödja och ge förutsättningar","inLanguage":"sv-SE"}]}</script>
<!-- / Yoast SEO plugin. -->

Kristdemokraterna i Habos Vitsippspris 2024 - Välkommen till KD i Habo

Kristdemokraterna i Habos Vitsippspris 2024 tilldelas Ahlins i Habo AB Motivering Vitsippspriset delas ut för små och stora insatser som är viktiga för samhället, ofta utförda i det tysta. Ahlins i Habo AB har genom framtidstro, målmedvetenhet och mod satsat på en ny fabrik i Habo. Ahlins har också visat att det genom miljömedvetenhet och Read More

Välkommen till KD i Habo

Politiken ska stödja och ge förutsättningar
