{"id":2596,"date":"2018-09-02T23:34:30","date_gmt":"2018-09-02T21:34:30","guid":{"rendered":"http:\/\/wp.kristdemokraterna.se\/hakanjohansson\/?page_id=2596"},"modified":"2018-09-07T19:06:15","modified_gmt":"2018-09-07T17:06:15","slug":"val-2018","status":"publish","type":"page","link":"https:\/\/wp.kristdemokraterna.se\/hakanjohansson\/om-mig\/val-2018\/","title":{"rendered":"Val 2018"},"content":{"rendered":"<p><img loading=\"lazy\" decoding=\"async\" class=\"size-full wp-image-2620\" src=\"http:\/\/wp.kristdemokraterna.se\/hakanjohansson\/files\/2018\/09\/annons.jpg\" alt=\"\u274e KRYSSA H\u00c5KAN JOHANSSON, V\u00c4RNAMO Kandidat i valen till V\u00e4rnamo kommun och Region J\u00f6nk\u00f6pings l\u00e4n DU SKA KUNNA LITA P\u00c5 SVERIGE!  \u2705 DU SKA KUNNA LITA P\u00c5 KOMMUNEN En myndighet \u00e4r inte en politisk lekstuga!  \u2705 DU SKA KUNNA LITA P\u00c5 SKOLAN V\u00e4rnamo borde inf\u00f6ra en elevh\u00e4lsogaranti!  \u2705 DU SKA KUNNA LITA P\u00c5 V\u00c5RDEN Forts\u00e4tt utveckla V\u00e4rnamo sjukhus!  \u2705 DU SKA KUNNA LITA P\u00c5 BEM\u00d6TANDET V\u00e4rnamo borde b\u00f6rja HBTQ-diplomera verksamheter!  https:\/\/wp.kristdemokraterna.se\/hakanjohansson #kryssah\u00e5kan #teamebba #v\u00e4lf\u00e4rdsl\u00f6ftet\" width=\"1200\" height=\"630\" srcset=\"https:\/\/wp.kristdemokraterna.se\/hakanjohansson\/files\/2018\/09\/annons.jpg 1200w, https:\/\/wp.kristdemokraterna.se\/hakanjohansson\/files\/2018\/09\/annons-300x158.jpg 300w, https:\/\/wp.kristdemokraterna.se\/hakanjohansson\/files\/2018\/09\/annons-768x403.jpg 768w, https:\/\/wp.kristdemokraterna.se\/hakanjohansson\/files\/2018\/09\/annons-540x284.jpg 540w, https:\/\/wp.kristdemokraterna.se\/hakanjohansson\/files\/2018\/09\/annons-370x194.jpg 370w, https:\/\/wp.kristdemokraterna.se\/hakanjohansson\/files\/2018\/09\/annons-770x404.jpg 770w, https:\/\/wp.kristdemokraterna.se\/hakanjohansson\/files\/2018\/09\/annons-450x236.jpg 450w, https:\/\/wp.kristdemokraterna.se\/hakanjohansson\/files\/2018\/09\/annons-280x147.jpg 280w, https:\/\/wp.kristdemokraterna.se\/hakanjohansson\/files\/2018\/09\/annons-340x179.jpg 340w, https:\/\/wp.kristdemokraterna.se\/hakanjohansson\/files\/2018\/09\/annons-200x105.jpg 200w, https:\/\/wp.kristdemokraterna.se\/hakanjohansson\/files\/2018\/09\/annons-107x56.jpg 107w\" sizes=\"auto, (max-width: 1200px) 100vw, 1200px\" \/><\/p>\n<div style=\"text-align: center;border-top-color: #073192;border-bottom-color: #073192;border-top-width: 2px;border-bottom-width: 2px;border-top-style: solid;border-bottom-style: solid\">[<a title=\"Om H\u00e5kan Johansson\" href=\"#om\">Om mig<\/a>] | [<a title=\"Mitt valmanifest\" href=\"#manifest\">Valmanifest<\/a>] | [<a title=\"Mina valsedlar\" href=\"#valsedlar\">Valsedlar<\/a>] | [<a title=\"Kontakta mig g\u00e4rna\" href=\"#kontakt\">Kontakt<\/a>] | [<a title=\"Mitt valmaterial\" href=\"#material\">Valmaterial<\/a>]<\/div>\n<h2 id=\"om\">H\u00e5kan Johansson<\/h2>\n<div style=\"border: 2px solid #073192;margin-bottom: 12px\">\n<ul>\n<li>Kandidat i kommun- och\u00a0landstingsvalen, 57 \u00e5r, V\u00e4rnamo<\/li>\n<li>Studie- och yrkesv\u00e4gledare<\/li>\n<li>Ordf i Samh\u00e4llsbyggnadsn\u00e4mnden<\/li>\n<li>Musik, teknik och m\u00e4nniskor<\/li>\n<li>#kryssah\u00e5kan<\/li>\n<\/ul>\n<\/div>\n<table>\n<tbody>\n<tr>\n<td style=\"border: 0px;padding: 0px;padding-left: 4px\">\n<p><div id=\"attachment_2599\" style=\"width: 504px\" class=\"wp-caption alignnone\"><img loading=\"lazy\" decoding=\"async\" aria-describedby=\"caption-attachment-2599\" class=\"size-full wp-image-2599\" src=\"http:\/\/wp.kristdemokraterna.se\/hakanjohansson\/files\/2018\/09\/hakanjohansson_2018_halvfigur.jpg\" alt=\"H\u00e5kan Johansson, kandidat i kommun- och landstingsvalen. (Foto: Lennart Molin)\" width=\"494\" height=\"756\" srcset=\"https:\/\/wp.kristdemokraterna.se\/hakanjohansson\/files\/2018\/09\/hakanjohansson_2018_halvfigur.jpg 494w, https:\/\/wp.kristdemokraterna.se\/hakanjohansson\/files\/2018\/09\/hakanjohansson_2018_halvfigur-196x300.jpg 196w, https:\/\/wp.kristdemokraterna.se\/hakanjohansson\/files\/2018\/09\/hakanjohansson_2018_halvfigur-353x540.jpg 353w, https:\/\/wp.kristdemokraterna.se\/hakanjohansson\/files\/2018\/09\/hakanjohansson_2018_halvfigur-131x200.jpg 131w, https:\/\/wp.kristdemokraterna.se\/hakanjohansson\/files\/2018\/09\/hakanjohansson_2018_halvfigur-370x566.jpg 370w, https:\/\/wp.kristdemokraterna.se\/hakanjohansson\/files\/2018\/09\/hakanjohansson_2018_halvfigur-450x689.jpg 450w, https:\/\/wp.kristdemokraterna.se\/hakanjohansson\/files\/2018\/09\/hakanjohansson_2018_halvfigur-263x402.jpg 263w, https:\/\/wp.kristdemokraterna.se\/hakanjohansson\/files\/2018\/09\/hakanjohansson_2018_halvfigur-340x520.jpg 340w, https:\/\/wp.kristdemokraterna.se\/hakanjohansson\/files\/2018\/09\/hakanjohansson_2018_halvfigur-37x56.jpg 37w\" sizes=\"auto, (max-width: 494px) 100vw, 494px\" \/><p id=\"caption-attachment-2599\" class=\"wp-caption-text\">H\u00e5kan Johansson, kandidat i kommun- och landstingsvalen. (Foto: Lennart Molin)<\/p><\/div><\/td>\n<td style=\"border: 0px;vertical-align: top;padding: 4px\"><strong>M\u00e4nniskov\u00e4rde och milj\u00f6\u00a0<\/strong><strong>\u00e4r de politikomr\u00e5den som \u00e4r viktigast f\u00f6r mig. D\u00e4rf\u00f6r har globala \u00f6verlevnadsfr\u00e5gor som r\u00e4ttvisa, fred, solidaritet och m\u00e4nskliga r\u00e4ttigheter alltid legat n\u00e4rmast mitt hj\u00e4rta.<\/strong><\/p>\n<p><strong>Vidare \u00e4r jag intresserad av ideologi och id\u00e9debatt. Det \u00e4r viktigt att kunna s\u00e4tta in de politiska sakfr\u00e5gorna i ett st\u00f6rre sammanhang.<\/strong><\/td>\n<\/tr>\n<\/tbody>\n<\/table>\n<h2 id=\"manifest\">Mitt valmanifest<\/h2>\n<p>Det som verkligen \u00e4r viktigt i livet\u00a0g\u00e5r inte att v\u00e4rdera med kronor och\u00a0\u00f6ren. Medm\u00e4nsklig omtanke. Milj\u00f6 i\u00a0balans. Barn som v\u00e4xer upp. Goda\u00a0relationer\u2026<br \/>\nDet \u00e4r detta som man\u00a0inte kan s\u00e4tta ett pris p\u00e5 som l\u00e4gger\u00a0grunden f\u00f6r det goda samh\u00e4llet \u2013\u00a0det gemensamma b\u00e4sta. D\u00e4rf\u00f6r \u00e4r\u00a0det s\u00e5 viktigt!<\/p>\n<p>Det goda samh\u00e4llet bygger vi i\u00a0v\u00e5ra sm\u00e5 och n\u00e4ra gemenskaper.\u00a0Familjer. Skolklasser. Arbetsplatser.\u00a0F\u00f6reningar\u2026<br \/>\nDet vi inte\u00a0kan bygga d\u00e4r bildar vi st\u00f6rre\u00a0gemenskaper f\u00f6r att hantera.\u00a0Kommuner. Regioner. Sverige.\u00a0EU\u2026<br \/>\nOm vi bygger r\u00e4tt i kommun\u00a0och region s\u00e5 p\u00e5verkar det\u00a0v\u00e4rlden till det b\u00e4ttre. P\u00e5 samma\u00a0s\u00e4tt \u00e4r det som \u00e4r bra f\u00f6r v\u00e4rlden\u00a0ocks\u00e5 bra f\u00f6r V\u00e4rnamo.<\/p>\n<p>V\u00e4rnamo \u00e4r en bra kommun att\u00a0leva i! H\u00e4r har vi n\u00e4ra till\u00a0varandra. Samtidigt \u00e4r vi m\u00e5nga\u00a0nog att kunna ta rej\u00e4la tag n\u00e4r vi\u00a0best\u00e4mmer oss f\u00f6r det. Tack vare\u00a0att Alliansen l\u00e4nge har prioriterat<br \/>\nett varmt n\u00e4ringslivsklimat och\u00a0ordning och reda i v\u00e4lf\u00e4rden\u00a0forts\u00e4tter V\u00e4rnamo v\u00e4xa\u00a0m\u00e4nskligt. Fler bost\u00e4der. Fler\u00a0skolor. Fler matst\u00e4llen. Fler\u00a0inv\u00e5nare\u2026<\/p>\n<p>Den 9 september kan du v\u00e4lja\u00a0fortsatt m\u00e4nsklig tillv\u00e4xt. Du ska\u00a0kunna lita p\u00e5 V\u00e4rnamo!<\/p>\n<p>#kryssah\u00e5kan<\/p>\n<h3>Du ska kunna lita p\u00e5 V\u00e4rnamo!<\/h3>\n<h4>Du ska kunna lita p\u00e5\u00a0kommunen!<\/h4>\n<p>Myndighetsut\u00f6vningen m\u00e5ste\u00a0vara p\u00e5litlig och r\u00e4ttss\u00e4ker f\u00f6r\u00a0inv\u00e5narnas och f\u00f6retagens trygghet. G\u00f6r den inte till en\u00a0politisk lekstuga!<\/p>\n<h4>Du ska kunna lita p\u00e5 skolan!<\/h4>\n<p>Varje elev ska kunna komma i\u00a0kontakt med elevh\u00e4lsan varje\u00a0dag. V\u00e4rnamo kommun borde inf\u00f6ra en elevh\u00e4lsogaranti!<\/p>\n<h4>Du ska kunna lita p\u00e5 v\u00e5rden!<\/h4>\n<p>Sjukv\u00e5rden i regionen h\u00e5ller\u00a0internationell toppklass. I\u00a0j\u00e4mf\u00f6relser hamnar V\u00e4rnamo<br \/>\nsjukhus bland de b\u00e4ttre i landet. Utveckla V\u00e4rnamo sjukhus!<\/p>\n<h4>Du ska kunna lita p\u00e5\u00a0bem\u00f6tandet!<\/h4>\n<p>Hur man blir bem\u00f6tt \u00e4r viktigt.\u00a0S\u00e4rskilt f\u00f6r minoriteter. V\u00e4rnamo\u00a0kommun borde f\u00f6lja regionens exempel och b\u00f6rja HBTQ-diplomera\u00a0verksamheter!<\/p>\n<h2 id=\"valsedlar\">Mina valsedlar<\/h2>\n<p>I valet till V\u00e4rnamo kommunfullm\u00e4ktige st\u00e5r jag p\u00e5 andra plats p\u00e5 valsedeln V\u00e4rnamo 1 (0068 12875).<\/p>\n<p>I valet till Region J\u00f6nk\u00f6pings l\u00e4ns landstingsfullm\u00e4ktige st\u00e5r jag p\u00e5 \u00e5ttonde plats p\u00e5 valsedeln Gislaved Gnosj\u00f6 Vaggeryd V\u00e4rnamo\u00a0(0068 12882).<\/p>\n<p>#kryssah\u00e5kan<\/p>\n<div id=\"attachment_2598\" style=\"width: 488px\" class=\"wp-caption alignnone\"><img loading=\"lazy\" decoding=\"async\" aria-describedby=\"caption-attachment-2598\" class=\"size-full wp-image-2598\" src=\"http:\/\/wp.kristdemokraterna.se\/hakanjohansson\/files\/2018\/09\/2018_valsedlar.jpg\" alt=\"Mina valsedlar - f\u00e4rdigkryssade och klara. V\u00e4lj g\u00e4rna en eller b\u00e5da du ocks\u00e5... :) (Foto: H\u00e5kan Johansson)\" width=\"478\" height=\"269\" srcset=\"https:\/\/wp.kristdemokraterna.se\/hakanjohansson\/files\/2018\/09\/2018_valsedlar.jpg 478w, https:\/\/wp.kristdemokraterna.se\/hakanjohansson\/files\/2018\/09\/2018_valsedlar-300x169.jpg 300w, https:\/\/wp.kristdemokraterna.se\/hakanjohansson\/files\/2018\/09\/2018_valsedlar-355x200.jpg 355w, https:\/\/wp.kristdemokraterna.se\/hakanjohansson\/files\/2018\/09\/2018_valsedlar-370x208.jpg 370w, https:\/\/wp.kristdemokraterna.se\/hakanjohansson\/files\/2018\/09\/2018_valsedlar-450x253.jpg 450w, https:\/\/wp.kristdemokraterna.se\/hakanjohansson\/files\/2018\/09\/2018_valsedlar-280x158.jpg 280w, https:\/\/wp.kristdemokraterna.se\/hakanjohansson\/files\/2018\/09\/2018_valsedlar-340x191.jpg 340w, https:\/\/wp.kristdemokraterna.se\/hakanjohansson\/files\/2018\/09\/2018_valsedlar-200x113.jpg 200w, https:\/\/wp.kristdemokraterna.se\/hakanjohansson\/files\/2018\/09\/2018_valsedlar-100x56.jpg 100w\" sizes=\"auto, (max-width: 478px) 100vw, 478px\" \/><p id=\"caption-attachment-2598\" class=\"wp-caption-text\">Mina valsedlar &#8211; f\u00e4rdigkryssade och klara. V\u00e4lj g\u00e4rna en eller b\u00e5da du ocks\u00e5&#8230; \ud83d\ude42 (Foto: H\u00e5kan Johansson)<\/p><\/div>\n<h2>Kontakta mig g\u00e4rna<\/h2>\n<ul>\n<li>Blogg: <a title=\"Min hemsida\" href=\"wp.kristdemokraterna.se\/hakanjohansson\">wp.kristdemokraterna.se\/hakanjohansson<\/a><\/li>\n<li>e-post: <a title=\"Min e-postadress\" href=\"mailto:hakan.johansson@kristdemokraterna.se\" target=\"_blank\" rel=\"noopener\">hakan.johansson@kristdemokraterna.se<\/a><\/li>\n<li>Gilla mig p\u00e5 Facebook: <a title=\"Gilla mig p\u00e5 Facebook\" href=\"https:\/\/www.facebook.com\/hakanjohansson.KD\" target=\"_blank\" rel=\"noopener\">H\u00e5kan Johansson \u2013 KD<\/a><\/li>\n<li>F\u00f6lj mig p\u00e5 Twitter: <a title=\"F\u00f6lj mig p\u00e5 Twitter\" href=\"https:\/\/twitter.com\/hakanjohansson\" target=\"_blank\" rel=\"noopener\">@hakanjohansson<\/a><\/li>\n<li>F\u00f6lj mig p\u00e5 Instagram: <a title=\"F\u00f6lj mig p\u00e5 Instagram\" href=\"http:\/\/instagram.com\/johanssonhakan\" target=\"_blank\" rel=\"noopener\">johanssonhakan<\/a><\/li>\n<li>F\u00f6lj mig p\u00e5 Google+: H\u00e5kan Johansson (KD)<\/li>\n<\/ul>\n<h2>Mina svar<\/h2>\n<p>N\u00e4st mest f\u00f6retagsv\u00e4nlige kommunpolitikern i V\u00e4rnamo kommun enligt Svenskt n\u00e4ringslivs Kandidatguiden:<br \/>\n[<a href=\"https:\/\/www.foretagarna.se\/kandidatguiden\/Hitta-din-kandidat\/?valtyp=kommun&amp;kommun=V%C3%A4rnamo\" target=\"_blank\" rel=\"noopener\">Kandidatguiden<\/a>]<\/p>\n<h2 id=\"material\">Mitt valmaterial<\/h2>\n<p><img loading=\"lazy\" decoding=\"async\" class=\"alignnone size-full wp-image-2566\" src=\"http:\/\/wp.kristdemokraterna.se\/hakanjohansson\/files\/2018\/07\/2018_val_folder.jpg\" alt=\"\" width=\"478\" height=\"268\" srcset=\"https:\/\/wp.kristdemokraterna.se\/hakanjohansson\/files\/2018\/07\/2018_val_folder.jpg 478w, https:\/\/wp.kristdemokraterna.se\/hakanjohansson\/files\/2018\/07\/2018_val_folder-300x168.jpg 300w\" sizes=\"auto, (max-width: 478px) 100vw, 478px\" \/><\/p>\n<p>H\u00e4r kan du l\u00e4sa min kandidatfolder:<br \/>\n[<a href=\"http:\/\/wp.kristdemokraterna.se\/hakanjohansson\/files\/2018\/07\/180603_hakanjohansson_final.pdf\" target=\"_blank\" rel=\"noopener\">Kandidatfolder<\/a>]<\/p>\n<p>L\u00e4s om hur den kom till:<br \/>\n[]<\/p>\n<h3>Mina annonser<\/h3>\n<div id=\"attachment_2620\" style=\"width: 1210px\" class=\"wp-caption alignnone\"><img loading=\"lazy\" decoding=\"async\" aria-describedby=\"caption-attachment-2620\" class=\"size-full wp-image-2620\" src=\"http:\/\/wp.kristdemokraterna.se\/hakanjohansson\/files\/2018\/09\/annons.jpg\" alt=\"\u274e KRYSSA H\u00c5KAN JOHANSSON, V\u00c4RNAMO Kandidat i valen till V\u00e4rnamo kommun och Region J\u00f6nk\u00f6pings l\u00e4n DU SKA KUNNA LITA P\u00c5 SVERIGE! \u2705 DU SKA KUNNA LITA P\u00c5 KOMMUNEN En myndighet \u00e4r inte en politisk lekstuga! \u2705 DU SKA KUNNA LITA P\u00c5 SKOLAN V\u00e4rnamo borde inf\u00f6ra en elevh\u00e4lsogaranti! \u2705 DU SKA KUNNA LITA P\u00c5 V\u00c5RDEN Forts\u00e4tt utveckla V\u00e4rnamo sjukhus! \u2705 DU SKA KUNNA LITA P\u00c5 BEM\u00d6TANDET V\u00e4rnamo borde b\u00f6rja HBTQ-diplomera verksamheter! https:\/\/wp.kristdemokraterna.se\/hakanjohansson #kryssah\u00e5kan #teamebba #v\u00e4lf\u00e4rdsl\u00f6ftet\" width=\"1200\" height=\"630\" srcset=\"https:\/\/wp.kristdemokraterna.se\/hakanjohansson\/files\/2018\/09\/annons.jpg 1200w, https:\/\/wp.kristdemokraterna.se\/hakanjohansson\/files\/2018\/09\/annons-300x158.jpg 300w, https:\/\/wp.kristdemokraterna.se\/hakanjohansson\/files\/2018\/09\/annons-768x403.jpg 768w, https:\/\/wp.kristdemokraterna.se\/hakanjohansson\/files\/2018\/09\/annons-540x284.jpg 540w, https:\/\/wp.kristdemokraterna.se\/hakanjohansson\/files\/2018\/09\/annons-370x194.jpg 370w, https:\/\/wp.kristdemokraterna.se\/hakanjohansson\/files\/2018\/09\/annons-770x404.jpg 770w, https:\/\/wp.kristdemokraterna.se\/hakanjohansson\/files\/2018\/09\/annons-450x236.jpg 450w, https:\/\/wp.kristdemokraterna.se\/hakanjohansson\/files\/2018\/09\/annons-280x147.jpg 280w, https:\/\/wp.kristdemokraterna.se\/hakanjohansson\/files\/2018\/09\/annons-340x179.jpg 340w, https:\/\/wp.kristdemokraterna.se\/hakanjohansson\/files\/2018\/09\/annons-200x105.jpg 200w, https:\/\/wp.kristdemokraterna.se\/hakanjohansson\/files\/2018\/09\/annons-107x56.jpg 107w\" sizes=\"auto, (max-width: 1200px) 100vw, 1200px\" \/><p id=\"caption-attachment-2620\" class=\"wp-caption-text\">Min sociala medierannons de tv\u00e5 sista dagarna i valr\u00f6relsen.<\/p><\/div>\n","protected":false},"excerpt":{"rendered":"<p>[Om mig] | [Valmanifest] | [Valsedlar] | [Kontakt] | [Valmaterial] H\u00e5kan Johansson Kandidat i kommun- och\u00a0landstingsvalen, 57 \u00e5r, V\u00e4rnamo Studie- och yrkesv\u00e4gledare Ordf i Samh\u00e4llsbyggnadsn\u00e4mnden Musik, teknik och m\u00e4nniskor #kryssah\u00e5kan M\u00e4nniskov\u00e4rde och milj\u00f6\u00a0\u00e4r de politikomr\u00e5den som \u00e4r viktigast f\u00f6r mig. D\u00e4rf\u00f6r har globala \u00f6verlevnadsfr\u00e5gor som r\u00e4ttvisa, fred, solidaritet och m\u00e4nskliga r\u00e4ttigheter alltid legat n\u00e4rmast mitt&hellip; <a class=\"read-more-link\" href=\"https:\/\/wp.kristdemokraterna.se\/hakanjohansson\/om-mig\/val-2018\/\">Forts\u00e4tt l\u00e4sa<\/a><\/p>\n","protected":false},"author":507,"featured_media":0,"parent":135,"menu_order":0,"comment_status":"closed","ping_status":"closed","template":"","meta":{"_acf_changed":false,"footnotes":""},"class_list":["post-2596","page","type-page","status-publish","hentry"],"acf":[],"yoast_head":"<!-- This site is optimized with the Yoast SEO plugin v27.4 - https:\/\/yoast.com\/product\/yoast-seo-wordpress\/ -->\n<title>Val 2018 - H\u00e5kan Johansson, KD<\/title>\n<meta name=\"robots\" content=\"index, follow, max-snippet:-1, max-image-preview:large, max-video-preview:-1\" \/>\n<link rel=\"canonical\" href=\"https:\/\/wp.kristdemokraterna.se\/hakanjohansson\/om-mig\/val-2018\/\" \/>\n<meta property=\"og:locale\" content=\"sv_SE\" \/>\n<meta property=\"og:type\" content=\"article\" \/>\n<meta property=\"og:title\" content=\"Val 2018 - H\u00e5kan Johansson, KD\" \/>\n<meta property=\"og:description\" content=\"[Om mig] | [Valmanifest] | [Valsedlar] | [Kontakt] | [Valmaterial] H\u00e5kan Johansson Kandidat i kommun- och\u00a0landstingsvalen, 57 \u00e5r, V\u00e4rnamo Studie- och yrkesv\u00e4gledare Ordf i Samh\u00e4llsbyggnadsn\u00e4mnden Musik, teknik och m\u00e4nniskor #kryssah\u00e5kan M\u00e4nniskov\u00e4rde och milj\u00f6\u00a0\u00e4r de politikomr\u00e5den som \u00e4r viktigast f\u00f6r mig. D\u00e4rf\u00f6r har globala \u00f6verlevnadsfr\u00e5gor som r\u00e4ttvisa, fred, solidaritet och m\u00e4nskliga r\u00e4ttigheter alltid legat n\u00e4rmast mitt&hellip; Forts\u00e4tt l\u00e4sa\" \/>\n<meta property=\"og:url\" content=\"https:\/\/wp.kristdemokraterna.se\/hakanjohansson\/om-mig\/val-2018\/\" \/>\n<meta property=\"og:site_name\" content=\"H\u00e5kan Johansson, KD\" \/>\n<meta property=\"article:modified_time\" content=\"2018-09-07T17:06:15+00:00\" \/>\n<meta property=\"og:image\" content=\"http:\/\/wp.kristdemokraterna.se\/hakanjohansson\/files\/2018\/09\/annons.jpg\" \/>\n<meta name=\"twitter:card\" content=\"summary_large_image\" \/>\n<meta name=\"twitter:label1\" content=\"Ber\u00e4knad l\u00e4stid\" \/>\n\t<meta name=\"twitter:data1\" content=\"3 minuter\" \/>\n<script type=\"application\/ld+json\" class=\"yoast-schema-graph\">{\"@context\":\"https:\\\/\\\/schema.org\",\"@graph\":[{\"@type\":\"WebPage\",\"@id\":\"https:\\\/\\\/wp.kristdemokraterna.se\\\/hakanjohansson\\\/om-mig\\\/val-2018\\\/\",\"url\":\"https:\\\/\\\/wp.kristdemokraterna.se\\\/hakanjohansson\\\/om-mig\\\/val-2018\\\/\",\"name\":\"Val 2018 - H\u00e5kan Johansson, KD\",\"isPartOf\":{\"@id\":\"https:\\\/\\\/wp.kristdemokraterna.se\\\/hakanjohansson\\\/#website\"},\"primaryImageOfPage\":{\"@id\":\"https:\\\/\\\/wp.kristdemokraterna.se\\\/hakanjohansson\\\/om-mig\\\/val-2018\\\/#primaryimage\"},\"image\":{\"@id\":\"https:\\\/\\\/wp.kristdemokraterna.se\\\/hakanjohansson\\\/om-mig\\\/val-2018\\\/#primaryimage\"},\"thumbnailUrl\":\"http:\\\/\\\/wp.kristdemokraterna.se\\\/hakanjohansson\\\/files\\\/2018\\\/09\\\/annons.jpg\",\"datePublished\":\"2018-09-02T21:34:30+00:00\",\"dateModified\":\"2018-09-07T17:06:15+00:00\",\"breadcrumb\":{\"@id\":\"https:\\\/\\\/wp.kristdemokraterna.se\\\/hakanjohansson\\\/om-mig\\\/val-2018\\\/#breadcrumb\"},\"inLanguage\":\"sv-SE\",\"potentialAction\":[{\"@type\":\"ReadAction\",\"target\":[\"https:\\\/\\\/wp.kristdemokraterna.se\\\/hakanjohansson\\\/om-mig\\\/val-2018\\\/\"]}]},{\"@type\":\"ImageObject\",\"inLanguage\":\"sv-SE\",\"@id\":\"https:\\\/\\\/wp.kristdemokraterna.se\\\/hakanjohansson\\\/om-mig\\\/val-2018\\\/#primaryimage\",\"url\":\"https:\\\/\\\/wp.kristdemokraterna.se\\\/hakanjohansson\\\/files\\\/2018\\\/09\\\/annons.jpg\",\"contentUrl\":\"https:\\\/\\\/wp.kristdemokraterna.se\\\/hakanjohansson\\\/files\\\/2018\\\/09\\\/annons.jpg\",\"width\":1200,\"height\":630,\"caption\":\"Min sociala medierannons de tv\u00e5 sista dagarna i valr\u00f6relsen.\"},{\"@type\":\"BreadcrumbList\",\"@id\":\"https:\\\/\\\/wp.kristdemokraterna.se\\\/hakanjohansson\\\/om-mig\\\/val-2018\\\/#breadcrumb\",\"itemListElement\":[{\"@type\":\"ListItem\",\"position\":1,\"name\":\"Hem\",\"item\":\"https:\\\/\\\/wp.kristdemokraterna.se\\\/hakanjohansson\\\/\"},{\"@type\":\"ListItem\",\"position\":2,\"name\":\"Om mig\",\"item\":\"https:\\\/\\\/wp.kristdemokraterna.se\\\/hakanjohansson\\\/om-mig\\\/\"},{\"@type\":\"ListItem\",\"position\":3,\"name\":\"Val 2018\"}]},{\"@type\":\"WebSite\",\"@id\":\"https:\\\/\\\/wp.kristdemokraterna.se\\\/hakanjohansson\\\/#website\",\"url\":\"https:\\\/\\\/wp.kristdemokraterna.se\\\/hakanjohansson\\\/\",\"name\":\"H\u00e5kan Johansson, KD\",\"description\":\"Politik, musik och teknik...\",\"inLanguage\":\"sv-SE\"}]}<\/script>\n<!-- \/ Yoast SEO plugin. -->","yoast_head_json":{"title":"Val 2018 - H\u00e5kan Johansson, KD","robots":{"index":"index","follow":"follow","max-snippet":"max-snippet:-1","max-image-preview":"max-image-preview:large","max-video-preview":"max-video-preview:-1"},"canonical":"https:\/\/wp.kristdemokraterna.se\/hakanjohansson\/om-mig\/val-2018\/","og_locale":"sv_SE","og_type":"article","og_title":"Val 2018 - H\u00e5kan Johansson, KD","og_description":"[Om mig] | [Valmanifest] | [Valsedlar] | [Kontakt] | [Valmaterial] H\u00e5kan Johansson Kandidat i kommun- och\u00a0landstingsvalen, 57 \u00e5r, V\u00e4rnamo Studie- och yrkesv\u00e4gledare Ordf i Samh\u00e4llsbyggnadsn\u00e4mnden Musik, teknik och m\u00e4nniskor #kryssah\u00e5kan M\u00e4nniskov\u00e4rde och milj\u00f6\u00a0\u00e4r de politikomr\u00e5den som \u00e4r viktigast f\u00f6r mig. D\u00e4rf\u00f6r har globala \u00f6verlevnadsfr\u00e5gor som r\u00e4ttvisa, fred, solidaritet och m\u00e4nskliga r\u00e4ttigheter alltid legat n\u00e4rmast mitt&hellip; Forts\u00e4tt l\u00e4sa","og_url":"https:\/\/wp.kristdemokraterna.se\/hakanjohansson\/om-mig\/val-2018\/","og_site_name":"H\u00e5kan Johansson, KD","article_modified_time":"2018-09-07T17:06:15+00:00","og_image":[{"url":"http:\/\/wp.kristdemokraterna.se\/hakanjohansson\/files\/2018\/09\/annons.jpg","type":"","width":"","height":""}],"twitter_card":"summary_large_image","twitter_misc":{"Ber\u00e4knad l\u00e4stid":"3 minuter"},"schema":{"@context":"https:\/\/schema.org","@graph":[{"@type":"WebPage","@id":"https:\/\/wp.kristdemokraterna.se\/hakanjohansson\/om-mig\/val-2018\/","url":"https:\/\/wp.kristdemokraterna.se\/hakanjohansson\/om-mig\/val-2018\/","name":"Val 2018 - H\u00e5kan Johansson, KD","isPartOf":{"@id":"https:\/\/wp.kristdemokraterna.se\/hakanjohansson\/#website"},"primaryImageOfPage":{"@id":"https:\/\/wp.kristdemokraterna.se\/hakanjohansson\/om-mig\/val-2018\/#primaryimage"},"image":{"@id":"https:\/\/wp.kristdemokraterna.se\/hakanjohansson\/om-mig\/val-2018\/#primaryimage"},"thumbnailUrl":"http:\/\/wp.kristdemokraterna.se\/hakanjohansson\/files\/2018\/09\/annons.jpg","datePublished":"2018-09-02T21:34:30+00:00","dateModified":"2018-09-07T17:06:15+00:00","breadcrumb":{"@id":"https:\/\/wp.kristdemokraterna.se\/hakanjohansson\/om-mig\/val-2018\/#breadcrumb"},"inLanguage":"sv-SE","potentialAction":[{"@type":"ReadAction","target":["https:\/\/wp.kristdemokraterna.se\/hakanjohansson\/om-mig\/val-2018\/"]}]},{"@type":"ImageObject","inLanguage":"sv-SE","@id":"https:\/\/wp.kristdemokraterna.se\/hakanjohansson\/om-mig\/val-2018\/#primaryimage","url":"https:\/\/wp.kristdemokraterna.se\/hakanjohansson\/files\/2018\/09\/annons.jpg","contentUrl":"https:\/\/wp.kristdemokraterna.se\/hakanjohansson\/files\/2018\/09\/annons.jpg","width":1200,"height":630,"caption":"Min sociala medierannons de tv\u00e5 sista dagarna i valr\u00f6relsen."},{"@type":"BreadcrumbList","@id":"https:\/\/wp.kristdemokraterna.se\/hakanjohansson\/om-mig\/val-2018\/#breadcrumb","itemListElement":[{"@type":"ListItem","position":1,"name":"Hem","item":"https:\/\/wp.kristdemokraterna.se\/hakanjohansson\/"},{"@type":"ListItem","position":2,"name":"Om mig","item":"https:\/\/wp.kristdemokraterna.se\/hakanjohansson\/om-mig\/"},{"@type":"ListItem","position":3,"name":"Val 2018"}]},{"@type":"WebSite","@id":"https:\/\/wp.kristdemokraterna.se\/hakanjohansson\/#website","url":"https:\/\/wp.kristdemokraterna.se\/hakanjohansson\/","name":"H\u00e5kan Johansson, KD","description":"Politik, musik och teknik...","inLanguage":"sv-SE"}]}},"_links":{"self":[{"href":"https:\/\/wp.kristdemokraterna.se\/hakanjohansson\/wp-json\/wp\/v2\/pages\/2596","targetHints":{"allow":["GET"]}}],"collection":[{"href":"https:\/\/wp.kristdemokraterna.se\/hakanjohansson\/wp-json\/wp\/v2\/pages"}],"about":[{"href":"https:\/\/wp.kristdemokraterna.se\/hakanjohansson\/wp-json\/wp\/v2\/types\/page"}],"author":[{"embeddable":true,"href":"https:\/\/wp.kristdemokraterna.se\/hakanjohansson\/wp-json\/wp\/v2\/users\/507"}],"replies":[{"embeddable":true,"href":"https:\/\/wp.kristdemokraterna.se\/hakanjohansson\/wp-json\/wp\/v2\/comments?post=2596"}],"version-history":[{"count":9,"href":"https:\/\/wp.kristdemokraterna.se\/hakanjohansson\/wp-json\/wp\/v2\/pages\/2596\/revisions"}],"predecessor-version":[{"id":2621,"href":"https:\/\/wp.kristdemokraterna.se\/hakanjohansson\/wp-json\/wp\/v2\/pages\/2596\/revisions\/2621"}],"up":[{"embeddable":true,"href":"https:\/\/wp.kristdemokraterna.se\/hakanjohansson\/wp-json\/wp\/v2\/pages\/135"}],"wp:attachment":[{"href":"https:\/\/wp.kristdemokraterna.se\/hakanjohansson\/wp-json\/wp\/v2\/media?parent=2596"}],"curies":[{"name":"wp","href":"https:\/\/api.w.org\/{rel}","templated":true}]}}