{"id":8,"date":"2012-11-19T15:56:50","date_gmt":"2012-11-19T14:56:50","guid":{"rendered":"http:\/\/wp.kristdemokraterna.se\/hallstahammar\/?page_id=8"},"modified":"2018-05-15T12:03:10","modified_gmt":"2018-05-15T10:03:10","slug":"kontakta-oss","status":"publish","type":"page","link":"https:\/\/wp.kristdemokraterna.se\/hallstahammar\/kontakta-oss\/","title":{"rendered":"Kontakta oss"},"content":{"rendered":"<p>&nbsp;<\/p>\n<p><strong>Kristdemokraterna i Hallstahammar<\/strong><\/p>\n<p>Facebook:\u00a0<a href=\"https:\/\/www.facebook.com\/kdhallstahammar\/\">https:\/\/www.facebook.com\/kdhallstahammar\/<\/a><br \/>\nV\u00e5ra f\u00f6retr\u00e4dare: <a href=\"https:\/\/kristdemokraterna.se\/lokalt\/vastmanlands-lan\/hallstahammar\/\">https:\/\/kristdemokraterna.se\/lokalt\/vastmanlands-lan\/hallstahammar\/<\/a><\/p>\n<p><strong>Tommy Emterby<\/strong><br \/>\nOrdf\u00f6rande i partiavdelningen<br \/>\nE-post:\u00a0tommy.emterby@kristdemokraterna.se<\/p>\n<p>&nbsp;<\/p>\n","protected":false},"excerpt":{"rendered":"<p>&nbsp; Kristdemokraterna i Hallstahammar Facebook:\u00a0https:\/\/www.facebook.com\/kdhallstahammar\/ V\u00e5ra f\u00f6retr\u00e4dare: https:\/\/kristdemokraterna.se\/lokalt\/vastmanlands-lan\/hallstahammar\/ Tommy Emterby Ordf\u00f6rande i partiavdelningen E-post:\u00a0tommy.emterby@kristdemokraterna.se &nbsp;<\/p>\n","protected":false},"author":427,"featured_media":0,"parent":0,"menu_order":1,"comment_status":"closed","ping_status":"closed","template":"","meta":{"_acf_changed":false,"footnotes":""},"class_list":["post-8","page","type-page","status-publish","hentry"],"acf":[],"yoast_head":"<!-- This site is optimized with the Yoast SEO plugin v27.4 - https:\/\/yoast.com\/product\/yoast-seo-wordpress\/ -->\n<title>Kontakta oss - Hallstahammar<\/title>\n<meta name=\"robots\" content=\"index, follow, max-snippet:-1, max-image-preview:large, max-video-preview:-1\" \/>\n<link rel=\"canonical\" href=\"https:\/\/wp.kristdemokraterna.se\/hallstahammar\/kontakta-oss\/\" \/>\n<meta property=\"og:locale\" content=\"sv_SE\" \/>\n<meta property=\"og:type\" content=\"article\" \/>\n<meta property=\"og:title\" content=\"Kontakta oss - Hallstahammar\" \/>\n<meta property=\"og:description\" content=\"&nbsp; Kristdemokraterna i Hallstahammar Facebook:\u00a0https:\/\/www.facebook.com\/kdhallstahammar\/ V\u00e5ra f\u00f6retr\u00e4dare: https:\/\/kristdemokraterna.se\/lokalt\/vastmanlands-lan\/hallstahammar\/ Tommy Emterby Ordf\u00f6rande i partiavdelningen E-post:\u00a0tommy.emterby@kristdemokraterna.se &nbsp;\" \/>\n<meta property=\"og:url\" content=\"https:\/\/wp.kristdemokraterna.se\/hallstahammar\/kontakta-oss\/\" \/>\n<meta property=\"og:site_name\" content=\"Hallstahammar\" \/>\n<meta property=\"article:modified_time\" content=\"2018-05-15T10:03:10+00:00\" \/>\n<meta name=\"twitter:card\" content=\"summary_large_image\" \/>\n<script type=\"application\/ld+json\" class=\"yoast-schema-graph\">{\"@context\":\"https:\\\/\\\/schema.org\",\"@graph\":[{\"@type\":\"WebPage\",\"@id\":\"https:\\\/\\\/wp.kristdemokraterna.se\\\/hallstahammar\\\/kontakta-oss\\\/\",\"url\":\"https:\\\/\\\/wp.kristdemokraterna.se\\\/hallstahammar\\\/kontakta-oss\\\/\",\"name\":\"Kontakta oss - Hallstahammar\",\"isPartOf\":{\"@id\":\"https:\\\/\\\/wp.kristdemokraterna.se\\\/hallstahammar\\\/#website\"},\"datePublished\":\"2012-11-19T14:56:50+00:00\",\"dateModified\":\"2018-05-15T10:03:10+00:00\",\"breadcrumb\":{\"@id\":\"https:\\\/\\\/wp.kristdemokraterna.se\\\/hallstahammar\\\/kontakta-oss\\\/#breadcrumb\"},\"inLanguage\":\"sv-SE\",\"potentialAction\":[{\"@type\":\"ReadAction\",\"target\":[\"https:\\\/\\\/wp.kristdemokraterna.se\\\/hallstahammar\\\/kontakta-oss\\\/\"]}]},{\"@type\":\"BreadcrumbList\",\"@id\":\"https:\\\/\\\/wp.kristdemokraterna.se\\\/hallstahammar\\\/kontakta-oss\\\/#breadcrumb\",\"itemListElement\":[{\"@type\":\"ListItem\",\"position\":1,\"name\":\"Hem\",\"item\":\"https:\\\/\\\/wp.kristdemokraterna.se\\\/hallstahammar\\\/\"},{\"@type\":\"ListItem\",\"position\":2,\"name\":\"Kontakta oss\"}]},{\"@type\":\"WebSite\",\"@id\":\"https:\\\/\\\/wp.kristdemokraterna.se\\\/hallstahammar\\\/#website\",\"url\":\"https:\\\/\\\/wp.kristdemokraterna.se\\\/hallstahammar\\\/\",\"name\":\"Hallstahammar\",\"description\":\"Hallstahammar beh\u00f6ver ett maktskifte\",\"inLanguage\":\"sv-SE\"}]}<\/script>\n<!-- \/ Yoast SEO plugin. -->","yoast_head_json":{"title":"Kontakta oss - Hallstahammar","robots":{"index":"index","follow":"follow","max-snippet":"max-snippet:-1","max-image-preview":"max-image-preview:large","max-video-preview":"max-video-preview:-1"},"canonical":"https:\/\/wp.kristdemokraterna.se\/hallstahammar\/kontakta-oss\/","og_locale":"sv_SE","og_type":"article","og_title":"Kontakta oss - Hallstahammar","og_description":"&nbsp; Kristdemokraterna i Hallstahammar Facebook:\u00a0https:\/\/www.facebook.com\/kdhallstahammar\/ V\u00e5ra f\u00f6retr\u00e4dare: https:\/\/kristdemokraterna.se\/lokalt\/vastmanlands-lan\/hallstahammar\/ Tommy Emterby Ordf\u00f6rande i partiavdelningen E-post:\u00a0tommy.emterby@kristdemokraterna.se &nbsp;","og_url":"https:\/\/wp.kristdemokraterna.se\/hallstahammar\/kontakta-oss\/","og_site_name":"Hallstahammar","article_modified_time":"2018-05-15T10:03:10+00:00","twitter_card":"summary_large_image","schema":{"@context":"https:\/\/schema.org","@graph":[{"@type":"WebPage","@id":"https:\/\/wp.kristdemokraterna.se\/hallstahammar\/kontakta-oss\/","url":"https:\/\/wp.kristdemokraterna.se\/hallstahammar\/kontakta-oss\/","name":"Kontakta oss - Hallstahammar","isPartOf":{"@id":"https:\/\/wp.kristdemokraterna.se\/hallstahammar\/#website"},"datePublished":"2012-11-19T14:56:50+00:00","dateModified":"2018-05-15T10:03:10+00:00","breadcrumb":{"@id":"https:\/\/wp.kristdemokraterna.se\/hallstahammar\/kontakta-oss\/#breadcrumb"},"inLanguage":"sv-SE","potentialAction":[{"@type":"ReadAction","target":["https:\/\/wp.kristdemokraterna.se\/hallstahammar\/kontakta-oss\/"]}]},{"@type":"BreadcrumbList","@id":"https:\/\/wp.kristdemokraterna.se\/hallstahammar\/kontakta-oss\/#breadcrumb","itemListElement":[{"@type":"ListItem","position":1,"name":"Hem","item":"https:\/\/wp.kristdemokraterna.se\/hallstahammar\/"},{"@type":"ListItem","position":2,"name":"Kontakta oss"}]},{"@type":"WebSite","@id":"https:\/\/wp.kristdemokraterna.se\/hallstahammar\/#website","url":"https:\/\/wp.kristdemokraterna.se\/hallstahammar\/","name":"Hallstahammar","description":"Hallstahammar beh\u00f6ver ett maktskifte","inLanguage":"sv-SE"}]}},"_links":{"self":[{"href":"https:\/\/wp.kristdemokraterna.se\/hallstahammar\/wp-json\/wp\/v2\/pages\/8","targetHints":{"allow":["GET"]}}],"collection":[{"href":"https:\/\/wp.kristdemokraterna.se\/hallstahammar\/wp-json\/wp\/v2\/pages"}],"about":[{"href":"https:\/\/wp.kristdemokraterna.se\/hallstahammar\/wp-json\/wp\/v2\/types\/page"}],"author":[{"embeddable":true,"href":"https:\/\/wp.kristdemokraterna.se\/hallstahammar\/wp-json\/wp\/v2\/users\/427"}],"replies":[{"embeddable":true,"href":"https:\/\/wp.kristdemokraterna.se\/hallstahammar\/wp-json\/wp\/v2\/comments?post=8"}],"version-history":[{"count":29,"href":"https:\/\/wp.kristdemokraterna.se\/hallstahammar\/wp-json\/wp\/v2\/pages\/8\/revisions"}],"predecessor-version":[{"id":70,"href":"https:\/\/wp.kristdemokraterna.se\/hallstahammar\/wp-json\/wp\/v2\/pages\/8\/revisions\/70"}],"wp:attachment":[{"href":"https:\/\/wp.kristdemokraterna.se\/hallstahammar\/wp-json\/wp\/v2\/media?parent=8"}],"curies":[{"name":"wp","href":"https:\/\/api.w.org\/{rel}","templated":true}]}}