{"id":47,"date":"2015-01-09T13:34:58","date_gmt":"2015-01-09T12:34:58","guid":{"rendered":"http:\/\/wp.kristdemokraterna.se\/hammaro\/?page_id=47"},"modified":"2024-06-04T21:56:09","modified_gmt":"2024-06-04T19:56:09","slug":"styrelsen","status":"publish","type":"page","link":"https:\/\/wp.kristdemokraterna.se\/hammaro\/styrelsen\/","title":{"rendered":"Styrelsen"},"content":{"rendered":"<div class=\"messagesubject\">\n<h1><\/h1>\n<\/div>\n<table style=\"height: 452px\" width=\"554\" cellspacing=\"0\" cellpadding=\"0\">\n<tbody>\n<tr>\n<td class=\"messagebody\">\n<table style=\"height: 407px\" border=\"0\" summary=\"\" width=\"548\" cellspacing=\"0\" cellpadding=\"0\">\n<tbody>\n<tr>\n<td colspan=\"3\">\n<h4 align=\"left\"><strong>Vald vid partiavdelnings \u00e5rsm\u00f6te 2024<\/strong><\/h4>\n<\/td>\n<\/tr>\n<tr>\n<td width=\"10\"><strong><img loading=\"lazy\" decoding=\"async\" src=\"http:\/\/www.hammaro.kristdemokraterna.se\/Icons\/0\" alt=\"\" width=\"10\" height=\"1\" border=\"0\" \/><\/strong><\/td>\n<td>Ordf\u00f6rande Elisabeth Kihlstr\u00f6m<br \/>\nelisabeth.kihlstrom@telia.com<br \/>\n0705 50 56 65<\/p>\n<p>&nbsp;<\/p>\n<p>Gruppledare Kenth Carlsson<br \/>\nkenth.e.k.carlsson@telia.com<br \/>\n0703 82 35 33<\/p>\n<p>&nbsp;<\/p>\n<h1>Partiavdelnings styrelsen<\/h1>\n<table style=\"height: 272px\" border=\"1\" summary=\"\" width=\"436\" cellspacing=\"0\" cellpadding=\"3\">\n<tbody>\n<tr>\n<td valign=\"top\" width=\"177\">\n<div align=\"left\">\n<div align=\"left\">Ordf\u00f6rande<\/div>\n<\/div>\n<\/td>\n<td valign=\"top\" width=\"147\">Elisabeth Kihlstr\u00f6m<\/td>\n<\/tr>\n<tr>\n<td valign=\"top\" width=\"177\">\n<div align=\"left\">Vice Ordf\u00f6rande<\/div>\n<\/td>\n<td valign=\"top\" width=\"147\">\n<div align=\"left\">Magnus Eriksson<\/div>\n<\/td>\n<\/tr>\n<tr>\n<td valign=\"top\" width=\"177\">\n<div align=\"left\">Kass\u00f6r<\/div>\n<\/td>\n<td valign=\"top\" width=\"147\">Mathias Wiker<\/td>\n<\/tr>\n<tr>\n<td valign=\"top\" width=\"177\">\n<div align=\"left\">Sekreterare<\/div>\n<\/td>\n<td valign=\"top\" width=\"147\">\n<div align=\"left\">Lars Larsson<\/div>\n<\/td>\n<\/tr>\n<tr>\n<td valign=\"top\" width=\"177\">\n<div align=\"left\">Ledamot<\/div>\n<\/td>\n<td valign=\"top\" width=\"147\">\n<div align=\"left\">Petra Westr\u00f6m<\/div>\n<\/td>\n<\/tr>\n<tr>\n<td valign=\"top\" width=\"177\">\n<div align=\"left\">Ledamot<\/div>\n<\/td>\n<td valign=\"top\" width=\"147\">\n<div align=\"left\">Susanne Persson<\/div>\n<\/td>\n<\/tr>\n<tr>\n<td valign=\"top\" width=\"177\">\n<div align=\"left\">Ledamot\/Gruppledare<\/div>\n<\/td>\n<td valign=\"top\" width=\"147\">\n<div align=\"left\">Kenth Carlsson<\/div>\n<\/td>\n<\/tr>\n<tr>\n<td valign=\"top\" width=\"177\">\n<div align=\"left\">Adjungerad<\/div>\n<\/td>\n<td valign=\"top\" width=\"147\">\n<div align=\"left\">\n<div align=\"left\">Maria Lloyd<\/div>\n<\/div>\n<\/td>\n<\/tr>\n<\/tbody>\n<\/table>\n<\/td>\n<td width=\"10\"><img loading=\"lazy\" decoding=\"async\" src=\"http:\/\/www.hammaro.kristdemokraterna.se\/Icons\/0\" alt=\"\" width=\"10\" height=\"1\" border=\"0\" \/><\/td>\n<\/tr>\n<tr>\n<td colspan=\"3\"><img loading=\"lazy\" decoding=\"async\" src=\"http:\/\/www.hammaro.kristdemokraterna.se\/Icons\/0\" alt=\"\" width=\"1\" height=\"10\" border=\"0\" \/><\/td>\n<\/tr>\n<\/tbody>\n<\/table>\n<\/td>\n<\/tr>\n<\/tbody>\n<\/table>\n<p>&nbsp;<\/p>\n","protected":false},"excerpt":{"rendered":"<p>Vald vid partiavdelnings \u00e5rsm\u00f6te 2024 Ordf\u00f6rande Elisabeth Kihlstr\u00f6m elisabeth.kihlstrom@telia.com 0705 50 56 65 &nbsp; Gruppledare Kenth Carlsson kenth.e.k.carlsson@telia.com 0703 82 35 33 &nbsp; Partiavdelnings styrelsen Ordf\u00f6rande Elisabeth Kihlstr\u00f6m Vice Ordf\u00f6rande Magnus Eriksson Kass\u00f6r Mathias Wiker Sekreterare Lars Larsson Ledamot Petra Westr\u00f6m Ledamot Susanne Persson Ledamot\/Gruppledare Kenth Carlsson Adjungerad Maria Lloyd &nbsp;<\/p>\n","protected":false},"author":683,"featured_media":0,"parent":0,"menu_order":0,"comment_status":"closed","ping_status":"closed","template":"","meta":{"_acf_changed":false,"footnotes":""},"class_list":["post-47","page","type-page","status-publish","hentry"],"acf":[],"yoast_head":"<!-- This site is optimized with the Yoast SEO plugin v27.4 - https:\/\/yoast.com\/product\/yoast-seo-wordpress\/ -->\n<title>Styrelsen - Hammar\u00f6<\/title>\n<meta name=\"robots\" content=\"index, follow, max-snippet:-1, max-image-preview:large, max-video-preview:-1\" \/>\n<link rel=\"canonical\" href=\"https:\/\/wp.kristdemokraterna.se\/hammaro\/styrelsen\/\" \/>\n<meta property=\"og:locale\" content=\"sv_SE\" \/>\n<meta property=\"og:type\" content=\"article\" \/>\n<meta property=\"og:title\" content=\"Styrelsen - Hammar\u00f6\" \/>\n<meta property=\"og:description\" content=\"Vald vid partiavdelnings \u00e5rsm\u00f6te 2024 Ordf\u00f6rande Elisabeth Kihlstr\u00f6m elisabeth.kihlstrom@telia.com 0705 50 56 65 &nbsp; Gruppledare Kenth Carlsson kenth.e.k.carlsson@telia.com 0703 82 35 33 &nbsp; Partiavdelnings styrelsen Ordf\u00f6rande Elisabeth Kihlstr\u00f6m Vice Ordf\u00f6rande Magnus Eriksson Kass\u00f6r Mathias Wiker Sekreterare Lars Larsson Ledamot Petra Westr\u00f6m Ledamot Susanne Persson Ledamot\/Gruppledare Kenth Carlsson Adjungerad Maria Lloyd &nbsp;\" \/>\n<meta property=\"og:url\" content=\"https:\/\/wp.kristdemokraterna.se\/hammaro\/styrelsen\/\" \/>\n<meta property=\"og:site_name\" content=\"Hammar\u00f6\" \/>\n<meta property=\"article:modified_time\" content=\"2024-06-04T19:56:09+00:00\" \/>\n<meta property=\"og:image\" content=\"http:\/\/www.hammaro.kristdemokraterna.se\/Icons\/0\" \/>\n<meta name=\"twitter:card\" content=\"summary_large_image\" \/>\n<meta name=\"twitter:label1\" content=\"Ber\u00e4knad l\u00e4stid\" \/>\n\t<meta name=\"twitter:data1\" content=\"1 minut\" \/>\n<script type=\"application\/ld+json\" class=\"yoast-schema-graph\">{\"@context\":\"https:\\\/\\\/schema.org\",\"@graph\":[{\"@type\":\"WebPage\",\"@id\":\"https:\\\/\\\/wp.kristdemokraterna.se\\\/hammaro\\\/styrelsen\\\/\",\"url\":\"https:\\\/\\\/wp.kristdemokraterna.se\\\/hammaro\\\/styrelsen\\\/\",\"name\":\"Styrelsen - Hammar\u00f6\",\"isPartOf\":{\"@id\":\"https:\\\/\\\/wp.kristdemokraterna.se\\\/hammaro\\\/#website\"},\"primaryImageOfPage\":{\"@id\":\"https:\\\/\\\/wp.kristdemokraterna.se\\\/hammaro\\\/styrelsen\\\/#primaryimage\"},\"image\":{\"@id\":\"https:\\\/\\\/wp.kristdemokraterna.se\\\/hammaro\\\/styrelsen\\\/#primaryimage\"},\"thumbnailUrl\":\"http:\\\/\\\/www.hammaro.kristdemokraterna.se\\\/Icons\\\/0\",\"datePublished\":\"2015-01-09T12:34:58+00:00\",\"dateModified\":\"2024-06-04T19:56:09+00:00\",\"breadcrumb\":{\"@id\":\"https:\\\/\\\/wp.kristdemokraterna.se\\\/hammaro\\\/styrelsen\\\/#breadcrumb\"},\"inLanguage\":\"sv-SE\",\"potentialAction\":[{\"@type\":\"ReadAction\",\"target\":[\"https:\\\/\\\/wp.kristdemokraterna.se\\\/hammaro\\\/styrelsen\\\/\"]}]},{\"@type\":\"ImageObject\",\"inLanguage\":\"sv-SE\",\"@id\":\"https:\\\/\\\/wp.kristdemokraterna.se\\\/hammaro\\\/styrelsen\\\/#primaryimage\",\"url\":\"http:\\\/\\\/www.hammaro.kristdemokraterna.se\\\/Icons\\\/0\",\"contentUrl\":\"http:\\\/\\\/www.hammaro.kristdemokraterna.se\\\/Icons\\\/0\"},{\"@type\":\"BreadcrumbList\",\"@id\":\"https:\\\/\\\/wp.kristdemokraterna.se\\\/hammaro\\\/styrelsen\\\/#breadcrumb\",\"itemListElement\":[{\"@type\":\"ListItem\",\"position\":1,\"name\":\"Hem\",\"item\":\"https:\\\/\\\/wp.kristdemokraterna.se\\\/hammaro\\\/\"},{\"@type\":\"ListItem\",\"position\":2,\"name\":\"Styrelsen\"}]},{\"@type\":\"WebSite\",\"@id\":\"https:\\\/\\\/wp.kristdemokraterna.se\\\/hammaro\\\/#website\",\"url\":\"https:\\\/\\\/wp.kristdemokraterna.se\\\/hammaro\\\/\",\"name\":\"Hammar\u00f6\",\"description\":\"Ansvarsfull och medm\u00e4nsklig politik\",\"inLanguage\":\"sv-SE\"}]}<\/script>\n<!-- \/ Yoast SEO plugin. -->","yoast_head_json":{"title":"Styrelsen - Hammar\u00f6","robots":{"index":"index","follow":"follow","max-snippet":"max-snippet:-1","max-image-preview":"max-image-preview:large","max-video-preview":"max-video-preview:-1"},"canonical":"https:\/\/wp.kristdemokraterna.se\/hammaro\/styrelsen\/","og_locale":"sv_SE","og_type":"article","og_title":"Styrelsen - Hammar\u00f6","og_description":"Vald vid partiavdelnings \u00e5rsm\u00f6te 2024 Ordf\u00f6rande Elisabeth Kihlstr\u00f6m elisabeth.kihlstrom@telia.com 0705 50 56 65 &nbsp; Gruppledare Kenth Carlsson kenth.e.k.carlsson@telia.com 0703 82 35 33 &nbsp; Partiavdelnings styrelsen Ordf\u00f6rande Elisabeth Kihlstr\u00f6m Vice Ordf\u00f6rande Magnus Eriksson Kass\u00f6r Mathias Wiker Sekreterare Lars Larsson Ledamot Petra Westr\u00f6m Ledamot Susanne Persson Ledamot\/Gruppledare Kenth Carlsson Adjungerad Maria Lloyd &nbsp;","og_url":"https:\/\/wp.kristdemokraterna.se\/hammaro\/styrelsen\/","og_site_name":"Hammar\u00f6","article_modified_time":"2024-06-04T19:56:09+00:00","og_image":[{"url":"http:\/\/www.hammaro.kristdemokraterna.se\/Icons\/0","type":"","width":"","height":""}],"twitter_card":"summary_large_image","twitter_misc":{"Ber\u00e4knad l\u00e4stid":"1 minut"},"schema":{"@context":"https:\/\/schema.org","@graph":[{"@type":"WebPage","@id":"https:\/\/wp.kristdemokraterna.se\/hammaro\/styrelsen\/","url":"https:\/\/wp.kristdemokraterna.se\/hammaro\/styrelsen\/","name":"Styrelsen - Hammar\u00f6","isPartOf":{"@id":"https:\/\/wp.kristdemokraterna.se\/hammaro\/#website"},"primaryImageOfPage":{"@id":"https:\/\/wp.kristdemokraterna.se\/hammaro\/styrelsen\/#primaryimage"},"image":{"@id":"https:\/\/wp.kristdemokraterna.se\/hammaro\/styrelsen\/#primaryimage"},"thumbnailUrl":"http:\/\/www.hammaro.kristdemokraterna.se\/Icons\/0","datePublished":"2015-01-09T12:34:58+00:00","dateModified":"2024-06-04T19:56:09+00:00","breadcrumb":{"@id":"https:\/\/wp.kristdemokraterna.se\/hammaro\/styrelsen\/#breadcrumb"},"inLanguage":"sv-SE","potentialAction":[{"@type":"ReadAction","target":["https:\/\/wp.kristdemokraterna.se\/hammaro\/styrelsen\/"]}]},{"@type":"ImageObject","inLanguage":"sv-SE","@id":"https:\/\/wp.kristdemokraterna.se\/hammaro\/styrelsen\/#primaryimage","url":"http:\/\/www.hammaro.kristdemokraterna.se\/Icons\/0","contentUrl":"http:\/\/www.hammaro.kristdemokraterna.se\/Icons\/0"},{"@type":"BreadcrumbList","@id":"https:\/\/wp.kristdemokraterna.se\/hammaro\/styrelsen\/#breadcrumb","itemListElement":[{"@type":"ListItem","position":1,"name":"Hem","item":"https:\/\/wp.kristdemokraterna.se\/hammaro\/"},{"@type":"ListItem","position":2,"name":"Styrelsen"}]},{"@type":"WebSite","@id":"https:\/\/wp.kristdemokraterna.se\/hammaro\/#website","url":"https:\/\/wp.kristdemokraterna.se\/hammaro\/","name":"Hammar\u00f6","description":"Ansvarsfull och medm\u00e4nsklig politik","inLanguage":"sv-SE"}]}},"_links":{"self":[{"href":"https:\/\/wp.kristdemokraterna.se\/hammaro\/wp-json\/wp\/v2\/pages\/47","targetHints":{"allow":["GET"]}}],"collection":[{"href":"https:\/\/wp.kristdemokraterna.se\/hammaro\/wp-json\/wp\/v2\/pages"}],"about":[{"href":"https:\/\/wp.kristdemokraterna.se\/hammaro\/wp-json\/wp\/v2\/types\/page"}],"author":[{"embeddable":true,"href":"https:\/\/wp.kristdemokraterna.se\/hammaro\/wp-json\/wp\/v2\/users\/683"}],"replies":[{"embeddable":true,"href":"https:\/\/wp.kristdemokraterna.se\/hammaro\/wp-json\/wp\/v2\/comments?post=47"}],"version-history":[{"count":16,"href":"https:\/\/wp.kristdemokraterna.se\/hammaro\/wp-json\/wp\/v2\/pages\/47\/revisions"}],"predecessor-version":[{"id":487,"href":"https:\/\/wp.kristdemokraterna.se\/hammaro\/wp-json\/wp\/v2\/pages\/47\/revisions\/487"}],"wp:attachment":[{"href":"https:\/\/wp.kristdemokraterna.se\/hammaro\/wp-json\/wp\/v2\/media?parent=47"}],"curies":[{"name":"wp","href":"https:\/\/api.w.org\/{rel}","templated":true}]}}