{"id":1113,"date":"2022-04-21T16:39:46","date_gmt":"2022-04-21T14:39:46","guid":{"rendered":"https:\/\/wp.kristdemokraterna.se\/haninge\/?page_id=1113"},"modified":"2026-02-27T11:05:55","modified_gmt":"2026-02-27T10:05:55","slug":"naringsliv-och-jobb","status":"publish","type":"page","link":"https:\/\/wp.kristdemokraterna.se\/haninge\/politik-for-haninge\/naringsliv-och-jobb\/","title":{"rendered":"N\u00e4ringsliv och jobb"},"content":{"rendered":"<p>Kristdemokraterna \u00e4r partiet som st\u00e5r p\u00e5 f\u00f6retagens sida. Ett starkt och v\u00e4xande n\u00e4ringsliv \u00e4r grunden f\u00f6r jobb, sj\u00e4lvst\u00e4ndighet och v\u00e4lf\u00e4rd. Det \u00e4r f\u00f6retagen som skapar arbetstillf\u00e4llen \u2013 inte politikerna. D\u00e4rf\u00f6r ska Haninge vara en kommun d\u00e4r det \u00e4r enkelt att starta, driva och utveckla f\u00f6retag.<\/p>\n<p>Under mandatperioden har vi tagit viktiga steg f\u00f6r att st\u00e4rka f\u00f6retagsklimatet, men mer kan g\u00f6ras. Handl\u00e4ggningstider ska kortas och upphandlingar f\u00f6renklas s\u00e5 att \u00e4ven sm\u00e5 och lokala f\u00f6retag kan delta. Genom en effektiv f\u00f6retagarlots och n\u00e4ra samarbete med n\u00e4ringslivet skapar vi b\u00e4ttre f\u00f6ruts\u00e4ttningar f\u00f6r tillv\u00e4xt.<\/p>\n<p style=\"text-align: center\"><img loading=\"lazy\" decoding=\"async\" class=\"aligncenter wp-image-987\" src=\"http:\/\/wp.kristdemokraterna.se\/haninge\/files\/2022\/02\/arbetare.jpg\" alt=\"n\u00e4ringsliv och jobb\" width=\"665\" height=\"444\" srcset=\"https:\/\/wp.kristdemokraterna.se\/haninge\/files\/2022\/02\/arbetare.jpg 870w, https:\/\/wp.kristdemokraterna.se\/haninge\/files\/2022\/02\/arbetare-300x200.jpg 300w, https:\/\/wp.kristdemokraterna.se\/haninge\/files\/2022\/02\/arbetare-768x512.jpg 768w, https:\/\/wp.kristdemokraterna.se\/haninge\/files\/2022\/02\/arbetare-370x247.jpg 370w, https:\/\/wp.kristdemokraterna.se\/haninge\/files\/2022\/02\/arbetare-770x513.jpg 770w, https:\/\/wp.kristdemokraterna.se\/haninge\/files\/2022\/02\/arbetare-450x300.jpg 450w, https:\/\/wp.kristdemokraterna.se\/haninge\/files\/2022\/02\/arbetare-280x187.jpg 280w, https:\/\/wp.kristdemokraterna.se\/haninge\/files\/2022\/02\/arbetare-340x227.jpg 340w, https:\/\/wp.kristdemokraterna.se\/haninge\/files\/2022\/02\/arbetare-200x133.jpg 200w, https:\/\/wp.kristdemokraterna.se\/haninge\/files\/2022\/02\/arbetare-84x56.jpg 84w\" sizes=\"auto, (max-width: 665px) 100vw, 665px\" \/><\/p>\n<p>Samtidigt m\u00e5ste utbildning och arbetsmarknad g\u00e5 hand i hand. Haninge ska satsa p\u00e5 bristyrkesutbildningar och utveckla praktik- och l\u00e4rlingsprogram i n\u00e4ra samarbete med f\u00f6retag. Fler unga ska f\u00e5 chansen till sommarjobb och en f\u00f6rsta kontakt med arbetslivet.<\/p>\n<p>Genom att kombinera ett starkt f\u00f6retagsklimat med kompetensutveckling skapar vi fler jobb, tryggare familjer och en v\u00e4lf\u00e4rd som st\u00e5r stark \u00f6ver tid.<\/p>\n<h3>Kristdemokraterna i Haninge vill:<\/h3>\n<ul>\n<li><strong>St\u00e4rka f\u00f6retagsklimatet:<\/strong> Haninge ska vara en kommun d\u00e4r fler f\u00f6retag kan starta, v\u00e4xa och skapa jobb.<\/li>\n<li><strong>F\u00f6renkla upphandlingar:<\/strong> Upphandlingar ska f\u00f6renklas, detaljstyrningen minska och fler partnerskap m\u00f6jligg\u00f6ras f\u00f6r att st\u00e4rka lokala och id\u00e9burna akt\u00f6rer.<\/li>\n<li><strong>St\u00f6dja sm\u00e5f\u00f6retag:<\/strong> Sm\u00e5f\u00f6retag ska f\u00e5 st\u00f6d genom exempelvis komvux och korta yrkesutbildningar f\u00f6r att kunna v\u00e4xa och anst\u00e4lla fler.<\/li>\n<li><strong>Ha en snabb v\u00e4g till arbete:<\/strong> Arbetsl\u00f6sa med f\u00f6rs\u00f6rjningsst\u00f6d ska snabbt f\u00e5 st\u00f6d till jobb, praktik eller studier \u2013 \u00e4ven genom privata akt\u00f6rer och extern matchning.<\/li>\n<li><strong>Fler sociala f\u00f6retag:<\/strong> Nya sociala f\u00f6retag ska uppmuntras och r\u00e5dgivning erbjudas.<\/li>\n<li><strong>Satsa p\u00e5 bristyrken:<\/strong> Utbildningar inom bristyrken ska utvecklas i n\u00e4ra samarbete med n\u00e4ringslivet.<\/li>\n<li><strong>Utveckla praktik och l\u00e4rlingsprogram:<\/strong> Fler praktik- och l\u00e4rlingsplatser ska skapas f\u00f6r ungdomar och arbetsl\u00f6sa.<\/li>\n<li><strong>Utveckla Albyberg och Norrby g\u00e4rde:<\/strong> Omr\u00e5dena ska bli attraktiva platser f\u00f6r handel och verksamheter som bidrar till kommunens tillv\u00e4xt.<\/li>\n<\/ul>\n<p>Vill du l\u00e4sa mer om v\u00e5r politik f\u00f6r Haninge? <a href=\"http:\/\/wp.kristdemokraterna.se\/haninge\/files\/2022\/02\/kommunpolitisk-program-2022-2026.pdf\">L\u00e4s v\u00e5rt kommunpolitiska program h\u00e4r<\/a><\/p>\n","protected":false},"excerpt":{"rendered":"<p>Kristdemokraterna \u00e4r partiet som st\u00e5r p\u00e5 f\u00f6retagens sida. Ett starkt och v\u00e4xande n\u00e4ringsliv \u00e4r grunden f\u00f6r jobb, sj\u00e4lvst\u00e4ndighet och v\u00e4lf\u00e4rd. Det \u00e4r f\u00f6retagen som skapar arbetstillf\u00e4llen \u2013 inte politikerna. D\u00e4rf\u00f6r ska Haninge vara en kommun d\u00e4r det \u00e4r enkelt att starta, driva och utveckla f\u00f6retag. Under mandatperioden har vi tagit viktiga steg f\u00f6r att st\u00e4rka <a class=\"read-more-link\" href=\"https:\/\/wp.kristdemokraterna.se\/haninge\/politik-for-haninge\/naringsliv-och-jobb\/\">L\u00e4s mer<\/a><\/p>\n","protected":false},"author":1000,"featured_media":880,"parent":342,"menu_order":10,"comment_status":"closed","ping_status":"closed","template":"","meta":{"_acf_changed":false,"footnotes":""},"class_list":["post-1113","page","type-page","status-publish","hentry"],"acf":[],"yoast_head":"<!-- This site is optimized with the Yoast SEO plugin v27.3 - https:\/\/yoast.com\/product\/yoast-seo-wordpress\/ -->\n<title>N\u00e4ringsliv och jobb &#8211; Kristdemokraterna i Haninge |<\/title>\n<meta name=\"description\" content=\"En stark politik f\u00f6r n\u00e4ringsliv och jobb i hela Haninge \u00e4r grunden till v\u00e5r v\u00e4lf\u00e4rd och m\u00e4nniskors egenmakt.\" \/>\n<meta name=\"robots\" content=\"index, follow, max-snippet:-1, max-image-preview:large, max-video-preview:-1\" \/>\n<link rel=\"canonical\" href=\"https:\/\/wp.kristdemokraterna.se\/haninge\/politik-for-haninge\/naringsliv-och-jobb\/\" \/>\n<meta property=\"og:locale\" content=\"sv_SE\" \/>\n<meta property=\"og:type\" content=\"article\" \/>\n<meta property=\"og:title\" content=\"N\u00e4ringsliv och jobb &#8211; Kristdemokraterna i Haninge |\" \/>\n<meta property=\"og:description\" content=\"En stark politik f\u00f6r n\u00e4ringsliv och jobb i hela Haninge \u00e4r grunden till v\u00e5r v\u00e4lf\u00e4rd och m\u00e4nniskors egenmakt.\" \/>\n<meta property=\"og:url\" content=\"https:\/\/wp.kristdemokraterna.se\/haninge\/politik-for-haninge\/naringsliv-och-jobb\/\" \/>\n<meta property=\"og:site_name\" content=\"Kristdemokraterna i Haninge |\" \/>\n<meta property=\"article:modified_time\" content=\"2026-02-27T10:05:55+00:00\" \/>\n<meta property=\"og:image\" content=\"https:\/\/wp.kristdemokraterna.se\/haninge\/files\/2022\/02\/arbetare.jpg\" \/>\n\t<meta property=\"og:image:width\" content=\"870\" \/>\n\t<meta property=\"og:image:height\" content=\"580\" \/>\n\t<meta property=\"og:image:type\" content=\"image\/jpeg\" \/>\n<meta name=\"twitter:card\" content=\"summary_large_image\" \/>\n<meta name=\"twitter:label1\" content=\"Ber\u00e4knad l\u00e4stid\" \/>\n\t<meta name=\"twitter:data1\" content=\"2 minuter\" \/>\n<script type=\"application\/ld+json\" class=\"yoast-schema-graph\">{\"@context\":\"https:\\\/\\\/schema.org\",\"@graph\":[{\"@type\":\"WebPage\",\"@id\":\"https:\\\/\\\/wp.kristdemokraterna.se\\\/haninge\\\/politik-for-haninge\\\/naringsliv-och-jobb\\\/\",\"url\":\"https:\\\/\\\/wp.kristdemokraterna.se\\\/haninge\\\/politik-for-haninge\\\/naringsliv-och-jobb\\\/\",\"name\":\"N\u00e4ringsliv och jobb &#8211; Kristdemokraterna i Haninge |\",\"isPartOf\":{\"@id\":\"https:\\\/\\\/wp.kristdemokraterna.se\\\/haninge\\\/#website\"},\"primaryImageOfPage\":{\"@id\":\"https:\\\/\\\/wp.kristdemokraterna.se\\\/haninge\\\/politik-for-haninge\\\/naringsliv-och-jobb\\\/#primaryimage\"},\"image\":{\"@id\":\"https:\\\/\\\/wp.kristdemokraterna.se\\\/haninge\\\/politik-for-haninge\\\/naringsliv-och-jobb\\\/#primaryimage\"},\"thumbnailUrl\":\"https:\\\/\\\/wp.kristdemokraterna.se\\\/haninge\\\/files\\\/2022\\\/01\\\/kd-logo-bla\u2560e.png\",\"datePublished\":\"2022-04-21T14:39:46+00:00\",\"dateModified\":\"2026-02-27T10:05:55+00:00\",\"description\":\"En stark politik f\u00f6r n\u00e4ringsliv och jobb i hela Haninge \u00e4r grunden till v\u00e5r v\u00e4lf\u00e4rd och m\u00e4nniskors egenmakt.\",\"breadcrumb\":{\"@id\":\"https:\\\/\\\/wp.kristdemokraterna.se\\\/haninge\\\/politik-for-haninge\\\/naringsliv-och-jobb\\\/#breadcrumb\"},\"inLanguage\":\"sv-SE\",\"potentialAction\":[{\"@type\":\"ReadAction\",\"target\":[\"https:\\\/\\\/wp.kristdemokraterna.se\\\/haninge\\\/politik-for-haninge\\\/naringsliv-och-jobb\\\/\"]}]},{\"@type\":\"ImageObject\",\"inLanguage\":\"sv-SE\",\"@id\":\"https:\\\/\\\/wp.kristdemokraterna.se\\\/haninge\\\/politik-for-haninge\\\/naringsliv-och-jobb\\\/#primaryimage\",\"url\":\"https:\\\/\\\/wp.kristdemokraterna.se\\\/haninge\\\/files\\\/2022\\\/01\\\/kd-logo-bla\u2560e.png\",\"contentUrl\":\"https:\\\/\\\/wp.kristdemokraterna.se\\\/haninge\\\/files\\\/2022\\\/01\\\/kd-logo-bla\u2560e.png\",\"width\":2032,\"height\":2031,\"caption\":\"Kristdemokraterna\"},{\"@type\":\"BreadcrumbList\",\"@id\":\"https:\\\/\\\/wp.kristdemokraterna.se\\\/haninge\\\/politik-for-haninge\\\/naringsliv-och-jobb\\\/#breadcrumb\",\"itemListElement\":[{\"@type\":\"ListItem\",\"position\":1,\"name\":\"Hem\",\"item\":\"https:\\\/\\\/wp.kristdemokraterna.se\\\/haninge\\\/\"},{\"@type\":\"ListItem\",\"position\":2,\"name\":\"V\u00e5r politik f\u00f6r Haninge\",\"item\":\"https:\\\/\\\/wp.kristdemokraterna.se\\\/haninge\\\/politik-for-haninge\\\/\"},{\"@type\":\"ListItem\",\"position\":3,\"name\":\"N\u00e4ringsliv och jobb\"}]},{\"@type\":\"WebSite\",\"@id\":\"https:\\\/\\\/wp.kristdemokraterna.se\\\/haninge\\\/#website\",\"url\":\"https:\\\/\\\/wp.kristdemokraterna.se\\\/haninge\\\/\",\"name\":\"Kristdemokraterna i Haninge |\",\"description\":\"Det trygga alternativet\",\"publisher\":{\"@id\":\"https:\\\/\\\/wp.kristdemokraterna.se\\\/haninge\\\/#organization\"},\"inLanguage\":\"sv-SE\"},{\"@type\":\"Organization\",\"@id\":\"https:\\\/\\\/wp.kristdemokraterna.se\\\/haninge\\\/#organization\",\"name\":\"Kristdemokraterna i Haninge\",\"url\":\"https:\\\/\\\/wp.kristdemokraterna.se\\\/haninge\\\/\",\"logo\":{\"@type\":\"ImageObject\",\"inLanguage\":\"sv-SE\",\"@id\":\"https:\\\/\\\/wp.kristdemokraterna.se\\\/haninge\\\/#\\\/schema\\\/logo\\\/image\\\/\",\"url\":\"https:\\\/\\\/wp.kristdemokraterna.se\\\/haninge\\\/files\\\/2022\\\/01\\\/kd-logo-bla\u2560e.png\",\"contentUrl\":\"https:\\\/\\\/wp.kristdemokraterna.se\\\/haninge\\\/files\\\/2022\\\/01\\\/kd-logo-bla\u2560e.png\",\"width\":2032,\"height\":2031,\"caption\":\"Kristdemokraterna i Haninge\"},\"image\":{\"@id\":\"https:\\\/\\\/wp.kristdemokraterna.se\\\/haninge\\\/#\\\/schema\\\/logo\\\/image\\\/\"}}]}<\/script>\n<!-- \/ Yoast SEO plugin. -->","yoast_head_json":{"title":"N\u00e4ringsliv och jobb &#8211; Kristdemokraterna i Haninge |","description":"En stark politik f\u00f6r n\u00e4ringsliv och jobb i hela Haninge \u00e4r grunden till v\u00e5r v\u00e4lf\u00e4rd och m\u00e4nniskors egenmakt.","robots":{"index":"index","follow":"follow","max-snippet":"max-snippet:-1","max-image-preview":"max-image-preview:large","max-video-preview":"max-video-preview:-1"},"canonical":"https:\/\/wp.kristdemokraterna.se\/haninge\/politik-for-haninge\/naringsliv-och-jobb\/","og_locale":"sv_SE","og_type":"article","og_title":"N\u00e4ringsliv och jobb &#8211; Kristdemokraterna i Haninge |","og_description":"En stark politik f\u00f6r n\u00e4ringsliv och jobb i hela Haninge \u00e4r grunden till v\u00e5r v\u00e4lf\u00e4rd och m\u00e4nniskors egenmakt.","og_url":"https:\/\/wp.kristdemokraterna.se\/haninge\/politik-for-haninge\/naringsliv-och-jobb\/","og_site_name":"Kristdemokraterna i Haninge |","article_modified_time":"2026-02-27T10:05:55+00:00","og_image":[{"width":870,"height":580,"url":"https:\/\/wp.kristdemokraterna.se\/haninge\/files\/2022\/02\/arbetare.jpg","type":"image\/jpeg"}],"twitter_card":"summary_large_image","twitter_misc":{"Ber\u00e4knad l\u00e4stid":"2 minuter"},"schema":{"@context":"https:\/\/schema.org","@graph":[{"@type":"WebPage","@id":"https:\/\/wp.kristdemokraterna.se\/haninge\/politik-for-haninge\/naringsliv-och-jobb\/","url":"https:\/\/wp.kristdemokraterna.se\/haninge\/politik-for-haninge\/naringsliv-och-jobb\/","name":"N\u00e4ringsliv och jobb &#8211; Kristdemokraterna i Haninge |","isPartOf":{"@id":"https:\/\/wp.kristdemokraterna.se\/haninge\/#website"},"primaryImageOfPage":{"@id":"https:\/\/wp.kristdemokraterna.se\/haninge\/politik-for-haninge\/naringsliv-och-jobb\/#primaryimage"},"image":{"@id":"https:\/\/wp.kristdemokraterna.se\/haninge\/politik-for-haninge\/naringsliv-och-jobb\/#primaryimage"},"thumbnailUrl":"https:\/\/wp.kristdemokraterna.se\/haninge\/files\/2022\/01\/kd-logo-bla\u2560e.png","datePublished":"2022-04-21T14:39:46+00:00","dateModified":"2026-02-27T10:05:55+00:00","description":"En stark politik f\u00f6r n\u00e4ringsliv och jobb i hela Haninge \u00e4r grunden till v\u00e5r v\u00e4lf\u00e4rd och m\u00e4nniskors egenmakt.","breadcrumb":{"@id":"https:\/\/wp.kristdemokraterna.se\/haninge\/politik-for-haninge\/naringsliv-och-jobb\/#breadcrumb"},"inLanguage":"sv-SE","potentialAction":[{"@type":"ReadAction","target":["https:\/\/wp.kristdemokraterna.se\/haninge\/politik-for-haninge\/naringsliv-och-jobb\/"]}]},{"@type":"ImageObject","inLanguage":"sv-SE","@id":"https:\/\/wp.kristdemokraterna.se\/haninge\/politik-for-haninge\/naringsliv-och-jobb\/#primaryimage","url":"https:\/\/wp.kristdemokraterna.se\/haninge\/files\/2022\/01\/kd-logo-bla\u2560e.png","contentUrl":"https:\/\/wp.kristdemokraterna.se\/haninge\/files\/2022\/01\/kd-logo-bla\u2560e.png","width":2032,"height":2031,"caption":"Kristdemokraterna"},{"@type":"BreadcrumbList","@id":"https:\/\/wp.kristdemokraterna.se\/haninge\/politik-for-haninge\/naringsliv-och-jobb\/#breadcrumb","itemListElement":[{"@type":"ListItem","position":1,"name":"Hem","item":"https:\/\/wp.kristdemokraterna.se\/haninge\/"},{"@type":"ListItem","position":2,"name":"V\u00e5r politik f\u00f6r Haninge","item":"https:\/\/wp.kristdemokraterna.se\/haninge\/politik-for-haninge\/"},{"@type":"ListItem","position":3,"name":"N\u00e4ringsliv och jobb"}]},{"@type":"WebSite","@id":"https:\/\/wp.kristdemokraterna.se\/haninge\/#website","url":"https:\/\/wp.kristdemokraterna.se\/haninge\/","name":"Kristdemokraterna i Haninge |","description":"Det trygga alternativet","publisher":{"@id":"https:\/\/wp.kristdemokraterna.se\/haninge\/#organization"},"inLanguage":"sv-SE"},{"@type":"Organization","@id":"https:\/\/wp.kristdemokraterna.se\/haninge\/#organization","name":"Kristdemokraterna i Haninge","url":"https:\/\/wp.kristdemokraterna.se\/haninge\/","logo":{"@type":"ImageObject","inLanguage":"sv-SE","@id":"https:\/\/wp.kristdemokraterna.se\/haninge\/#\/schema\/logo\/image\/","url":"https:\/\/wp.kristdemokraterna.se\/haninge\/files\/2022\/01\/kd-logo-bla\u2560e.png","contentUrl":"https:\/\/wp.kristdemokraterna.se\/haninge\/files\/2022\/01\/kd-logo-bla\u2560e.png","width":2032,"height":2031,"caption":"Kristdemokraterna i Haninge"},"image":{"@id":"https:\/\/wp.kristdemokraterna.se\/haninge\/#\/schema\/logo\/image\/"}}]}},"_links":{"self":[{"href":"https:\/\/wp.kristdemokraterna.se\/haninge\/wp-json\/wp\/v2\/pages\/1113","targetHints":{"allow":["GET"]}}],"collection":[{"href":"https:\/\/wp.kristdemokraterna.se\/haninge\/wp-json\/wp\/v2\/pages"}],"about":[{"href":"https:\/\/wp.kristdemokraterna.se\/haninge\/wp-json\/wp\/v2\/types\/page"}],"author":[{"embeddable":true,"href":"https:\/\/wp.kristdemokraterna.se\/haninge\/wp-json\/wp\/v2\/users\/1000"}],"replies":[{"embeddable":true,"href":"https:\/\/wp.kristdemokraterna.se\/haninge\/wp-json\/wp\/v2\/comments?post=1113"}],"version-history":[{"count":3,"href":"https:\/\/wp.kristdemokraterna.se\/haninge\/wp-json\/wp\/v2\/pages\/1113\/revisions"}],"predecessor-version":[{"id":1338,"href":"https:\/\/wp.kristdemokraterna.se\/haninge\/wp-json\/wp\/v2\/pages\/1113\/revisions\/1338"}],"up":[{"embeddable":true,"href":"https:\/\/wp.kristdemokraterna.se\/haninge\/wp-json\/wp\/v2\/pages\/342"}],"wp:featuredmedia":[{"embeddable":true,"href":"https:\/\/wp.kristdemokraterna.se\/haninge\/wp-json\/wp\/v2\/media\/880"}],"wp:attachment":[{"href":"https:\/\/wp.kristdemokraterna.se\/haninge\/wp-json\/wp\/v2\/media?parent=1113"}],"curies":[{"name":"wp","href":"https:\/\/api.w.org\/{rel}","templated":true}]}}