{"id":903,"date":"2022-03-01T15:28:02","date_gmt":"2022-03-01T14:28:02","guid":{"rendered":"https:\/\/wp.kristdemokraterna.se\/haninge\/?page_id=903"},"modified":"2026-02-25T14:43:33","modified_gmt":"2026-02-25T13:43:33","slug":"ett-samhalle-for-alla","status":"publish","type":"page","link":"https:\/\/wp.kristdemokraterna.se\/haninge\/politik-for-haninge\/ett-samhalle-for-alla\/","title":{"rendered":"Ett samh\u00e4lle f\u00f6r alla"},"content":{"rendered":"<p>Kristdemokraterna \u00e4r partiet som ser varje m\u00e4nniska. F\u00f6r oss \u00e4r m\u00e4nniskov\u00e4rdet okr\u00e4nkbart och samh\u00e4llets uppgift \u00e4r att ge st\u00f6d, trygghet och f\u00f6ruts\u00e4ttningar f\u00f6r alla att leva ett v\u00e4rdigt liv. I Haninge ska ingen l\u00e4mnas utanf\u00f6r. Gemensamt f\u00f6r oss m\u00e4nniskor \u00e4r att vi \u00e4r sociala varelser med behov av sm\u00e5, naturliga gemenskaper. F\u00f6r att skapa ett samh\u00e4lle f\u00f6r alla kr\u00e4vs en bred samverkan mellan olika akt\u00f6rer som p\u00e5 olika s\u00e4tt kan skapa trygghet f\u00f6r utsatta m\u00e4nniskor. D\u00e4rf\u00f6r b\u00f6r i normalfallet familjen och andra anh\u00f6riga ges en central plats i det st\u00f6d som ges. Insatserna ska st\u00f6dja n\u00e4r det brister och stimulera de positiva krafter som finns hos varje person &#8211; det personliga ansvaret ska alltid beaktas.<\/p>\n<p>M\u00e4nniskan formas i gemenskap med andra. Familj och anh\u00f6riga spelar d\u00e4rf\u00f6r en central roll \u00e4ven n\u00e4r samh\u00e4llets st\u00f6d beh\u00f6vs. Samtidigt ska insatser st\u00e4rka den enskildes egna f\u00f6rm\u00e5gor och uppmuntra ansvar. Sociala insatser ska ha en familjecentrerad utg\u00e5ngspunkt.<\/p>\n<p>Alltf\u00f6r m\u00e5nga lever i utsatthet \u2013 barn i otrygga hem, unga i missbruk eller kriminalitet, personer med funktionsvariationer och m\u00e4nniskor i heml\u00f6shet. Kommunen ska arbeta aktivt f\u00f6r att f\u00f6rebygga risk- och missbruk samt erbjuda trygga l\u00f6sningar mot heml\u00f6shet, exempelvis genom Bostad f\u00f6rst-modellen.<\/p>\n<p>Hedersrelaterat v\u00e5ld och f\u00f6rtryck har vuxit sig allt starkare under de senaste decennierna och var tredje elev med utl\u00e4ndsk bakgrund bed\u00f6ms leva under hedersrelaterade normer och f\u00f6rtryck. Hederskulturen \u00e4r i grunden en kollektiv kontroll av, framf\u00f6r allt, flickor och kvinnor d\u00e4r sexualiteten \u00e4r central. En s\u00e5dan syn p\u00e5 m\u00e4nniskor och familjer \u00e4r inte f\u00f6renlig med kristdemokratin och den personalistiska m\u00e4nniskosynen. Alla unga har r\u00e4tt till en trygg uppv\u00e4xt utan att sexualiseras fr\u00e5n ung \u00e5lder eller kontrolleras i minsta detalj. Viktiga samarbetspartners f\u00f6r kommunen i arbetet med att hj\u00e4lpa personer som har hamnat i en utsatt situation \u00e4r kvinnojouren, brottsofferjouren samt manscentrum.<\/p>\n<h3><strong>Kristdemokraterna i Haninge vill:<\/strong><\/h3>\n<ul>\n<li><strong>Utveckla arbetet mot v\u00e5ld:<\/strong> Arbetet med att uppt\u00e4cka, f\u00f6rebygga och \u00e5tg\u00e4rda v\u00e5ld i n\u00e4ra relationer samt hedersrelaterat v\u00e5ld och f\u00f6rtryck ska st\u00e4rkas.<\/li>\n<li><strong>Kartl\u00e4gga hedersf\u00f6rtryck:<\/strong> En kommun\u00f6vergripande kartl\u00e4ggning av hedersrelaterat v\u00e5ld och f\u00f6rtryck ska genomf\u00f6ras.<\/li>\n<li><strong>St\u00e4rka samarbetet med civilsamh\u00e4llet:<\/strong> Kommunen ska ha ett n\u00e4ra samarbete med bl.a. <a href=\"https:\/\/www.haningekvinnojour.se\/\">Kvinnojouren<\/a>, <a href=\"https:\/\/haninge.boj.se\/\">brottsofferjouren<\/a> samt <a href=\"https:\/\/www.manscentrumsodertorn.se\/\">manscentrum<\/a>\u00a0f\u00f6r att ge fler st\u00f6d och skydd.<\/li>\n<li><strong>Ha tidiga insatser f\u00f6r barn:<\/strong> Samverkan mellan skola, f\u00f6rskola, socialtj\u00e4nst och BUP ska st\u00e4rkas s\u00e5 att barn i behov av st\u00f6d f\u00e5ngas upp i tid.<\/li>\n<li><strong>Ge \u00f6kat st\u00f6d till f\u00f6r\u00e4ldrar:<\/strong> Alla f\u00f6r\u00e4ldrar vars barn drabbas av oh\u00e4lsa eller problematiskt beteende ska erbjudas kostnadsfritt samtal med kommunens familjest\u00f6djande verksamhet.<\/li>\n<li><strong>St\u00e4rka LSS-verksamheten:<\/strong> Kommunens tj\u00e4nster inom LSS, daglig verksamhet och assistans ska pr\u00f6vas genom LOV, LOU eller id\u00e9buret partnerskap.<\/li>\n<li><strong>Ha trygga och individanpassade boenden:<\/strong> Vid LSS-boende ska stor h\u00e4nsyn tas till personliga \u00f6nskem\u00e5l och nya gruppboenden ska planeras i nya bostadsomr\u00e5den.<\/li>\n<li><strong>Minska ekonomisk utsatthet:<\/strong> En strategi ska tas fram f\u00f6r att minska antalet ekonomiskt svaga hush\u00e5ll med barn och f\u00f6rebygga l\u00e5ngvarigt beroende av f\u00f6rs\u00f6rjningsst\u00f6d.<\/li>\n<li><strong>Erbjuda bostad f\u00f6rst:<\/strong> Trygga l\u00f6sningar mot heml\u00f6shet ska erbjudas genom Bostad f\u00f6rst-modellen.<\/li>\n<\/ul>\n<p>Vill du l\u00e4sa mer om v\u00e5r politik f\u00f6r Haninge? <a href=\"http:\/\/wp.kristdemokraterna.se\/haninge\/files\/2022\/02\/kommunpolitisk-program-2022-2026.pdf\">L\u00e4s v\u00e5rt kommunpolitiska program h\u00e4r.<\/a><\/p>\n","protected":false},"excerpt":{"rendered":"<p>Kristdemokraterna \u00e4r partiet som ser varje m\u00e4nniska. F\u00f6r oss \u00e4r m\u00e4nniskov\u00e4rdet okr\u00e4nkbart och samh\u00e4llets uppgift \u00e4r att ge st\u00f6d, trygghet och f\u00f6ruts\u00e4ttningar f\u00f6r alla att leva ett v\u00e4rdigt liv. I Haninge ska ingen l\u00e4mnas utanf\u00f6r. Gemensamt f\u00f6r oss m\u00e4nniskor \u00e4r att vi \u00e4r sociala varelser med behov av sm\u00e5, naturliga gemenskaper. F\u00f6r att skapa ett <a class=\"read-more-link\" href=\"https:\/\/wp.kristdemokraterna.se\/haninge\/politik-for-haninge\/ett-samhalle-for-alla\/\">L\u00e4s mer<\/a><\/p>\n","protected":false},"author":1000,"featured_media":880,"parent":342,"menu_order":4,"comment_status":"closed","ping_status":"closed","template":"","meta":{"_acf_changed":false,"footnotes":""},"class_list":["post-903","page","type-page","status-publish","hentry"],"acf":[],"yoast_head":"<!-- This site is optimized with the Yoast SEO plugin v27.3 - https:\/\/yoast.com\/product\/yoast-seo-wordpress\/ -->\n<title>Ett samh\u00e4lle f\u00f6r alla &#8211; Kristdemokraterna i Haninge |<\/title>\n<meta name=\"description\" content=\"F\u00f6r att skapa ett samh\u00e4lle f\u00f6r alla kr\u00e4vs en bred samverkan mellan olika akt\u00f6rer som p\u00e5 olika s\u00e4tt kan skapa trygghet f\u00f6r utsatta m\u00e4nniskor.\" \/>\n<meta name=\"robots\" content=\"index, follow, max-snippet:-1, max-image-preview:large, max-video-preview:-1\" \/>\n<link rel=\"canonical\" href=\"https:\/\/wp.kristdemokraterna.se\/haninge\/politik-for-haninge\/ett-samhalle-for-alla\/\" \/>\n<meta property=\"og:locale\" content=\"sv_SE\" \/>\n<meta property=\"og:type\" content=\"article\" \/>\n<meta property=\"og:title\" content=\"Ett samh\u00e4lle f\u00f6r alla &#8211; Kristdemokraterna i Haninge |\" \/>\n<meta property=\"og:description\" content=\"F\u00f6r att skapa ett samh\u00e4lle f\u00f6r alla kr\u00e4vs en bred samverkan mellan olika akt\u00f6rer som p\u00e5 olika s\u00e4tt kan skapa trygghet f\u00f6r utsatta m\u00e4nniskor.\" \/>\n<meta property=\"og:url\" content=\"https:\/\/wp.kristdemokraterna.se\/haninge\/politik-for-haninge\/ett-samhalle-for-alla\/\" \/>\n<meta property=\"og:site_name\" content=\"Kristdemokraterna i Haninge |\" \/>\n<meta property=\"article:modified_time\" content=\"2026-02-25T13:43:33+00:00\" \/>\n<meta name=\"twitter:card\" content=\"summary_large_image\" \/>\n<meta name=\"twitter:label1\" content=\"Ber\u00e4knad l\u00e4stid\" \/>\n\t<meta name=\"twitter:data1\" content=\"3 minuter\" \/>\n<script type=\"application\/ld+json\" class=\"yoast-schema-graph\">{\"@context\":\"https:\\\/\\\/schema.org\",\"@graph\":[{\"@type\":\"WebPage\",\"@id\":\"https:\\\/\\\/wp.kristdemokraterna.se\\\/haninge\\\/politik-for-haninge\\\/ett-samhalle-for-alla\\\/\",\"url\":\"https:\\\/\\\/wp.kristdemokraterna.se\\\/haninge\\\/politik-for-haninge\\\/ett-samhalle-for-alla\\\/\",\"name\":\"Ett samh\u00e4lle f\u00f6r alla &#8211; Kristdemokraterna i Haninge |\",\"isPartOf\":{\"@id\":\"https:\\\/\\\/wp.kristdemokraterna.se\\\/haninge\\\/#website\"},\"primaryImageOfPage\":{\"@id\":\"https:\\\/\\\/wp.kristdemokraterna.se\\\/haninge\\\/politik-for-haninge\\\/ett-samhalle-for-alla\\\/#primaryimage\"},\"image\":{\"@id\":\"https:\\\/\\\/wp.kristdemokraterna.se\\\/haninge\\\/politik-for-haninge\\\/ett-samhalle-for-alla\\\/#primaryimage\"},\"thumbnailUrl\":\"https:\\\/\\\/wp.kristdemokraterna.se\\\/haninge\\\/files\\\/2022\\\/01\\\/kd-logo-bla\u2560e.png\",\"datePublished\":\"2022-03-01T14:28:02+00:00\",\"dateModified\":\"2026-02-25T13:43:33+00:00\",\"description\":\"F\u00f6r att skapa ett samh\u00e4lle f\u00f6r alla kr\u00e4vs en bred samverkan mellan olika akt\u00f6rer som p\u00e5 olika s\u00e4tt kan skapa trygghet f\u00f6r utsatta m\u00e4nniskor.\",\"breadcrumb\":{\"@id\":\"https:\\\/\\\/wp.kristdemokraterna.se\\\/haninge\\\/politik-for-haninge\\\/ett-samhalle-for-alla\\\/#breadcrumb\"},\"inLanguage\":\"sv-SE\",\"potentialAction\":[{\"@type\":\"ReadAction\",\"target\":[\"https:\\\/\\\/wp.kristdemokraterna.se\\\/haninge\\\/politik-for-haninge\\\/ett-samhalle-for-alla\\\/\"]}]},{\"@type\":\"ImageObject\",\"inLanguage\":\"sv-SE\",\"@id\":\"https:\\\/\\\/wp.kristdemokraterna.se\\\/haninge\\\/politik-for-haninge\\\/ett-samhalle-for-alla\\\/#primaryimage\",\"url\":\"https:\\\/\\\/wp.kristdemokraterna.se\\\/haninge\\\/files\\\/2022\\\/01\\\/kd-logo-bla\u2560e.png\",\"contentUrl\":\"https:\\\/\\\/wp.kristdemokraterna.se\\\/haninge\\\/files\\\/2022\\\/01\\\/kd-logo-bla\u2560e.png\",\"width\":2032,\"height\":2031,\"caption\":\"Kristdemokraterna\"},{\"@type\":\"BreadcrumbList\",\"@id\":\"https:\\\/\\\/wp.kristdemokraterna.se\\\/haninge\\\/politik-for-haninge\\\/ett-samhalle-for-alla\\\/#breadcrumb\",\"itemListElement\":[{\"@type\":\"ListItem\",\"position\":1,\"name\":\"Hem\",\"item\":\"https:\\\/\\\/wp.kristdemokraterna.se\\\/haninge\\\/\"},{\"@type\":\"ListItem\",\"position\":2,\"name\":\"V\u00e5r politik f\u00f6r Haninge\",\"item\":\"https:\\\/\\\/wp.kristdemokraterna.se\\\/haninge\\\/politik-for-haninge\\\/\"},{\"@type\":\"ListItem\",\"position\":3,\"name\":\"Ett samh\u00e4lle f\u00f6r alla\"}]},{\"@type\":\"WebSite\",\"@id\":\"https:\\\/\\\/wp.kristdemokraterna.se\\\/haninge\\\/#website\",\"url\":\"https:\\\/\\\/wp.kristdemokraterna.se\\\/haninge\\\/\",\"name\":\"Kristdemokraterna i Haninge |\",\"description\":\"Det trygga alternativet\",\"publisher\":{\"@id\":\"https:\\\/\\\/wp.kristdemokraterna.se\\\/haninge\\\/#organization\"},\"inLanguage\":\"sv-SE\"},{\"@type\":\"Organization\",\"@id\":\"https:\\\/\\\/wp.kristdemokraterna.se\\\/haninge\\\/#organization\",\"name\":\"Kristdemokraterna i Haninge\",\"url\":\"https:\\\/\\\/wp.kristdemokraterna.se\\\/haninge\\\/\",\"logo\":{\"@type\":\"ImageObject\",\"inLanguage\":\"sv-SE\",\"@id\":\"https:\\\/\\\/wp.kristdemokraterna.se\\\/haninge\\\/#\\\/schema\\\/logo\\\/image\\\/\",\"url\":\"https:\\\/\\\/wp.kristdemokraterna.se\\\/haninge\\\/files\\\/2022\\\/01\\\/kd-logo-bla\u2560e.png\",\"contentUrl\":\"https:\\\/\\\/wp.kristdemokraterna.se\\\/haninge\\\/files\\\/2022\\\/01\\\/kd-logo-bla\u2560e.png\",\"width\":2032,\"height\":2031,\"caption\":\"Kristdemokraterna i Haninge\"},\"image\":{\"@id\":\"https:\\\/\\\/wp.kristdemokraterna.se\\\/haninge\\\/#\\\/schema\\\/logo\\\/image\\\/\"}}]}<\/script>\n<!-- \/ Yoast SEO plugin. -->","yoast_head_json":{"title":"Ett samh\u00e4lle f\u00f6r alla &#8211; Kristdemokraterna i Haninge |","description":"F\u00f6r att skapa ett samh\u00e4lle f\u00f6r alla kr\u00e4vs en bred samverkan mellan olika akt\u00f6rer som p\u00e5 olika s\u00e4tt kan skapa trygghet f\u00f6r utsatta m\u00e4nniskor.","robots":{"index":"index","follow":"follow","max-snippet":"max-snippet:-1","max-image-preview":"max-image-preview:large","max-video-preview":"max-video-preview:-1"},"canonical":"https:\/\/wp.kristdemokraterna.se\/haninge\/politik-for-haninge\/ett-samhalle-for-alla\/","og_locale":"sv_SE","og_type":"article","og_title":"Ett samh\u00e4lle f\u00f6r alla &#8211; Kristdemokraterna i Haninge |","og_description":"F\u00f6r att skapa ett samh\u00e4lle f\u00f6r alla kr\u00e4vs en bred samverkan mellan olika akt\u00f6rer som p\u00e5 olika s\u00e4tt kan skapa trygghet f\u00f6r utsatta m\u00e4nniskor.","og_url":"https:\/\/wp.kristdemokraterna.se\/haninge\/politik-for-haninge\/ett-samhalle-for-alla\/","og_site_name":"Kristdemokraterna i Haninge |","article_modified_time":"2026-02-25T13:43:33+00:00","twitter_card":"summary_large_image","twitter_misc":{"Ber\u00e4knad l\u00e4stid":"3 minuter"},"schema":{"@context":"https:\/\/schema.org","@graph":[{"@type":"WebPage","@id":"https:\/\/wp.kristdemokraterna.se\/haninge\/politik-for-haninge\/ett-samhalle-for-alla\/","url":"https:\/\/wp.kristdemokraterna.se\/haninge\/politik-for-haninge\/ett-samhalle-for-alla\/","name":"Ett samh\u00e4lle f\u00f6r alla &#8211; Kristdemokraterna i Haninge |","isPartOf":{"@id":"https:\/\/wp.kristdemokraterna.se\/haninge\/#website"},"primaryImageOfPage":{"@id":"https:\/\/wp.kristdemokraterna.se\/haninge\/politik-for-haninge\/ett-samhalle-for-alla\/#primaryimage"},"image":{"@id":"https:\/\/wp.kristdemokraterna.se\/haninge\/politik-for-haninge\/ett-samhalle-for-alla\/#primaryimage"},"thumbnailUrl":"https:\/\/wp.kristdemokraterna.se\/haninge\/files\/2022\/01\/kd-logo-bla\u2560e.png","datePublished":"2022-03-01T14:28:02+00:00","dateModified":"2026-02-25T13:43:33+00:00","description":"F\u00f6r att skapa ett samh\u00e4lle f\u00f6r alla kr\u00e4vs en bred samverkan mellan olika akt\u00f6rer som p\u00e5 olika s\u00e4tt kan skapa trygghet f\u00f6r utsatta m\u00e4nniskor.","breadcrumb":{"@id":"https:\/\/wp.kristdemokraterna.se\/haninge\/politik-for-haninge\/ett-samhalle-for-alla\/#breadcrumb"},"inLanguage":"sv-SE","potentialAction":[{"@type":"ReadAction","target":["https:\/\/wp.kristdemokraterna.se\/haninge\/politik-for-haninge\/ett-samhalle-for-alla\/"]}]},{"@type":"ImageObject","inLanguage":"sv-SE","@id":"https:\/\/wp.kristdemokraterna.se\/haninge\/politik-for-haninge\/ett-samhalle-for-alla\/#primaryimage","url":"https:\/\/wp.kristdemokraterna.se\/haninge\/files\/2022\/01\/kd-logo-bla\u2560e.png","contentUrl":"https:\/\/wp.kristdemokraterna.se\/haninge\/files\/2022\/01\/kd-logo-bla\u2560e.png","width":2032,"height":2031,"caption":"Kristdemokraterna"},{"@type":"BreadcrumbList","@id":"https:\/\/wp.kristdemokraterna.se\/haninge\/politik-for-haninge\/ett-samhalle-for-alla\/#breadcrumb","itemListElement":[{"@type":"ListItem","position":1,"name":"Hem","item":"https:\/\/wp.kristdemokraterna.se\/haninge\/"},{"@type":"ListItem","position":2,"name":"V\u00e5r politik f\u00f6r Haninge","item":"https:\/\/wp.kristdemokraterna.se\/haninge\/politik-for-haninge\/"},{"@type":"ListItem","position":3,"name":"Ett samh\u00e4lle f\u00f6r alla"}]},{"@type":"WebSite","@id":"https:\/\/wp.kristdemokraterna.se\/haninge\/#website","url":"https:\/\/wp.kristdemokraterna.se\/haninge\/","name":"Kristdemokraterna i Haninge |","description":"Det trygga alternativet","publisher":{"@id":"https:\/\/wp.kristdemokraterna.se\/haninge\/#organization"},"inLanguage":"sv-SE"},{"@type":"Organization","@id":"https:\/\/wp.kristdemokraterna.se\/haninge\/#organization","name":"Kristdemokraterna i Haninge","url":"https:\/\/wp.kristdemokraterna.se\/haninge\/","logo":{"@type":"ImageObject","inLanguage":"sv-SE","@id":"https:\/\/wp.kristdemokraterna.se\/haninge\/#\/schema\/logo\/image\/","url":"https:\/\/wp.kristdemokraterna.se\/haninge\/files\/2022\/01\/kd-logo-bla\u2560e.png","contentUrl":"https:\/\/wp.kristdemokraterna.se\/haninge\/files\/2022\/01\/kd-logo-bla\u2560e.png","width":2032,"height":2031,"caption":"Kristdemokraterna i Haninge"},"image":{"@id":"https:\/\/wp.kristdemokraterna.se\/haninge\/#\/schema\/logo\/image\/"}}]}},"_links":{"self":[{"href":"https:\/\/wp.kristdemokraterna.se\/haninge\/wp-json\/wp\/v2\/pages\/903","targetHints":{"allow":["GET"]}}],"collection":[{"href":"https:\/\/wp.kristdemokraterna.se\/haninge\/wp-json\/wp\/v2\/pages"}],"about":[{"href":"https:\/\/wp.kristdemokraterna.se\/haninge\/wp-json\/wp\/v2\/types\/page"}],"author":[{"embeddable":true,"href":"https:\/\/wp.kristdemokraterna.se\/haninge\/wp-json\/wp\/v2\/users\/1000"}],"replies":[{"embeddable":true,"href":"https:\/\/wp.kristdemokraterna.se\/haninge\/wp-json\/wp\/v2\/comments?post=903"}],"version-history":[{"count":11,"href":"https:\/\/wp.kristdemokraterna.se\/haninge\/wp-json\/wp\/v2\/pages\/903\/revisions"}],"predecessor-version":[{"id":1321,"href":"https:\/\/wp.kristdemokraterna.se\/haninge\/wp-json\/wp\/v2\/pages\/903\/revisions\/1321"}],"up":[{"embeddable":true,"href":"https:\/\/wp.kristdemokraterna.se\/haninge\/wp-json\/wp\/v2\/pages\/342"}],"wp:featuredmedia":[{"embeddable":true,"href":"https:\/\/wp.kristdemokraterna.se\/haninge\/wp-json\/wp\/v2\/media\/880"}],"wp:attachment":[{"href":"https:\/\/wp.kristdemokraterna.se\/haninge\/wp-json\/wp\/v2\/media?parent=903"}],"curies":[{"name":"wp","href":"https:\/\/api.w.org\/{rel}","templated":true}]}}