{"id":10,"date":"2012-03-08T19:30:06","date_gmt":"2012-03-08T19:30:06","guid":{"rendered":"http:\/\/wpskane.kristdemokraterna.se\/lokalavdelning\/?page_id=10"},"modified":"2012-03-08T19:30:06","modified_gmt":"2012-03-08T19:30:06","slug":"styrelsen","status":"publish","type":"page","link":"https:\/\/wp.kristdemokraterna.se\/helsingborg\/styrelsen\/","title":{"rendered":"Styrelse, Kristdemokraterna Helsingborg"},"content":{"rendered":"<p>&nbsp;<\/p>\n<p><a href=\"http:\/\/wp.kristdemokraterna.se\/helsingborg\/files\/2012\/03\/birgitta_2.jpg\"><img loading=\"lazy\" decoding=\"async\" class=\"alignnone size-thumbnail wp-image-807\" src=\"http:\/\/wp.kristdemokraterna.se\/helsingborg\/files\/2012\/03\/birgitta_2-150x150.jpg\" alt=\"Birgitta S\u00f6dertun\" width=\"150\" height=\"150\" srcset=\"https:\/\/wp.kristdemokraterna.se\/helsingborg\/files\/2012\/03\/birgitta_2-150x150.jpg 150w, https:\/\/wp.kristdemokraterna.se\/helsingborg\/files\/2012\/03\/birgitta_2-90x90.jpg 90w\" sizes=\"auto, (max-width: 150px) 100vw, 150px\" \/><\/a><\/p>\n<p><strong>Birgitta S\u00f6dertun, <\/strong>ordf\u00f6rande<br \/>\n<span style=\"line-height: 1.5\">076-889 01 63<br \/>\n<\/span><a style=\"line-height: 1.5\" href=\"mailto:birgitta.sodertun@kristdemokraterna.se\">birgitta.sodertun@kristdemokraterna.se<\/a><\/p>\n<p>&nbsp;<\/p>\n<p><img loading=\"lazy\" decoding=\"async\" class=\"alignnone wp-image-870 size-thumbnail\" src=\"http:\/\/wp.kristdemokraterna.se\/helsingborg\/files\/2016\/04\/anders_ivarsson_1691-150x150.jpg\" alt=\"Anders_Ivarsson_1691\" width=\"150\" height=\"150\" srcset=\"https:\/\/wp.kristdemokraterna.se\/helsingborg\/files\/2016\/04\/anders_ivarsson_1691-150x150.jpg 150w, https:\/\/wp.kristdemokraterna.se\/helsingborg\/files\/2016\/04\/anders_ivarsson_1691-90x90.jpg 90w\" sizes=\"auto, (max-width: 150px) 100vw, 150px\" \/><\/p>\n<p><strong>Anders Ivarsson, <\/strong>vice ordf\u00f6rande<br \/>\n070-511 10 92<br \/>\n<a href=\"mailto:anders.ivarsson@kristdemokraterna.se\">anders.ivarsson@kristdemokraterna.se<\/a><\/p>\n<p>&nbsp;<\/p>\n<p><a href=\"http:\/\/wp.kristdemokraterna.se\/helsingborg\/files\/2012\/03\/cecilia_2.jpg\"><img loading=\"lazy\" decoding=\"async\" class=\"alignnone size-thumbnail wp-image-789\" src=\"http:\/\/wp.kristdemokraterna.se\/helsingborg\/files\/2012\/03\/cecilia_2-150x150.jpg\" alt=\"Cecilia Engstr\u00f6m\" width=\"150\" height=\"150\" srcset=\"https:\/\/wp.kristdemokraterna.se\/helsingborg\/files\/2012\/03\/cecilia_2-150x150.jpg 150w, https:\/\/wp.kristdemokraterna.se\/helsingborg\/files\/2012\/03\/cecilia_2-90x90.jpg 90w\" sizes=\"auto, (max-width: 150px) 100vw, 150px\" \/><\/a><\/p>\n<p><strong>Cecilia Engstr\u00f6m,\u00a0<\/strong>Kass\u00f6r<br \/>\n<span style=\"line-height: 1.5\">073-683 99 90<br \/>\n<\/span><a style=\"line-height: 1.5\" href=\"mailto:cecilia.engstrom@kristdemokraterna.se\">cecilia.engstrom@kristdemokraterna.se<\/a><\/p>\n<p>&nbsp;<\/p>\n<div align=\"left\"><a href=\"http:\/\/wp.kristdemokraterna.se\/helsingborg\/files\/2012\/03\/kennethlantz-wb.jpeg\"><img loading=\"lazy\" decoding=\"async\" class=\"alignnone size-thumbnail wp-image-65\" src=\"http:\/\/wp.kristdemokraterna.se\/helsingborg\/files\/2012\/03\/kennethlantz-wb-150x150.jpg\" alt=\"Kenneth Lantz\" width=\"150\" height=\"150\" \/><\/a><\/div>\n<div align=\"left\"><strong>Kenneth Lantz<\/strong>, ledamot, sekreterare<br \/>\n070-343 94 94<br \/>\n<a style=\"line-height: 1.5\" href=\"mailto:kenneth.lantz@kristdemokraterna.se\">kenneth.lantz@kristdemokraterna.se<\/a><\/div>\n<div align=\"left\">\n<div align=\"left\"><\/div>\n<div align=\"left\"><\/div>\n<div align=\"left\"><a href=\"http:\/\/wp.kristdemokraterna.se\/helsingborg\/files\/2013\/05\/thott-henrik-mini.jpg\"><br \/>\n<img loading=\"lazy\" decoding=\"async\" class=\"alignnone size-thumbnail wp-image-370\" src=\"http:\/\/wp.kristdemokraterna.se\/helsingborg\/files\/2013\/05\/thott-henrik-mini-150x150.jpg\" alt=\"Thott Henrik\" width=\"150\" height=\"150\" \/><\/a><\/div>\n<\/div>\n<div align=\"left\">\n<p><strong>Henrik Thott<\/strong>, Ledamot<strong><br \/>\n<\/strong>070-523 66 46<br \/>\n<a href=\"mailto:henrik.thott@kristdemokraterna.se\">henrik.thott@kristdemokraterna.se<\/a><\/p>\n<p>&nbsp;<\/p>\n<\/div>\n<div align=\"left\">\n<div>\n<p>&nbsp;<\/p>\n<p><img loading=\"lazy\" decoding=\"async\" class=\"alignnone size-thumbnail wp-image-799\" src=\"http:\/\/wp.kristdemokraterna.se\/helsingborg\/files\/2012\/03\/anne-margret_2-150x150.jpg\" alt=\"Anne-Margret Norborg\" width=\"150\" height=\"150\" srcset=\"https:\/\/wp.kristdemokraterna.se\/helsingborg\/files\/2012\/03\/anne-margret_2-150x150.jpg 150w, https:\/\/wp.kristdemokraterna.se\/helsingborg\/files\/2012\/03\/anne-margret_2-90x90.jpg 90w\" sizes=\"auto, (max-width: 150px) 100vw, 150px\" \/><\/p>\n<\/div>\n<div><strong>Anne-Margret Norberg<\/strong>, Ledamot<\/div>\n<\/div>\n<div>\n<div align=\"left\"><\/div>\n<div align=\"left\"><\/div>\n<p><strong>Gustav Natt och Dag<\/strong>, Ledamot<\/p>\n<\/div>\n<div align=\"left\"><\/div>\n<div align=\"left\"><strong>Emmelie Wikstr\u00f6m<\/strong>, Ledamot<\/div>\n<div align=\"left\"><\/div>\n","protected":false},"excerpt":{"rendered":"<p>&nbsp; Birgitta S\u00f6dertun, ordf\u00f6rande 076-889 01 63 birgitta.sodertun@kristdemokraterna.se &nbsp; Anders Ivarsson, vice ordf\u00f6rande 070-511 10 92 anders.ivarsson@kristdemokraterna.se &nbsp; Cecilia Engstr\u00f6m,\u00a0Kass\u00f6r 073-683 99 90 cecilia.engstrom@kristdemokraterna.se &nbsp; Kenneth Lantz, ledamot, sekreterare 070-343 94 94 kenneth.lantz@kristdemokraterna.se Henrik Thott, Ledamot 070-523 66 46 henrik.thott@kristdemokraterna.se &nbsp; &nbsp; Anne-Margret Norberg, Ledamot Gustav Natt och Dag, Ledamot Emmelie Wikstr\u00f6m, Ledamot<\/p>\n","protected":false},"author":929,"featured_media":0,"parent":0,"menu_order":0,"comment_status":"open","ping_status":"open","template":"","meta":{"_acf_changed":false,"footnotes":""},"class_list":["post-10","page","type-page","status-publish","hentry"],"acf":[],"yoast_head":"<!-- This site is optimized with the Yoast SEO plugin v27.4 - https:\/\/yoast.com\/product\/yoast-seo-wordpress\/ -->\n<title>Styrelse, Kristdemokraterna Helsingborg - Kristdemokraterna | Helsingborg<\/title>\n<meta name=\"robots\" content=\"index, follow, max-snippet:-1, max-image-preview:large, max-video-preview:-1\" \/>\n<link rel=\"canonical\" href=\"https:\/\/wp.kristdemokraterna.se\/helsingborg\/styrelsen\/\" \/>\n<meta property=\"og:locale\" content=\"sv_SE\" \/>\n<meta property=\"og:type\" content=\"article\" \/>\n<meta property=\"og:title\" content=\"Styrelse, Kristdemokraterna Helsingborg - Kristdemokraterna | Helsingborg\" \/>\n<meta property=\"og:description\" content=\"&nbsp; Birgitta S\u00f6dertun, ordf\u00f6rande 076-889 01 63 birgitta.sodertun@kristdemokraterna.se &nbsp; Anders Ivarsson, vice ordf\u00f6rande 070-511 10 92 anders.ivarsson@kristdemokraterna.se &nbsp; Cecilia Engstr\u00f6m,\u00a0Kass\u00f6r 073-683 99 90 cecilia.engstrom@kristdemokraterna.se &nbsp; Kenneth Lantz, ledamot, sekreterare 070-343 94 94 kenneth.lantz@kristdemokraterna.se Henrik Thott, Ledamot 070-523 66 46 henrik.thott@kristdemokraterna.se &nbsp; &nbsp; Anne-Margret Norberg, Ledamot Gustav Natt och Dag, Ledamot Emmelie Wikstr\u00f6m, Ledamot\" \/>\n<meta property=\"og:url\" content=\"https:\/\/wp.kristdemokraterna.se\/helsingborg\/styrelsen\/\" \/>\n<meta property=\"og:site_name\" content=\"Kristdemokraterna | Helsingborg\" \/>\n<meta property=\"og:image\" content=\"http:\/\/wp.kristdemokraterna.se\/helsingborg\/files\/2012\/03\/birgitta_2-150x150.jpg\" \/>\n<meta name=\"twitter:card\" content=\"summary_large_image\" \/>\n<script type=\"application\/ld+json\" class=\"yoast-schema-graph\">{\"@context\":\"https:\\\/\\\/schema.org\",\"@graph\":[{\"@type\":\"WebPage\",\"@id\":\"https:\\\/\\\/wp.kristdemokraterna.se\\\/helsingborg\\\/styrelsen\\\/\",\"url\":\"https:\\\/\\\/wp.kristdemokraterna.se\\\/helsingborg\\\/styrelsen\\\/\",\"name\":\"Styrelse, Kristdemokraterna Helsingborg - Kristdemokraterna | Helsingborg\",\"isPartOf\":{\"@id\":\"https:\\\/\\\/wp.kristdemokraterna.se\\\/helsingborg\\\/#website\"},\"primaryImageOfPage\":{\"@id\":\"https:\\\/\\\/wp.kristdemokraterna.se\\\/helsingborg\\\/styrelsen\\\/#primaryimage\"},\"image\":{\"@id\":\"https:\\\/\\\/wp.kristdemokraterna.se\\\/helsingborg\\\/styrelsen\\\/#primaryimage\"},\"thumbnailUrl\":\"http:\\\/\\\/wp.kristdemokraterna.se\\\/helsingborg\\\/files\\\/2012\\\/03\\\/birgitta_2-150x150.jpg\",\"datePublished\":\"2012-03-08T19:30:06+00:00\",\"breadcrumb\":{\"@id\":\"https:\\\/\\\/wp.kristdemokraterna.se\\\/helsingborg\\\/styrelsen\\\/#breadcrumb\"},\"inLanguage\":\"sv-SE\",\"potentialAction\":[{\"@type\":\"ReadAction\",\"target\":[\"https:\\\/\\\/wp.kristdemokraterna.se\\\/helsingborg\\\/styrelsen\\\/\"]}]},{\"@type\":\"ImageObject\",\"inLanguage\":\"sv-SE\",\"@id\":\"https:\\\/\\\/wp.kristdemokraterna.se\\\/helsingborg\\\/styrelsen\\\/#primaryimage\",\"url\":\"https:\\\/\\\/wp.kristdemokraterna.se\\\/helsingborg\\\/files\\\/2012\\\/03\\\/birgitta_2-scaled.jpg\",\"contentUrl\":\"https:\\\/\\\/wp.kristdemokraterna.se\\\/helsingborg\\\/files\\\/2012\\\/03\\\/birgitta_2-scaled.jpg\",\"width\":1997,\"height\":2560},{\"@type\":\"BreadcrumbList\",\"@id\":\"https:\\\/\\\/wp.kristdemokraterna.se\\\/helsingborg\\\/styrelsen\\\/#breadcrumb\",\"itemListElement\":[{\"@type\":\"ListItem\",\"position\":1,\"name\":\"Hem\",\"item\":\"https:\\\/\\\/wp.kristdemokraterna.se\\\/helsingborg\\\/\"},{\"@type\":\"ListItem\",\"position\":2,\"name\":\"Styrelse, Kristdemokraterna Helsingborg\"}]},{\"@type\":\"WebSite\",\"@id\":\"https:\\\/\\\/wp.kristdemokraterna.se\\\/helsingborg\\\/#website\",\"url\":\"https:\\\/\\\/wp.kristdemokraterna.se\\\/helsingborg\\\/\",\"name\":\"Kristdemokraterna | Helsingborg\",\"description\":\"\u00c4nnu en webbplats hos Kristdemokraterna\",\"inLanguage\":\"sv-SE\"}]}<\/script>\n<!-- \/ Yoast SEO plugin. -->","yoast_head_json":{"title":"Styrelse, Kristdemokraterna Helsingborg - Kristdemokraterna | Helsingborg","robots":{"index":"index","follow":"follow","max-snippet":"max-snippet:-1","max-image-preview":"max-image-preview:large","max-video-preview":"max-video-preview:-1"},"canonical":"https:\/\/wp.kristdemokraterna.se\/helsingborg\/styrelsen\/","og_locale":"sv_SE","og_type":"article","og_title":"Styrelse, Kristdemokraterna Helsingborg - Kristdemokraterna | Helsingborg","og_description":"&nbsp; Birgitta S\u00f6dertun, ordf\u00f6rande 076-889 01 63 birgitta.sodertun@kristdemokraterna.se &nbsp; Anders Ivarsson, vice ordf\u00f6rande 070-511 10 92 anders.ivarsson@kristdemokraterna.se &nbsp; Cecilia Engstr\u00f6m,\u00a0Kass\u00f6r 073-683 99 90 cecilia.engstrom@kristdemokraterna.se &nbsp; Kenneth Lantz, ledamot, sekreterare 070-343 94 94 kenneth.lantz@kristdemokraterna.se Henrik Thott, Ledamot 070-523 66 46 henrik.thott@kristdemokraterna.se &nbsp; &nbsp; Anne-Margret Norberg, Ledamot Gustav Natt och Dag, Ledamot Emmelie Wikstr\u00f6m, Ledamot","og_url":"https:\/\/wp.kristdemokraterna.se\/helsingborg\/styrelsen\/","og_site_name":"Kristdemokraterna | Helsingborg","og_image":[{"url":"http:\/\/wp.kristdemokraterna.se\/helsingborg\/files\/2012\/03\/birgitta_2-150x150.jpg","type":"","width":"","height":""}],"twitter_card":"summary_large_image","schema":{"@context":"https:\/\/schema.org","@graph":[{"@type":"WebPage","@id":"https:\/\/wp.kristdemokraterna.se\/helsingborg\/styrelsen\/","url":"https:\/\/wp.kristdemokraterna.se\/helsingborg\/styrelsen\/","name":"Styrelse, Kristdemokraterna Helsingborg - Kristdemokraterna | Helsingborg","isPartOf":{"@id":"https:\/\/wp.kristdemokraterna.se\/helsingborg\/#website"},"primaryImageOfPage":{"@id":"https:\/\/wp.kristdemokraterna.se\/helsingborg\/styrelsen\/#primaryimage"},"image":{"@id":"https:\/\/wp.kristdemokraterna.se\/helsingborg\/styrelsen\/#primaryimage"},"thumbnailUrl":"http:\/\/wp.kristdemokraterna.se\/helsingborg\/files\/2012\/03\/birgitta_2-150x150.jpg","datePublished":"2012-03-08T19:30:06+00:00","breadcrumb":{"@id":"https:\/\/wp.kristdemokraterna.se\/helsingborg\/styrelsen\/#breadcrumb"},"inLanguage":"sv-SE","potentialAction":[{"@type":"ReadAction","target":["https:\/\/wp.kristdemokraterna.se\/helsingborg\/styrelsen\/"]}]},{"@type":"ImageObject","inLanguage":"sv-SE","@id":"https:\/\/wp.kristdemokraterna.se\/helsingborg\/styrelsen\/#primaryimage","url":"https:\/\/wp.kristdemokraterna.se\/helsingborg\/files\/2012\/03\/birgitta_2-scaled.jpg","contentUrl":"https:\/\/wp.kristdemokraterna.se\/helsingborg\/files\/2012\/03\/birgitta_2-scaled.jpg","width":1997,"height":2560},{"@type":"BreadcrumbList","@id":"https:\/\/wp.kristdemokraterna.se\/helsingborg\/styrelsen\/#breadcrumb","itemListElement":[{"@type":"ListItem","position":1,"name":"Hem","item":"https:\/\/wp.kristdemokraterna.se\/helsingborg\/"},{"@type":"ListItem","position":2,"name":"Styrelse, Kristdemokraterna Helsingborg"}]},{"@type":"WebSite","@id":"https:\/\/wp.kristdemokraterna.se\/helsingborg\/#website","url":"https:\/\/wp.kristdemokraterna.se\/helsingborg\/","name":"Kristdemokraterna | Helsingborg","description":"\u00c4nnu en webbplats hos Kristdemokraterna","inLanguage":"sv-SE"}]}},"_links":{"self":[{"href":"https:\/\/wp.kristdemokraterna.se\/helsingborg\/wp-json\/wp\/v2\/pages\/10","targetHints":{"allow":["GET"]}}],"collection":[{"href":"https:\/\/wp.kristdemokraterna.se\/helsingborg\/wp-json\/wp\/v2\/pages"}],"about":[{"href":"https:\/\/wp.kristdemokraterna.se\/helsingborg\/wp-json\/wp\/v2\/types\/page"}],"author":[{"embeddable":true,"href":"https:\/\/wp.kristdemokraterna.se\/helsingborg\/wp-json\/wp\/v2\/users\/929"}],"replies":[{"embeddable":true,"href":"https:\/\/wp.kristdemokraterna.se\/helsingborg\/wp-json\/wp\/v2\/comments?post=10"}],"version-history":[{"count":0,"href":"https:\/\/wp.kristdemokraterna.se\/helsingborg\/wp-json\/wp\/v2\/pages\/10\/revisions"}],"wp:attachment":[{"href":"https:\/\/wp.kristdemokraterna.se\/helsingborg\/wp-json\/wp\/v2\/media?parent=10"}],"curies":[{"name":"wp","href":"https:\/\/api.w.org\/{rel}","templated":true}]}}